000
CXUS55 KPIH 311200
CF6IDA
PRELIMINARY LOCAL CLIMATOLOGICAL DATA (WS FORM: F-6)
STATION: IDAHO FALLS ID
MONTH: AUGUST
YEAR: 2020
LATITUDE: 43 31 N
LONGITUDE: 112 4 W
TEMPERATURE IN F: :PCPN: SNOW: WIND :SUNSHINE: SKY :PK WND
================================================================================
1 2 3 4 5 6A 6B 7 8 9 10 11 12 13 14 15 16 17 18
12Z AVG MX 2MIN
DY MAX MIN AVG DEP HDD CDD WTR SNW DPTH SPD SPD DIR MIN PSBL S-S WX SPD DR
================================================================================
1 98 55 77 8 0 12 0.00 M M 7.1 17 50 M M 2 23 50
2 98 51 75 6 0 10 0.00 M M 5.2 10 190 M M 0 15 170
3 92 53 73 4 0 8 0.00 M M 11.8 22 210 M M 1 27 200
4 87 47 67 -2 0 2 0.00 M M 5.4 14 210 M M 0 19 210
5 94 45 70 1 0 5 T M M 4.2 21 180 M M 1 8 26 160
6 92 56 74 5 0 9 0.00 M M 11.1 21 220 M M 2 28 180
7 84 60 72 3 0 7 0.00 M M 17.1 28 210 M M 0 32 190
8 86 50 68 0 0 3 0.00 M M 12.8 24 210 M M 0 30 210
9 88 50 69 1 0 4 0.00 M M 10.8 26 220 M M 0 33 230
10 85 48 67 -1 0 2 0.00 M M 10.1 18 210 M M 0 24 210
11 89 47 68 0 0 3 0.00 M M 11.2 24 200 M M 1 29 200
12 87 61 74 6 0 9 0.00 M M 15.0 31 230 M M 1 38 220
13 85 59 72 4 0 7 0.00 M M 16.9 33 220 M M 1 42 240
14 83 42 63 -5 2 0 0.00 M M 8.5 21 200 M M 0 28 180
15 87 42 65 -2 0 0 0.00 M M 6.4 15 200 M M 0 22 200
16 94 44 69 2 0 4 0.00 M M 3.9 10 340 M M 0 13 340
17 97 48 73 6 0 8 0.00 M M 5.2 14 210 M M 0 17 230
18 95 55 75 8 0 10 0.00 M M 8.3 18 190 M M 1 3 23 330
19 93 59 76 9 0 11 T M M 9.1 16 200 M M 2 21 210
20 88 52 70 4 0 5 0.00 M M 10.1 25 240 M M 3 8 31 240
21 88 45 67 1 0 2 0.00 M M 4.8 15 210 M M 5 18 17 210
22 90 46 68 2 0 3 0.00 M M 8.1 17 210 M M 8 18 20 180
23 91 47 69 3 0 4 0.00 M M 3.5 14 200 M M 5 18 17 210
24 89 48 69 4 0 4 T M M 5.6 15 190 M M 2 18 21 120
25 88 58 73 8 0 8 0.03 M M 7.4 32 230 M M 4 8 43 220
26 87 50 69 4 0 4 0.21 M M 5.8 31 340 M M 3 38 39 280
27 82 54 68 3 0 3 0.01 M M 9.7 28 10 M M 3 3 37 360
28 85 47 66 2 0 1 0.00 M M 5.3 13 30 M M 0 15 10
29 88 50 69 5 0 4 0.00 M M 11.4 28 220 M M 1 34 220
30 79 52 66 2 0 1 0.00 M M 16.5 30 220 M M 0 37 200
================================================================================
SM 2669 1521 2 153 0.25 M 268.3 M 46
================================================================================
AV 89.0 50.7 8.9 FASTST M M 2 MAX(MPH)
MISC ----> # 33 220 # 43 220
================================================================================
NOTES:
# LAST OF SEVERAL OCCURRENCES
PRECIPITATION SUSPECT DURING FREEZING/FROZEN EVENTS
COLUMN 17 PEAK WIND IN M.P.H.
PRELIMINARY LOCAL CLIMATOLOGICAL DATA (WS FORM: F-6) , PAGE 2
STATION: IDAHO FALLS ID
MONTH: AUGUST
YEAR: 2020
LATITUDE: 43 31 N
LONGITUDE: 112 4 W
[TEMPERATURE DATA] [PRECIPITATION DATA] SYMBOLS USED IN COLUMN 16
AVERAGE MONTHLY: 69.8 TOTAL FOR MONTH: 0.25 1 = FOG OR MIST
DPTR FM NORMAL: 2.8 DPTR FM NORMAL: -0.27 2 = FOG REDUCING VISIBILITY
HIGHEST: 98 ON 2, 1 GRTST 24HR 0.21 ON 26-26 TO 1/4 MILE OR LESS
LOWEST: 42 ON 15,14 3 = THUNDER
SNOW, ICE PELLETS, HAIL 4 = ICE PELLETS
TOTAL MONTH: M 5 = HAIL
GRTST 24HR M ON M 6 = FREEZING RAIN OR DRIZZLE
GRTST DEPTH: M ON M 7 = DUSTSTORM OR SANDSTORM:
VSBY 1/2 MILE OR LESS
8 = SMOKE OR HAZE
[NO. OF DAYS WITH] [WEATHER - DAYS WITH] 9 = BLOWING SNOW
X = TORNADO
MAX 32 OR BELOW: 0 0.01 INCH OR MORE: 3
MAX 90 OR ABOVE: 11 0.10 INCH OR MORE: 1
MIN 32 OR BELOW: 0 0.50 INCH OR MORE: 0
MIN 0 OR BELOW: 0 1.00 INCH OR MORE: 0
[HDD (BASE 65) ]
TOTAL THIS MO. 2 CLEAR (SCALE 0-3) 26
DPTR FM NORMAL -32 PTCLDY (SCALE 4-7) 3
TOTAL FM JUL 1 27 CLOUDY (SCALE 8-10) 1
DPTR FM NORMAL -34
[CDD (BASE 65) ]
TOTAL THIS MO. 153
DPTR FM NORMAL 59 [PRESSURE DATA]
TOTAL FM JAN 1 269 HIGHEST SLP M ON M
DPTR FM NORMAL 20 LOWEST SLP 29.60 ON 6
[REMARKS]