000
CXUS53 KUNR 010945
CF6IEN
PRELIMINARY LOCAL CLIMATOLOGICAL DATA (WS FORM: F-6)
STATION: PINE RIDGE SD
MONTH: MARCH
YEAR: 2020
LATITUDE: 43 1 N
LONGITUDE: 102 31 W
TEMPERATURE IN F: :PCPN: SNOW: WIND :SUNSHINE: SKY :PK WND
================================================================================
1 2 3 4 5 6A 6B 7 8 9 10 11 12 13 14 15 16 17 18
12Z AVG MX 2MIN
DY MAX MIN AVG DEP HDD CDD WTR SNW DPTH SPD SPD DIR MIN PSBL S-S WX SPD DR
================================================================================
1 45 23 34 3 31 0 T M M 5.2 20 20 M M 6 32 330
2 46 22 34 3 31 0 0.00 M M 10.7 26 280 M M 3 39 250
3 54 28 41 9 24 0 0.01 M M 9.8 36 300 M M 4 52 310
4 62 23 43 11 22 0 T M M 9.8 29 350 M M 2 53 350
5 50 26 38 6 27 0 0.00 M M 8.7 24 300 M M 3 38 280
6 70 33 52 19 13 0 0.00 M M 10.4 22 190 M M 0 35 190
7 73 33 53 20 12 0 0.00 M M 7.4 25 240 M M 0 36 240
8 68 30 49 15 16 0 0.00 M M 8.5 26 300 M M 2 37 270
9 57 25 41 7 24 0 0.00 M M 3.2 10 80 M M 4 15 190
10 53 30 42 8 23 0 0.00 M M 6.8 15 300 M M 2 23 320
11 68 27 48 13 17 0 0.00 M M 12.4 29 340 M M 0 43 350
12 44 17 31 -4 34 0 T M M 11.1 29 360 M M 7 44 360
13 37 15 26 -9 39 0 0.10 M M 7.8 25 130 M M 7 1 39 140
14 33 28 31 -5 34 0 0.04 M M 13.0 25 150 M M 10 1 35 140
15 41 30 36 0 29 0 0.00 M M 13.9 26 190 M M 10 41 180
16 37 26 32 -5 33 0 T M M 6.1 16 10 M M 10 18 23 10
17 49 30 40 3 25 0 0.00 M M 12.1 26 190 M M 6 39 210
18 42 30 36 -1 29 0 T M M 5.9 13 30 M M 9 128 22 120
19 39 15 27 -11 38 0 0.01 M M 13.1 29 10 M M 10 1 40 350
20 28 8 18 -20 47 0 0.00 M M 7.3 16 200 M M 3 8 24 200
21 58 24 41 3 24 0 0.00 M M 10.6 20 200 M M 2 28 200
22 56 24 40 1 25 0 0.00 M M 6.4 15 80 M M 1 23 60
23 64 22 43 4 22 0 T M M 6.9 28 280 M M 2 43 190
24 68 28 48 9 17 0 T M M 8.6 24 300 M M 2 35 300
25 52 34 43 3 22 0 0.02 M M 7.0 17 80 M M 8 1 24 80
26 57 29 43 3 22 0 0.03 M M 5.9 17 60 M M 7 1 23 70
27 50 29 40 0 25 0 0.49 M M 7.4 18 20 M M 9 1 24 30
28 54 30 42 2 23 0 0.13 M M 9.7 23 350 M M 8 1 34 10
29 61 28 45 4 20 0 0.00 M M 6.1 17 300 M M 4 24 270
30 63 36 50 9 15 0 0.00 M M 11.7 22 150 M M 2 32 170
31 70 36 53 12 12 0 0.00 M M 9.6 24 300 M M 2 36 290
================================================================================
SM 1649 819 775 0 0.83 M 273.1 M 145
================================================================================
AV 53.2 26.4 8.8 FASTST M M 5 MAX(MPH)
MISC ----> # 36 300 # 53 350
================================================================================
NOTES:
# LAST OF SEVERAL OCCURRENCES
COLUMN 17 PEAK WIND IN M.P.H.
PRELIMINARY LOCAL CLIMATOLOGICAL DATA (WS FORM: F-6) , PAGE 2
STATION: PINE RIDGE SD
MONTH: MARCH
YEAR: 2020
LATITUDE: 43 1 N
LONGITUDE: 102 31 W
[TEMPERATURE DATA] [PRECIPITATION DATA] SYMBOLS USED IN COLUMN 16
AVERAGE MONTHLY: 39.8 TOTAL FOR MONTH: 0.83 1 = FOG OR MIST
DPTR FM NORMAL: 3.4 DPTR FM NORMAL: -0.04 2 = FOG REDUCING VISIBILITY
HIGHEST: 73 ON 7 GRTST 24HR 0.49 ON 27-27 TO 1/4 MILE OR LESS
LOWEST: 8 ON 20 3 = THUNDER
SNOW, ICE PELLETS, HAIL 4 = ICE PELLETS
TOTAL MONTH: M 5 = HAIL
GRTST 24HR M ON M 6 = FREEZING RAIN OR DRIZZLE
GRTST DEPTH: M ON M 7 = DUSTSTORM OR SANDSTORM:
VSBY 1/2 MILE OR LESS
8 = SMOKE OR HAZE
[NO. OF DAYS WITH] [WEATHER - DAYS WITH] 9 = BLOWING SNOW
X = TORNADO
MAX 32 OR BELOW: 1 0.01 INCH OR MORE: 8
MAX 90 OR ABOVE: 0 0.10 INCH OR MORE: 3
MIN 32 OR BELOW: 26 0.50 INCH OR MORE: 0
MIN 0 OR BELOW: 0 1.00 INCH OR MORE: 0
[HDD (BASE 65) ]
TOTAL THIS MO. 775 CLEAR (SCALE 0-3) 14
DPTR FM NORMAL -113 PTCLDY (SCALE 4-7) 10
TOTAL FM JUL 1 6024 CLOUDY (SCALE 8-10) 7
DPTR FM NORMAL -214
[CDD (BASE 65) ]
TOTAL THIS MO. 0
DPTR FM NORMAL 0 [PRESSURE DATA]
TOTAL FM JAN 1 0 HIGHEST SLP 30.69 ON 20
DPTR FM NORMAL 0 LOWEST SLP 29.58 ON 11
[REMARKS]
#FINAL-03-20#