000
CXUS53 KILX 011752
CLSILX
CLIMATE REPORT
NATIONAL WEATHER SERVICE LINCOLN IL
1152 AM CST FRI DEC 01 2023
...................................
...THE LINCOLN IL CLIMATE SUMMARY FOR THE SEASON, FROM
9/1/2023 TO 11/30/2023...
CLIMATE NORMAL PERIOD 1991 TO 2020
CLIMATE RECORD PERIOD 1905 TO 2023
WEATHER OBSERVED NORMAL DEPART LAST YEAR`S
VALUE DATE(S) VALUE FROM VALUE
NORMAL
..............................................................
TEMPERATURE (F)
RECORD
HIGH 104 09/06/1954
LOW -3 11/30/1964
11/28/1930
HIGHEST 90 09/04 MM MM 94
LOWEST 12 11/28 MM MM 14
AVG. MAXIMUM 66.6 65.6 1.0 65.6
AVG. MINIMUM 43.4 42.4 1.0 40.7
MEAN 55.0 54.0 1.0 53.2
DAYS MAX >= 90 1 3.7 -2.7 MM
DAYS MAX <= 32 1 1.4 -0.4 MM
DAYS MIN <= 32 21 22.5 -1.5 MM
DAYS MIN <= 0 0 0.0 0.0 MM
PRECIPITATION (INCHES)
RECORD
MAXIMUM 22.14 1926
MINIMUM 1.93 1908
TOTALS 8.17 9.60 -1.43 7.84
DAILY AVG. 0.09 0.09
DAYS >= .01 23 27.2 -4.2 MM
DAYS >= .10 16 17.2 -1.2 MM
DAYS >= .50 5 6.6 -1.6 MM
DAYS >= 1.00 3 2.1 0.9 MM
GREATEST
24 HR. TOTAL 1.84 1.39
SNOWFALL (INCHES)
RECORDS
TOTAL 10.0 1926
24 HR TOTAL 7.0 11/17/1926 TO 11/17/1926
TOTALS 1.8 0.7 1.1 0.8
DAYS >= TRACE 1 0.8 0.2 MM
DAYS >= 1.0 1 0.3 0.7 MM
GREATEST
SNOW DEPTH 1 11/26 0
24 HR TOTAL 1.8 11/26 TO 11/26 0.6
DEGREE DAYS
HEATING TOTAL 1015 1135 -120 1173
SINCE 7/1 1020 1145 -125 MM
COOLING TOTAL 127 135 -8 117
SINCE 1/1 897 1014 -117 MM
FREEZE DATES
RECORD
EARLIEST 09/11/1917
LATEST 05/29/1925
EARLIEST 10/30
LATEST 04/26
..............................................................
SKY COVER
POSSIBLE SUNSHINE (PERCENT) MM
WEATHER CONDITIONS. NUMBER OF DAYS WITH
THUNDERSTORM 9 MIXED PRECIP 0
HEAVY RAIN 8 RAIN 16
LIGHT RAIN 31 FREEZING RAIN 0
LT FREEZING RAIN 0 HAIL 0
HEAVY SNOW 0 SNOW 0
LIGHT SNOW 1 SLEET 0
FOG 19 FOG W/VIS <= 1/4 MILE 4
HAZE 0
- INDICATES NEGATIVE NUMBERS.
R INDICATES RECORD WAS SET OR TIED.
MM INDICATES DATA IS MISSING.
T INDICATES TRACE AMOUNT.
$$