000
CXUS54 KFWD 070343
CF6INJ
PRELIMINARY LOCAL CLIMATOLOGICAL DATA (WS FORM: F-6)
STATION: HILLSBORO
MONTH: NOVEMBER
YEAR: 2020
LATITUDE: 32 0 N
LONGITUDE: 97 6 W
TEMPERATURE IN F: :PCPN: SNOW: WIND :SUNSHINE: SKY :PK WND
================================================================================
1 2 3 4 5 6A 6B 7 8 9 10 11 12 13 14 15 16 17 18
12Z AVG MX 2MIN
DY MAX MIN AVG DEP HDD CDD WTR SNW DPTH SPD SPD DIR MIN PSBL S-S WX SPD DR
================================================================================
1 75 44 60 -3 5 0 0.00 M M 8.2 20 40 M M 0 27 40
2 73 39 56 -6 9 0 0.00 M M 4.9 10 40 M M 0 16 110
3 77 43 60 -2 5 0 0.00 M M 7.0 12 160 M M 0 18 200
4 77 49 63 1 2 0 0.00 M M 11.0 17 180 M M 0 23 180
5 78 56 67 6 0 2 0.00 M M 10.2 17 170 M M 3 20 180
6 78 61 70 9 0 5 0.00 M M 9.4 16 150 M M 5 1 17 160
7 78 51 65 5 0 0 0.00 M M 6.8 10 120 M M 0 16 130
8 73 57 65 5 0 0 0.00 M M 9.4 16 130 M M 4 1 20 130
9 81 63 72 12 0 7 0.00 M M 12.6 17 170 M M 5 1 22 170
10 80 57 69 10 0 4 0.00 M M 9.8 21 170 M M 5 23 170
11 78 47 63 4 2 0 0.00 M M 6.4 14 60 M M 0 8 17 50
12 82 54 68 10 0 3 0.00 M M 8.2 15 180 M M 2 21 180
13 77 57 67 9 0 2 0.00 M M 5.8 13 350 M M 3 M M
14 83 66 75 17 0 10 0.00 M M 13.6 25 200 M M 5 33 190
15 69 39 54 -3 11 0 0.00 M M 9.7 28 340 M M 0 8 39 340
16 72 35 54 -3 11 0 0.00 M M 3.8 12 140 M M 0 M M
17 74 37 56 0 9 0 0.00 M M 4.0 9 120 M M 0 M M
18 74 46 60 4 5 0 0.00 M M 9.9 17 170 M M 0 21 170
19 78 55 67 12 0 2 0.00 M M 13.7 21 170 M M 4 27 170
20 76 60 68 13 0 3 0.00 M M 10.3 17 180 M M 6 1 17 180
21 79 63 71 16 0 6 0.00 M M 6.4 12 190 M M 7 1 16 190
22 69 50 60 6 5 0 0.00 M M 9.7 18 350 M M 8 24 340
23 60 48 54 0 11 0 0.00 M M 7.6 14 140 M M 9 20 140
24 75 54 65 12 0 0 M M M 13.6 22 300 M M 8 1 30 300
25 64 42 53 0 12 0 0.00 M M 6.1 17 320 M M 1 8 23 320
26 73 43 58 5 7 0 0.00 M M 7.4 14 180 M M 0 16 160
27 64 53 59 7 6 0 M M M 7.2 16 360 M M 8 1 20 360
28 58 48 53 1 12 0 M M M 8.2 14 300 M M 10 20 50
29 52 42 47 -5 18 0 M M M 12.2 21 330 M M 7 30 330
30 52 30 41 -10 24 0 0.00 M M 10.9 20 330 M M 0 29 330
================================================================================
SM 2179 1489 154 44 0.00 M 264.0 M 100
================================================================================
AV 72.6 49.6 8.8 FASTST M M 3 MAX(MPH)
MISC ----> 28 340 39 340
================================================================================
NOTES:
# LAST OF SEVERAL OCCURRENCES
COLUMN 17 PEAK WIND IN M.P.H.
PRELIMINARY LOCAL CLIMATOLOGICAL DATA (WS FORM: F-6) , PAGE 2
STATION: HILLSBORO
MONTH: NOVEMBER
YEAR: 2020
LATITUDE: 32 0 N
LONGITUDE: 97 6 W
[TEMPERATURE DATA] [PRECIPITATION DATA] SYMBOLS USED IN COLUMN 16
AVERAGE MONTHLY: 61.1 TOTAL FOR MONTH: 0.00 1 = FOG OR MIST
DPTR FM NORMAL: 4.2 DPTR FM NORMAL: -2.84 2 = FOG REDUCING VISIBILITY
HIGHEST: 83 ON 14 GRTST 24HR 0.00 ON 1- 1 TO 1/4 MILE OR LESS
LOWEST: 30 ON 30 3 = THUNDER
SNOW, ICE PELLETS, HAIL 4 = ICE PELLETS
TOTAL MONTH: M 5 = HAIL
GRTST 24HR M ON M 6 = FREEZING RAIN OR DRIZZLE
GRTST DEPTH: M ON M 7 = DUSTSTORM OR SANDSTORM:
VSBY 1/2 MILE OR LESS
8 = SMOKE OR HAZE
[NO. OF DAYS WITH] [WEATHER - DAYS WITH] 9 = BLOWING SNOW
X = TORNADO
MAX 32 OR BELOW: 0 0.01 INCH OR MORE: 0
MAX 90 OR ABOVE: 0 0.10 INCH OR MORE: 0
MIN 32 OR BELOW: 1 0.50 INCH OR MORE: 0
MIN 0 OR BELOW: 0 1.00 INCH OR MORE: 0
[HDD (BASE 65) ]
TOTAL THIS MO. 154 CLEAR (SCALE 0-3) 15
DPTR FM NORMAL -118 PTCLDY (SCALE 4-7) 13
TOTAL FM JUL 1 283 CLOUDY (SCALE 8-10) 2
DPTR FM NORMAL -63
[CDD (BASE 65) ]
TOTAL THIS MO. 44
DPTR FM NORMAL 15 [PRESSURE DATA]
TOTAL FM JAN 1 2731 HIGHEST SLP M ON M
DPTR FM NORMAL 193 LOWEST SLP M ON M
[REMARKS]
#FINAL-11-20#