000
CXUS54 KMAF 011510
CF6INK
PRELIMINARY LOCAL CLIMATOLOGICAL DATA (WS FORM: F-6)
STATION: WINK
MONTH: AUGUST
YEAR: 2020
LATITUDE: 31 46 N
LONGITUDE: 103 12 W
TEMPERATURE IN F: :PCPN: SNOW: WIND :SUNSHINE: SKY :PK WND
================================================================================
1 2 3 4 5 6A 6B 7 8 9 10 11 12 13 14 15 16 17 18
12Z AVG MX 2MIN
DY MAX MIN AVG DEP HDD CDD WTR SNW DPTH SPD SPD DIR MIN PSBL S-S WX SPD DR
================================================================================
1 102 71 87 3 0 22 0.00 M M 6.3 16 60 M M 1 27 20
2 103 71 87 3 0 22 T M M 8.8 41 360 M M 0 38 52 350
3 96 70 83 -1 0 18 T M M 8.4 30 360 M M 2 39 20
4 105 72 89 5 0 24 0.02 M M 10.4 18 160 M M 1 24 150
5 107 77 92 8 0 27 0.00 M M 13.4 22 150 M M 0 27 150
6 105 77 91 8 0 26 0.00 M M 13.8 24 150 M M 0 31 160
7 104 77 91 8 0 26 0.00 M M 13.3 24 140 M M 0 31 160
8 102 77 90 7 0 25 0.00 M M 13.6 24 130 M M 0 30 130
9 103 75 89 6 0 24 0.00 M M 14.1 23 140 M M 0 31 140
10 104 76 90 7 0 25 0.00 M M 13.7 28 180 M M 0 3 35 190
11 105 76 91 8 0 26 0.00 M M 13.4 22 140 M M 0 27 160
12 108 77 93 10 0 28 0.00 M M 12.8 23 150 M M 0 30 150
13 108 76 92 9 0 27 0.00 M M 10.5 23 150 M M 0 29 150
14 109 79 94 11 0 29 0.00 M M 7.1 20 160 M M 1 29 160
15 106 83 95 12 0 30 T M M 8.6 24 30 M M 1 3 31 30
16 97 78 88 5 0 23 T M M 9.8 22 60 M M 2 30 50
17 95 72 84 1 0 19 0.00 M M 8.8 24 130 M M 0 38 30 120
18 98 66 82 -1 0 17 0.00 M M 6.9 16 80 M M 1 20 110
19 100 66 83 0 0 18 0.00 M M 6.8 17 130 M M 0 22 180
20 104 73 89 6 0 24 0.00 M M 9.2 21 130 M M 0 26 120
21 101 73 87 5 0 22 0.00 M M 10.7 22 150 M M 0 28 140
22 102 76 89 7 0 24 0.00 M M 7.9 18 140 M M 1 24 140
23 99 75 87 5 0 22 0.00 M M 10.8 18 140 M M 0 24 120
24 96 72 84 2 0 19 0.00 M M 12.3 21 140 M M 0 28 150
25 97 67 82 0 0 17 0.00 M M 8.3 17 120 M M 0 26 150
26 98 67 83 1 0 18 0.00 M M 5.9 16 140 M M 1 21 130
27 100 67 84 2 0 19 0.00 M M 8.0 17 160 M M 0 21 130
28 105 73 89 8 0 24 0.00 M M 8.6 16 130 M M 0 22 130
29 104 74 89 8 0 24 0.00 M M 12.7 23 150 M M 0 8 33 160
30 105 76 91 10 0 26 0.00 M M 9.0 20 240 M M 1 24 160
31 100 80 90 9 0 25 0.00 M M 9.7 29 330 M M 1 36 330
================================================================================
SM 3168 2289 0 720 0.02 M 313.6 M 13
================================================================================
AV102.2 73.8 10.1 FASTST M M 0 MAX(MPH)
MISC ----> 41 360 52 350
================================================================================
NOTES:
# LAST OF SEVERAL OCCURRENCES
COLUMN 17 PEAK WIND IN M.P.H.
PRELIMINARY LOCAL CLIMATOLOGICAL DATA (WS FORM: F-6) , PAGE 2
STATION: WINK
MONTH: AUGUST
YEAR: 2020
LATITUDE: 31 46 N
LONGITUDE: 103 12 W
[TEMPERATURE DATA] [PRECIPITATION DATA] SYMBOLS USED IN COLUMN 16
AVERAGE MONTHLY: 88.0 TOTAL FOR MONTH: 0.02 1 = FOG OR MIST
DPTR FM NORMAL: 5.4 DPTR FM NORMAL: -1.47 2 = FOG REDUCING VISIBILITY
HIGHEST: 109 ON 14 GRTST 24HR 0.02 ON 4- 4 TO 1/4 MILE OR LESS
LOWEST: 66 ON 19,18 3 = THUNDER
SNOW, ICE PELLETS, HAIL 4 = ICE PELLETS
TOTAL MONTH: 0.0 INCH 5 = HAIL
GRTST 24HR M ON M 6 = FREEZING RAIN OR DRIZZLE
GRTST DEPTH: 0 7 = DUSTSTORM OR SANDSTORM:
VSBY 1/2 MILE OR LESS
8 = SMOKE OR HAZE
[NO. OF DAYS WITH] [WEATHER - DAYS WITH] 9 = BLOWING SNOW
X = TORNADO
MAX 32 OR BELOW: 0 0.01 INCH OR MORE: 1
MAX 90 OR ABOVE: 31 0.10 INCH OR MORE: 0
MIN 32 OR BELOW: 0 0.50 INCH OR MORE: 0
MIN 0 OR BELOW: 0 1.00 INCH OR MORE: 0
[HDD (BASE 65) ]
TOTAL THIS MO. 0 CLEAR (SCALE 0-3) 31
DPTR FM NORMAL 0 PTCLDY (SCALE 4-7) 0
TOTAL FM JUL 1 0 CLOUDY (SCALE 8-10) 0
DPTR FM NORMAL 0
[CDD (BASE 65) ]
TOTAL THIS MO. 720
DPTR FM NORMAL 173 [PRESSURE DATA]
TOTAL FM JAN 1 2628 HIGHEST SLP 30.13 ON 17
DPTR FM NORMAL 549 LOWEST SLP 29.51 ON 30
[REMARKS]
#FINAL-08-20#