000
CXUS53 KEAX 010736
CF6IRK
PRELIMINARY LOCAL CLIMATOLOGICAL DATA (WS FORM: F-6)
STATION: KIRKSVILLE MO
MONTH: MAY
YEAR: 2022
LATITUDE: 40 5 N
LONGITUDE: 92 33 W
TEMPERATURE IN F: :PCPN: SNOW: WIND :SUNSHINE: SKY :PK WND
================================================================================
1 2 3 4 5 6A 6B 7 8 9 10 11 12 13 14 15 16 17 18
12Z AVG MX 2MIN
DY MAX MIN AVG DEP HDD CDD WTR SNW DPTH SPD SPD DIR MIN PSBL S-S WX SPD DR
================================================================================
1 63 44 54 -3 11 0 0.00 M M 12.1 25 280 M M 7 35 280
2 56 37 47 -10 18 0 0.75 M M 8.3 22 90 M M 4 18 33 100
3 54 47 51 -7 14 0 0.06 M M 10.6 18 340 M M 10 18 26 310
4 56 47 52 -6 13 0 0.00 M M 8.2 16 110 M M 9 22 110
5 58 52 55 -3 10 0 0.21 M M 9.9 18 80 M M 10 1 26 80
6 66 47 57 -2 8 0 0.00 M M 10.4 18 10 M M 7 1 27 350
7 70 40 55 -4 10 0 0.00 M M 8.9 17 130 M M 0 1 23 140
8 71 55 63 4 2 0 0.00 M M 15.6 29 140 M M 6 38 130
9 90 62 76 16 0 11 0.00 M M 16.1 28 190 M M 2 39 170
10 88 71 80 20 0 15 0.00 M M 9.9 18 170 M M 9 18 25 170
11 89 65 77 17 0 12 0.00 M M 8.8 21 160 M M 2 18 27 160
12 91 68 80 19 0 15 0.00 M M 10.1 18 190 M M 0 26 170
13 86 61 74 13 0 9 0.00 M M 6.7 23 320 M M 1 38 300
14 87 57 72 11 0 7 0.00 M M 4.5 16 320 M M 1 22 340
15 74 48 61 -1 4 0 0.06 M M 7.1 29 330 M M 4 13 47 330
16 80 49 65 3 0 0 0.00 M M 7.5 16 280 M M 1 26 280
17 84 50 67 5 0 2 0.37 M M 7.0 20 320 M M 2 13 28 320
18 77 58 68 5 0 3 0.00 M M 5.8 14 280 M M 3 1 20 300
19 83 55 69 6 0 4 0.00 M M 9.1 20 170 M M 0 12 27 160
20 75 57 66 3 0 1 0.01 M M 9.0 16 350 M M 8 3 22 200
21 61 45 53 -11 12 0 0.10 M M 9.6 17 360 M M 7 13 22 350
22 66 40 53 -11 12 0 0.00 M M 7.3 20 360 M M 0 26 20
23 68 42 55 -9 10 0 0.00 M M 6.9 15 110 M M 4 23 80
24 67 53 60 -5 5 0 0.42 M M 10.9 21 100 M M 10 1 32 100
25 74 58 66 1 0 1 0.33 M M 9.3 25 130 M M 8 1 36 140
26 71 50 61 -5 4 0 0.07 M M 8.9 23 340 M M 6 13 33 330
27 74 52 63 -3 2 0 0.00 M M 8.3 17 330 M M 4 8 26 310
28 79 49 64 -2 1 0 0.00 M M 11.6 21 170 M M 0 29 170
29 87 63 75 8 0 10 0.00 M M 16.3 26 160 M M 0 36 170
30 86 67 77 10 0 12 0.00 M M 16.8 28 170 M M 3 39 170
31 77 66 72 5 0 7 0.16 M M 7.3 20 280 M M 7 13 32 300
================================================================================
SM 2308 1655 136 109 2.54 M 298.8 M 135
================================================================================
AV 74.5 53.4 9.6 FASTST M M 4 MAX(MPH)
MISC ----> # 29 140 47 330
================================================================================
NOTES:
# LAST OF SEVERAL OCCURRENCES
COLUMN 17 PEAK WIND IN M.P.H.
PRELIMINARY LOCAL CLIMATOLOGICAL DATA (WS FORM: F-6) , PAGE 2
STATION: KIRKSVILLE MO
MONTH: MAY
YEAR: 2022
LATITUDE: 40 5 N
LONGITUDE: 92 33 W
[TEMPERATURE DATA] [PRECIPITATION DATA] SYMBOLS USED IN COLUMN 16
AVERAGE MONTHLY: 63.9 TOTAL FOR MONTH: 2.54 1 = FOG OR MIST
DPTR FM NORMAL: 1.8 DPTR FM NORMAL: -2.48 2 = FOG REDUCING VISIBILITY
HIGHEST: 91 ON 12 GRTST 24HR 0.81 ON 2- 3 TO 1/4 MILE OR LESS
LOWEST: 37 ON 2 3 = THUNDER
SNOW, ICE PELLETS, HAIL 4 = ICE PELLETS
TOTAL MONTH: M 5 = HAIL
GRTST 24HR M ON M 6 = FREEZING RAIN OR DRIZZLE
GRTST DEPTH: M ON M 7 = DUSTSTORM OR SANDSTORM:
VSBY 1/2 MILE OR LESS
8 = SMOKE OR HAZE
[NO. OF DAYS WITH] [WEATHER - DAYS WITH] 9 = BLOWING SNOW
X = TORNADO
MAX 32 OR BELOW: 0 0.01 INCH OR MORE: 11
MAX 90 OR ABOVE: 2 0.10 INCH OR MORE: 7
MIN 32 OR BELOW: 0 0.50 INCH OR MORE: 1
MIN 0 OR BELOW: 0 1.00 INCH OR MORE: 0
[HDD (BASE 65) ]
TOTAL THIS MO. 136 CLEAR (SCALE 0-3) 13
DPTR FM NORMAL -20 PTCLDY (SCALE 4-7) 13
TOTAL FM JUL 1 5477 CLOUDY (SCALE 8-10) 5
DPTR FM NORMAL -253
[CDD (BASE 65) ]
TOTAL THIS MO. 109
DPTR FM NORMAL 45 [PRESSURE DATA]
TOTAL FM JAN 1 118 HIGHEST SLP M ON M
DPTR FM NORMAL 44 LOWEST SLP 29.35 ON 20
[REMARKS]
#FINAL-05-22#