000
CXUS55 KEAX 010736
CF6IRK
PRELIMINARY LOCAL CLIMATOLOGICAL DATA (WS FORM: F-6)
STATION: KIRKSVILLE MO
MONTH: MARCH
YEAR: 2021
LATITUDE: 40 5 N
LONGITUDE: 92 33 W
TEMPERATURE IN F: :PCPN: SNOW: WIND :SUNSHINE: SKY :PK WND
================================================================================
1 2 3 4 5 6A 6B 7 8 9 10 11 12 13 14 15 16 17 18
12Z AVG MX 2MIN
DY MAX MIN AVG DEP HDD CDD WTR SNW DPTH SPD SPD DIR MIN PSBL S-S WX SPD DR
================================================================================
1 50 19 35 1 30 0 0.00 M M 6.7 15 30 M M 0 19 300
2 56 21 39 4 26 0 0.00 M M 9.8 22 210 M M 0 30 210
3 66 37 52 17 13 0 0.00 M M 6.3 14 230 M M 0 20 220
4 61 35 48 12 17 0 0.00 M M 10.3 18 80 M M 0 25 80
5 52 29 41 5 24 0 0.00 M M 8.2 15 110 M M 4 21 110
6 61 31 46 10 19 0 0.00 M M 7.2 16 220 M M 2 22 210
7 67 35 51 14 14 0 0.00 M M 11.0 24 200 M M 0 35 200
8 70 47 59 22 6 0 0.00 M M 10.9 20 210 M M 0 32 240
9 74 40 57 19 8 0 0.00 M M 16.0 30 190 M M 1 41 170
10 72 49 61 23 4 0 0.29 M M 20.4 35 210 M M 7 13 50 190
11 57 36 47 8 18 0 0.00 M M 7.0 15 350 M M 1 20 350
12 52 32 42 3 23 0 0.00 M M 7.8 16 70 M M 3 23 80
13 60 40 50 10 15 0 0.00 M M 10.6 17 110 M M 5 25 90
14 50 40 45 5 20 0 0.41 M M 16.9 29 90 M M 10 18 42 110
15 40 37 39 -1 26 0 0.30 M M 11.2 20 80 M M 10 12 26 80
16 45 37 41 0 24 0 0.00 M M 8.0 15 110 M M 10 1 21 80
17 43 35 39 -2 26 0 0.93 M M 16.0 30 10 M M 10 13 40 20
18 50 35 43 1 22 0 0.31 M M 19.0 30 10 M M 7 1 43 340
19 50 29 40 -2 25 0 0.00 M M 8.1 16 70 M M 0 21 80
20 59 28 44 2 21 0 0.00 M M 8.9 17 140 M M 0 24 140
21 68 38 53 10 12 0 0.00 M M 14.3 30 180 M M 0 42 170
22 68 48 58 15 7 0 0.00 M M 9.0 21 150 M M 3 26 160
23 62 48 55 11 10 0 0.61 M M 13.0 32 130 M M 10 138 40 130
24 51 42 47 3 18 0 0.00 M M 11.8 18 260 M M 10 1 29 240
25 43 39 41 -3 24 0 0.46 M M 8.3 16 10 M M 10 1 21 10
26 57 42 50 5 15 0 0.00 M M 5.2 14 120 M M 7 17 90
27 64 43 54 9 11 0 0.01 M M 10.9 26 310 M M 3 40 310
28 53 36 45 -1 20 0 0.00 M M 12.8 25 310 M M 1 37 310
29 74 36 55 9 10 0 0.00 M M 18.9 30 210 M M 0 48 210
30 59 40 50 4 15 0 0.00 M M 12.6 28 180 M M 5 39 170
31 46 26 36 -11 29 0 0.00 M M 12.5 28 290 M M 1 39 310
================================================================================
SM 1780 1130 552 0 3.32 M 349.6 M 120
================================================================================
AV 57.4 36.5 11.3 FASTST M M 4 MAX(MPH)
MISC ----> 35 210 50 190
================================================================================
NOTES:
# LAST OF SEVERAL OCCURRENCES
COLUMN 17 PEAK WIND IN M.P.H.
PRELIMINARY LOCAL CLIMATOLOGICAL DATA (WS FORM: F-6) , PAGE 2
STATION: KIRKSVILLE MO
MONTH: MARCH
YEAR: 2021
LATITUDE: 40 5 N
LONGITUDE: 92 33 W
[TEMPERATURE DATA] [PRECIPITATION DATA] SYMBOLS USED IN COLUMN 16
AVERAGE MONTHLY: 46.9 TOTAL FOR MONTH: 3.32 1 = FOG OR MIST
DPTR FM NORMAL: 6.2 DPTR FM NORMAL: 0.77 2 = FOG REDUCING VISIBILITY
HIGHEST: 74 ON 29, 9 GRTST 24HR 1.05 ON 17-18 TO 1/4 MILE OR LESS
LOWEST: 19 ON 1 3 = THUNDER
SNOW, ICE PELLETS, HAIL 4 = ICE PELLETS
TOTAL MONTH: M 5 = HAIL
GRTST 24HR M ON M 6 = FREEZING RAIN OR DRIZZLE
GRTST DEPTH: M ON M 7 = DUSTSTORM OR SANDSTORM:
VSBY 1/2 MILE OR LESS
8 = SMOKE OR HAZE
[NO. OF DAYS WITH] [WEATHER - DAYS WITH] 9 = BLOWING SNOW
X = TORNADO
MAX 32 OR BELOW: 0 0.01 INCH OR MORE: 8
MAX 90 OR ABOVE: 0 0.10 INCH OR MORE: 7
MIN 32 OR BELOW: 8 0.50 INCH OR MORE: 2
MIN 0 OR BELOW: 0 1.00 INCH OR MORE: 0
[HDD (BASE 65) ]
TOTAL THIS MO. 552 CLEAR (SCALE 0-3) 17
DPTR FM NORMAL -202 PTCLDY (SCALE 4-7) 7
TOTAL FM JUL 1 5073 CLOUDY (SCALE 8-10) 7
DPTR FM NORMAL -213
[CDD (BASE 65) ]
TOTAL THIS MO. 0
DPTR FM NORMAL 0 [PRESSURE DATA]
TOTAL FM JAN 1 0 HIGHEST SLP M ON M
DPTR FM NORMAL 0 LOWEST SLP 29.45 ON 23
[REMARKS]
#FINAL-03-21#