000
CXUS53 KEAX 010708
CLMIRK
CLIMATE REPORT
NATIONAL WEATHER SERVICE KANSAS CITY/PLEASANT HILL MO
200 AM CDT MON MAY 01 2023
...................................
...THE KIRKSVILLE MO CLIMATE SUMMARY FOR THE MONTH OF APRIL 2023...
CLIMATE NORMAL PERIOD: 1991 TO 2020
CLIMATE RECORD PERIOD: 9999 TO 9999
WEATHER OBSERVED NORMAL DEPART LAST YEAR`S
VALUE DATE(S) VALUE FROM VALUE DATE(S)
NORMAL
................................................................
TEMPERATURE (F)
HIGHEST 87 04/04 82 5 82 04/22
LOWEST 26 04/06 24 2 22 04/01
04/23
AVG. MAXIMUM 66.8 63.3 3.5 60.2
AVG. MINIMUM 38.0 41.0 -3.0 37.4
MEAN 52.4 52.1 0.3 48.8
DAYS MAX >= 90 0 0.0 0.0 0
DAYS MAX <= 32 0 0.0 0.0 0
DAYS MIN <= 32 7 5.7 1.3 12
DAYS MIN <= 0 0 0.0 0.0 0
PRECIPITATION (INCHES)
TOTALS 1.38R 3.93 -2.55 3.83
DAILY AVG. 0.05 0.13 -0.08 0.13
DAYS >= .01 7 10.9 -3.9 12
DAYS >= .10 3 7.1 -4.1 8
DAYS >= .50 1 2.7 -1.7 2
DAYS >= 1.00 0 0.8 -0.8 1
GREATEST
24 HR. TOTAL 0.99 04/19 TO 04/20
DEGREE DAYS
HEATING TOTAL 374 394 -20 486
SINCE 7/1 5318 5573 -255 MM
COOLING TOTAL 1 9 -8 9
SINCE 1/1 1 10 -9 MM
................................................................
WIND (MPH)
AVERAGE WIND SPEED 10.5
HIGHEST WIND SPEED/DIRECTION 39/280 DATE 04/15
HIGHEST GUST SPEED/DIRECTION 59/280 DATE 04/15
SKY COVER
POSSIBLE SUNSHINE (PERCENT) MM
AVERAGE SKY COVER 0.29
NUMBER OF DAYS FAIR 18
NUMBER OF DAYS PC 10
NUMBER OF DAYS CLOUDY 2
AVERAGE RH (PERCENT) 59
WEATHER CONDITIONS. NUMBER OF DAYS WITH
THUNDERSTORM 5 MIXED PRECIP 0
HEAVY RAIN 3 RAIN 3
LIGHT RAIN 9 FREEZING RAIN 0
LT FREEZING RAIN 0 HAIL 0
HEAVY SNOW 0 SNOW 0
LIGHT SNOW 1 SLEET 0
FOG 7 FOG W/VIS <= 1/4 MILE 0
HAZE 4
- INDICATES NEGATIVE NUMBERS.
R INDICATES RECORD WAS SET OR TIED.
MM INDICATES DATA IS MISSING.
T INDICATES TRACE AMOUNT.
$$