000
CXUS51 KOKX 010702
CF6ISP
PRELIMINARY LOCAL CLIMATOLOGICAL DATA (WS FORM: F-6)
STATION: ISLIP NY
MONTH: MAY
YEAR: 2020
LATITUDE: 40 47 N
LONGITUDE: 73 6 W
TEMPERATURE IN F: :PCPN: SNOW: WIND :SUNSHINE: SKY :PK WND
================================================================================
1 2 3 4 5 6A 6B 7 8 9 10 11 12 13 14 15 16 17 18
12Z AVG MX 2MIN
DY MAX MIN AVG DEP HDD CDD WTR SNW DPTH SPD SPD DIR MIN PSBL S-S WX SPD DR
================================================================================
1 66 53 60 6 5 0 0.23 0.0 0 7.2 17 120 M M 8 1 25 120
2 72 49 61 7 4 0 0.00 0.0 0 12.2 24 320 M M 5 31 310
3 73 51 62 7 3 0 0.14 0.0 0 9.9 17 230 M M 6 23 210
4 73 48 61 6 4 0 0.10 0.0 0 12.1 24 320 M M 5 36 300
5 62 43 53 -2 12 0 0.00 0.0 0 9.1 20 330 M M 5 25 320
6 53 42 48 -8 17 0 0.08 0.0 0 8.6 16 100 M M 10 M M
7 66 42 54 -2 11 0 0.00 0.0 0 12.3 22 300 M M 5 28 290
8 56 41 49 -7 16 0 0.41 0.0 0 8.7 29 340 M M 10 1 36 330
9 49 34 42 -14 23 0 0.05 T 0 18.8 31 300 M M 5 1 42 270
10 62 36 49 -8 16 0 0.00 0.0 0 15.6 25 230 M M 3 36 220
11 60 44 52 -5 13 0 0.04 0.0 0 10.4 25 290 M M 5 33 290
12 60 41 51 -6 14 0 0.00 0.0 0 14.0 26 280 M M 2 38 300
13 61 38 50 -8 15 0 0.00 0.0 0 10.1 21 280 M M 1 27 280
14 63 37 50 -8 15 0 0.00 0.0 0 6.4 16 200 M M 5 20 220
15 79 54 67 9 0 2 0.05 0.0 0 10.7 22 220 M M 7 1 29 220
16 76 53 65 6 0 0 0.01 0.0 0 10.4 23 120 M M 7 29 350
17 63 50 57 -2 8 0 0.00 0.0 0 8.1 13 150 M M 7 17 130
18 69 52 61 2 4 0 0.00 0.0 0 9.3 20 100 M M 9 23 140
19 66 49 58 -2 7 0 0.00 0.0 0 16.4 30 60 M M 7 45 90
20 64 41 53 -7 12 0 0.00 0.0 0 10.3 21 120 M M 6 25 110
21 62 39 51 -9 14 0 0.00 0.0 0 6.2 13 160 M M 3 18 170
22 76 49 63 3 2 0 0.01 0.0 0 7.1 18 200 M M 5 1 24 210
23 71 52 62 1 3 0 0.01 0.0 0 11.1 26 40 M M 10 123 33 40
24 67 48 58 -3 7 0 0.00 0.0 0 11.2 18 40 M M 8 24 50
25 70 54 62 1 3 0 0.02 0.0 0 5.6 10 150 M M 9 1 13 60
26 72 58 65 3 0 0 0.00 0.0 0 4.0 10 200 M M 8 12 14 140
27 74 58 66 4 0 1 0.00 0.0 0 5.9 13 200 M M 9 12 16 190
28 74 62 68 6 0 3 0.07 0.0 0 10.6 18 180 M M 10 12 25 180
29 71 62 67 4 0 2 T 0.0 0 11.9 20 190 M M 10 12 29 200
30 81 62 72 9 0 7 T 0.0 0 9.7 20 320 M M 5 12 28 310
31 70 55 63 0 2 0 0.00 0.0 0 12.8 18 340 M M 3 27 340
================================================================================
SM 2081 1497 230 15 1.22 T 316.7 M 198
================================================================================
AV 67.1 48.3 10.2 FASTST M M 6 MAX(MPH)
MISC ----> # 31 300 # 45 90
================================================================================
NOTES:
# LAST OF SEVERAL OCCURRENCES
COLUMN 17 PEAK WIND IN M.P.H.
PRELIMINARY LOCAL CLIMATOLOGICAL DATA (WS FORM: F-6) , PAGE 2
STATION: ISLIP NY
MONTH: MAY
YEAR: 2020
LATITUDE: 40 47 N
LONGITUDE: 73 6 W
[TEMPERATURE DATA] [PRECIPITATION DATA] SYMBOLS USED IN COLUMN 16
AVERAGE MONTHLY: 57.7 TOTAL FOR MONTH: 1.22 1 = FOG OR MIST
DPTR FM NORMAL: -0.9 DPTR FM NORMAL: -2.56 2 = FOG REDUCING VISIBILITY
HIGHEST: 81 ON 30 GRTST 24HR 0.69 ON 30- 1 TO 1/4 MILE OR LESS
LOWEST: 34 ON 9 3 = THUNDER
SNOW, ICE PELLETS, HAIL 4 = ICE PELLETS
TOTAL MONTH: T 5 = HAIL
GRTST 24HR T ON 9- 9 6 = FREEZING RAIN OR DRIZZLE
GRTST DEPTH: 0 7 = DUSTSTORM OR SANDSTORM:
VSBY 1/2 MILE OR LESS
8 = SMOKE OR HAZE
[NO. OF DAYS WITH] [WEATHER - DAYS WITH] 9 = BLOWING SNOW
X = TORNADO
MAX 32 OR BELOW: 0 0.01 INCH OR MORE: 13
MAX 90 OR ABOVE: 0 0.10 INCH OR MORE: 4
MIN 32 OR BELOW: 0 0.50 INCH OR MORE: 0
MIN 0 OR BELOW: 0 1.00 INCH OR MORE: 0
[HDD (BASE 65) ]
TOTAL THIS MO. 230 CLEAR (SCALE 0-3) 5
DPTR FM NORMAL 11 PTCLDY (SCALE 4-7) 16
TOTAL FM JUL 1 4813 CLOUDY (SCALE 8-10) 10
DPTR FM NORMAL -577
[CDD (BASE 65) ]
TOTAL THIS MO. 15
DPTR FM NORMAL -7 [PRESSURE DATA]
TOTAL FM JAN 1 15 HIGHEST SLP M ON M
DPTR FM NORMAL -9 LOWEST SLP 29.58 ON 8
[REMARKS]
#FINAL-05-20#