000
CXUS52 TJSJ 010442
CF6IST
PRELIMINARY LOCAL CLIMATOLOGICAL DATA (WS FORM: F-6)
STATION: CYRIL E. KING AP/ST THOMAS
MONTH: SEPTEMBER
YEAR: 2023
LATITUDE: 18 19 N
LONGITUDE: 64 58 W
TEMPERATURE IN F: :PCPN: SNOW: WIND :SUNSHINE: SKY :PK WND
================================================================================
1 2 3 4 5 6A 6B 7 8 9 10 11 12 13 14 15 16 17 18
12Z AVG MX 2MIN
DY MAX MIN AVG DEP HDD CDD WTR SNW DPTH SPD SPD DIR MIN PSBL S-S WX SPD DR
================================================================================
1 91 82 87 2 0 22 0.08 M M 8.8 16 140 M M 2 22 110
2 90 81 86 1 0 21 T M M 9.7 16 130 M M 2 20 110
3 90 82 86 1 0 21 0.11 M M 11.2 17 140 M M 2 1 21 130
4 90 83 87 2 0 22 0.01 M M 10.6 20 130 M M 1 1 23 130
5 89 81 85 0 0 20 0.00 M M 8.7 15 150 M M 1 18 130
6 90 81 86 1 0 21 0.00 M M 10.1 15 90 M M 1 8 18 90
7 90 82 86 2 0 21 T M M 11.0 17 90 M M 1 23 140
8 91 81 86 2 0 21 0.01 M M 8.4 20 30 M M 2 3 27 40
9 93 82 88 4 0 23 0.08 M M 8.8 16 30 M M 3 1 31 10
10 93 83 88 4 0 23 0.06 M M 9.0 15 320 M M 2 1 23 350
11 90 79 85 1 0 20 0.38 M M 11.5 24 270 M M 2 1 31 M
12 88 84 86 2 0 21 0.00 M M 15.7 20 210 M M 3 25 210
13 88 84 86 2 0 21 0.00 M M 13.3 17 180 M M 3 21 190
14 89 84 87 3 0 22 0.00 M M 10.6 15 150 M M 1 19 150
15 91 82 87 3 0 22 0.00 M M 6.4 13 130 M M 2 3 15 140
16 92 82 87 3 0 22 0.00 M M 9.1 17 40 M M 1 3 26 30
17 89 82 86 2 0 21 0.00 M M 8.9 16 140 M M 2 23 60
18 91 79 85 1 0 20 0.53 M M 4.8 20 330 M M 3 13 23 330
19 87 79 83 -1 0 18 0.56 M M 2.8 12 50 M M 3 13 16 40
20 89 80 85 1 0 20 T M M 7.1 16 130 M M 2 20 140
21 89 81 85 1 0 20 0.02 M M 7.7 20 50 M M 1 25 30
22 90 80 85 1 0 20 0.00 M M 9.5 17 60 M M 2 22 70
23 90 81 86 2 0 21 0.01 M M 10.4 18 120 M M 2 23 130
24 90 83 87 3 0 22 0.00 M M 11.0 18 120 M M 1 25 130
25 92 83 88 4 0 23 T M M 10.7 21 120 M M 2 26 120
26 92 83 88 4 0 23 0.00 M M 10.9 20 50 M M 2 26 10
27 91 81 86 2 0 21 0.23 M M 12.2 18 40 M M 3 1 28 30
28 93 81 87 3 0 22 0.09 M M 10.1 16 20 M M 3 1 24 40
29 92 82 87 3 0 22 0.04 M M 9.8 17 70 M M 2 1 22 80
30 92 82 87 3 0 22 0.10 M M 13.1 22 50 M M 3 1 30 30
================================================================================
SM 2712 2450 0 638 2.31 M 291.9 M 60
================================================================================
AV 90.4 81.7 9.7 FASTST M M 2 MAX(MPH)
MISC ----> 24 270 31 9999
================================================================================
NOTES:
# LAST OF SEVERAL OCCURRENCES
COLUMN 17 PEAK WIND IN M.P.H.
PRELIMINARY LOCAL CLIMATOLOGICAL DATA (WS FORM: F-6) , PAGE 2
STATION: CYRIL E. KING AP/ST THOMAS
MONTH: SEPTEMBER
YEAR: 2023
LATITUDE: 18 19 N
LONGITUDE: 64 58 W
[TEMPERATURE DATA] [PRECIPITATION DATA] SYMBOLS USED IN COLUMN 16
AVERAGE MONTHLY: 86.0 TOTAL FOR MONTH: 2.31 1 = FOG OR MIST
DPTR FM NORMAL: 1.6 DPTR FM NORMAL: -3.58 2 = FOG REDUCING VISIBILITY
HIGHEST: 93 ON 28,10 GRTST 24HR 1.07 ON 18-19 TO 1/4 MILE OR LESS
LOWEST: 79 ON 19,18 3 = THUNDER
SNOW, ICE PELLETS, HAIL 4 = ICE PELLETS
TOTAL MONTH: M 5 = HAIL
GRTST 24HR M ON M 6 = FREEZING RAIN OR DRIZZLE
GRTST DEPTH: M ON M 7 = DUSTSTORM OR SANDSTORM:
VSBY 1/2 MILE OR LESS
8 = SMOKE OR HAZE
[NO. OF DAYS WITH] [WEATHER - DAYS WITH] 9 = BLOWING SNOW
X = TORNADO
MAX 32 OR BELOW: 0 0.01 INCH OR MORE: 15
MAX 90 OR ABOVE: 22 0.10 INCH OR MORE: 6
MIN 32 OR BELOW: 0 0.50 INCH OR MORE: 2
MIN 0 OR BELOW: 0 1.00 INCH OR MORE: 0
[HDD (BASE 65) ]
TOTAL THIS MO. 0 CLEAR (SCALE 0-3) 25
DPTR FM NORMAL 0 PTCLDY (SCALE 4-7) 5
TOTAL FM JUL 1 0 CLOUDY (SCALE 8-10) 0
DPTR FM NORMAL 0
[CDD (BASE 65) ]
TOTAL THIS MO. 638
DPTR FM NORMAL 58 [PRESSURE DATA]
TOTAL FM JAN 1 4799 HIGHEST SLP M ON M
DPTR FM NORMAL 168 LOWEST SLP 29.77 ON 12
[REMARKS]
#FINAL-09-23#