000
CXUS52 TJSJ 010451
CF6ISX
PRELIMINARY LOCAL CLIMATOLOGICAL DATA (WS FORM: F-6)
STATION: HENRY E. ROHLSEN AP/ST CROIX
MONTH: NOVEMBER
YEAR: 2021
LATITUDE: 17 42 N
LONGITUDE: 64 48 W
TEMPERATURE IN F: :PCPN: SNOW: WIND :SUNSHINE: SKY :PK WND
================================================================================
1 2 3 4 5 6A 6B 7 8 9 10 11 12 13 14 15 16 17 18
12Z AVG MX 2MIN
DY MAX MIN AVG DEP HDD CDD WTR SNW DPTH SPD SPD DIR MIN PSBL S-S WX SPD DR
================================================================================
1 88 74 81 -1 0 16 0.04 M M 7.9 16 100 M M 3 26 80
2 87 74 81 -1 0 16 0.00 M M 8.1 18 60 M M 4 23 20
3 87 76 82 0 0 17 0.05 M M 7.7 20 100 M M 4 1 24 100
4 88 76 82 1 0 17 0.04 M M 8.6 23 90 M M 3 18 27 100
5 89 75 82 1 0 17 0.06 M M 9.6 18 100 M M 4 1 23 100
6 89 75 82 1 0 17 T M M 10.3 17 100 M M 3 23 100
7 87 73 80 -1 0 15 0.00 M M 6.4 13 90 M M 2 17 100
8 88 74 81 0 0 16 0.00 M M 6.5 13 100 M M 3 16 110
9 88 73 81 0 0 16 0.05 M M 7.3 17 100 M M 4 1 21 100
10 88 74 81 0 0 16 T M M 6.9 20 100 M M 5 26 110
11 90 74 82 1 0 17 0.05 M M 9.1 20 60 M M 2 1 27 60
12 89 77 83 2 0 18 T M M 10.4 23 80 M M 4 28 90
13 89 77 83 2 0 18 T M M 10.2 22 100 M M 3 27 100
14 89 75 82 1 0 17 T M M 11.5 21 90 M M 3 26 80
15 90 77 84 3 0 19 0.00 M M 12.4 23 100 M M 4 8 28 100
16 89 76 83 3 0 18 T M M 11.9 21 70 M M 2 26 70
17 90 76 83 3 0 18 0.05 M M 13.5 24 80 M M 4 18 32 70
18 89 76 83 3 0 18 0.54 M M 13.6 24 90 M M 6 18 33 90
19 89 74 82 2 0 17 0.01 M M 9.5 18 50 M M 2 1 23 50
20 90 72 81 1 0 16 T M M 8.0 16 70 M M 3 22 110
21 88 75 82 2 0 17 T M M 8.0 18 100 M M 4 23 90
22 88 75 82 2 0 17 T M M 7.5 16 110 M M 6 20 100
23 87 75 81 1 0 16 T M M 6.9 13 120 M M 4 16 150
24 87 72 80 0 0 15 0.00 M M 5.1 9 130 M M 2 13 150
25 87 73 80 0 0 15 0.10 M M 6.5 18 30 M M 4 18 24 20
26 87 74 81 1 0 16 0.00 M M 11.5 24 50 M M 4 30 50
27 89 74 82 2 0 17 0.01 M M 8.1 17 40 M M 3 1 21 30
28 88 74 81 1 0 16 0.00 M M 8.1 16 100 M M 2 21 110
29 89 76 83 3 0 18 0.00 M M 8.9 18 100 M M 3 22 100
30 90 74 82 2 0 17 0.00 0.0 0 9.3 17 100 M M 3 26 100
================================================================================
SM 2653 2240 0 503 1.00 0.0 269.3 M 103
================================================================================
AV 88.4 74.7 9.0 FASTST M M 3 MAX(MPH)
MISC ----> # 24 80 33 90
================================================================================
NOTES:
# LAST OF SEVERAL OCCURRENCES
COLUMN 17 PEAK WIND IN M.P.H.
PRELIMINARY LOCAL CLIMATOLOGICAL DATA (WS FORM: F-6) , PAGE 2
STATION: HENRY E. ROHLSEN AP/ST CROIX
MONTH: NOVEMBER
YEAR: 2021
LATITUDE: 17 42 N
LONGITUDE: 64 48 W
[TEMPERATURE DATA] [PRECIPITATION DATA] SYMBOLS USED IN COLUMN 16
AVERAGE MONTHLY: 81.6 TOTAL FOR MONTH: 1.00 1 = FOG OR MIST
DPTR FM NORMAL: 1.0 DPTR FM NORMAL: -4.30 2 = FOG REDUCING VISIBILITY
HIGHEST: 90 ON 30,20 GRTST 24HR 0.55 ON 18-19 TO 1/4 MILE OR LESS
LOWEST: 72 ON 24,20 3 = THUNDER
SNOW, ICE PELLETS, HAIL 4 = ICE PELLETS
TOTAL MONTH: 0.0 INCH 5 = HAIL
GRTST 24HR 0.0 6 = FREEZING RAIN OR DRIZZLE
GRTST DEPTH: 0 7 = DUSTSTORM OR SANDSTORM:
VSBY 1/2 MILE OR LESS
8 = SMOKE OR HAZE
[NO. OF DAYS WITH] [WEATHER - DAYS WITH] 9 = BLOWING SNOW
X = TORNADO
MAX 32 OR BELOW: 0 0.01 INCH OR MORE: 11
MAX 90 OR ABOVE: 5 0.10 INCH OR MORE: 2
MIN 32 OR BELOW: 0 0.50 INCH OR MORE: 1
MIN 0 OR BELOW: 0 1.00 INCH OR MORE: 0
[HDD (BASE 65) ]
TOTAL THIS MO. 0 CLEAR (SCALE 0-3) 16
DPTR FM NORMAL 0 PTCLDY (SCALE 4-7) 14
TOTAL FM JUL 1 0 CLOUDY (SCALE 8-10) 0
DPTR FM NORMAL 0
[CDD (BASE 65) ]
TOTAL THIS MO. 503
DPTR FM NORMAL 35 [PRESSURE DATA]
TOTAL FM JAN 1 5634 HIGHEST SLP M ON M
DPTR FM NORMAL 313 LOWEST SLP 29.86 ON 22
[REMARKS]
#FINAL-11-21#