000
CXUS54 KJAN 011414
CF6JAN
PRELIMINARY LOCAL CLIMATOLOGICAL DATA (WS FORM: F-6)
STATION: JACKSON
MONTH: MAY
YEAR: 2020
LATITUDE: 32 19 N
LONGITUDE: 90 5 W
TEMPERATURE IN F: :PCPN: SNOW: WIND :SUNSHINE: SKY :PK WND
================================================================================
1 2 3 4 5 6A 6B 7 8 9 10 11 12 13 14 15 16 17 18
12Z AVG MX 2MIN
DY MAX MIN AVG DEP HDD CDD WTR SNW DPTH SPD SPD DIR MIN PSBL S-S WX SPD DR
================================================================================
1 82 48 65 -3 0 0 0.00 0.0 0 3.5 12 180 M M 1 15 160
2 83 55 69 1 0 4 0.00 0.0 0 7.1 15 210 M M 1 26 180
3 85 58 72 3 0 7 0.00 0.0 0 7.2 16 180 M M 1 24 170
4 85 61 73 4 0 8 0.00 0.0 0 6.9 17 180 M M 3 1 26 190
5 83 64 74 5 0 9 0.00 0.0 0 8.0 17 280 M M 6 26 280
6 78 52 65 -5 0 0 0.00 0.0 0 10.4 22 330 M M 0 31 330
7 77 46 62 -8 3 0 0.00 0.0 0 3.5 12 50 M M 1 17 60
8 65 57 61 -9 4 0 0.41 0.0 0 9.5 22 210 M M 7 13 32 220
9 69 49 59 -11 6 0 0.00 0.0 0 7.4 20 40 M M 3 30 50
10 76 44 60 -11 5 0 0.00 0.0 0 2.1 13 10 M M 0 20 20
11 76 50 63 -8 2 0 0.00 0.0 0 5.8 17 50 M M 0 23 50
12 82 53 68 -3 0 3 0.00 0.0 0 8.4 16 150 M M 1 23 140
13 86 61 74 2 0 9 0.00 0.0 0 7.8 16 170 M M 4 24 150
14 83 64 74 2 0 9 0.19 0.0 0 9.2 28 160 M M 6 3 39 140
15 86 66 76 4 0 11 0.05 0.0 0 8.1 18 200 M M 6 28 200
16 83 69 76 4 0 11 0.17 0.0 0 9.3 21 150 M M 8 1 28 150
17 88 68 78 5 0 13 0.60 0.0 0 10.2 23 170 M M 6 13 33 190
18 82 62 72 -1 0 7 0.04 0.0 0 5.7 16 310 M M 6 1 24 340
19 79 58 69 -4 0 4 0.00 0.0 0 5.3 13 280 M M 6 19 320
20 83 62 73 -1 0 8 0.00 0.0 0 4.7 12 340 M M 4 16 350
21 86 65 76 2 0 11 0.04 0.0 0 3.1 12 150 M M 7 138 16 160
22 92 70 81 7 0 16 0.00 0.0 0 8.2 17 140 M M 4 23 220
23 89 67 78 4 0 13 0.20 0.0 0 7.0 29 180 M M 5 138 46 170
24 90 66 78 4 0 13 0.00 0.0 0 6.1 17 160 M M 2 24 140
25 90 67 79 4 0 14 T 0.0 0 9.4 21 120 M M 3 29 100
26 82 70 76 1 0 11 0.76 0.0 0 5.9 14 250 M M 6 13 22 130
27 86 62 74 -1 0 9 1.41 0.0 0 5.0 49 200 M M 4 13 72 210
28 83 62 73 -3 0 8 0.01 0.0 0 5.2 16 220 M M 6 23 240
29 86 67 77 1 0 12 0.05 0.0 0 2.7 10 360 M M 6 1 15 330
30 87 65 76 0 0 11 0.00 0.0 0 5.8 15 10 M M 2 20 360
31 86 61 74 -2 0 9 0.00 0.0 0 6.1 15 360 M M 0 22 350
================================================================================
SM 2568 1869 20 230 3.93 0.0 204.6 M 115
================================================================================
AV 82.8 60.3 6.6 FASTST M M 4 MAX(MPH)
MISC ----> # 49 200 # 72 210
================================================================================
NOTES:
# LAST OF SEVERAL OCCURRENCES
COLUMN 17 PEAK WIND IN M.P.H.
PRELIMINARY LOCAL CLIMATOLOGICAL DATA (WS FORM: F-6) , PAGE 2
STATION: JACKSON
MONTH: MAY
YEAR: 2020
LATITUDE: 32 19 N
LONGITUDE: 90 5 W
[TEMPERATURE DATA] [PRECIPITATION DATA] SYMBOLS USED IN COLUMN 16
AVERAGE MONTHLY: 71.6 TOTAL FOR MONTH: 3.93 1 = FOG OR MIST
DPTR FM NORMAL: -0.7 DPTR FM NORMAL: -0.45 2 = FOG REDUCING VISIBILITY
HIGHEST: 92 ON 22 GRTST 24HR 1.41 ON 27-27 TO 1/4 MILE OR LESS
LOWEST: 44 ON 10 3 = THUNDER
SNOW, ICE PELLETS, HAIL 4 = ICE PELLETS
TOTAL MONTH: 0.0 INCH 5 = HAIL
GRTST 24HR 0.0 6 = FREEZING RAIN OR DRIZZLE
GRTST DEPTH: 0 7 = DUSTSTORM OR SANDSTORM:
VSBY 1/2 MILE OR LESS
8 = SMOKE OR HAZE
[NO. OF DAYS WITH] [WEATHER - DAYS WITH] 9 = BLOWING SNOW
X = TORNADO
MAX 32 OR BELOW: 0 0.01 INCH OR MORE: 12
MAX 90 OR ABOVE: 3 0.10 INCH OR MORE: 7
MIN 32 OR BELOW: 0 0.50 INCH OR MORE: 3
MIN 0 OR BELOW: 0 1.00 INCH OR MORE: 1
[HDD (BASE 65) ]
TOTAL THIS MO. 20 CLEAR (SCALE 0-3) 14
DPTR FM NORMAL 8 PTCLDY (SCALE 4-7) 17
TOTAL FM JUL 1 1843 CLOUDY (SCALE 8-10) 0
DPTR FM NORMAL -548
[CDD (BASE 65) ]
TOTAL THIS MO. 230
DPTR FM NORMAL -10 [PRESSURE DATA]
TOTAL FM JAN 1 440 HIGHEST SLP M ON M
DPTR FM NORMAL 82 LOWEST SLP 29.71 ON 17
[REMARKS]
#FINAL-05-20#