000
CXUS52 KJAX 061133
CF6JAX
PRELIMINARY LOCAL CLIMATOLOGICAL DATA (WS FORM: F-6)
STATION: JACKSONVILLE
MONTH: APRIL
YEAR: 2021
LATITUDE: 30 30 N
LONGITUDE: 81 42 W
TEMPERATURE IN F: :PCPN: SNOW: WIND :SUNSHINE: SKY :PK WND
================================================================================
1 2 3 4 5 6A 6B 7 8 9 10 11 12 13 14 15 16 17 18
12Z AVG MX 2MIN
DY MAX MIN AVG DEP HDD CDD WTR SNW DPTH SPD SPD DIR MIN PSBL S-S WX SPD DR
================================================================================
1 66 47 57 -8 8 0 0.00 0.0 0 11.4 22 310 M M 4 31 320
2 56 38 47 -18 18 0 0.00 0.0 0 9.3 22 40 M M 1 32 60
3 64 36 50 -16 15 0 0.00 0.0 0 5.8 18 40 M M 2 27 60
4 73 41 57 -9 8 0 0.00 0.0 0 2.7 14 120 M M 1 18 130
5 78 43 61 -5 4 0 0.00 0.0 0 3.9 13 140 M M 0 17 100
6 81 49 65 -1 0 0 0.00 0.0 0 4.0 15 120 M M 1 19 130
7 83 49 66 0 0 1 0.00 0.0 0 4.8 14 130 M M 2 17 120
8 83 51 67 0 0 2 0.00 0.0 0 5.3 18 220 M M 6 24 230
9 83 56 70 3 0 5 0.00 0.0 0 5.2 22 170 M M 8 31 170
10 85 58 72 5 0 7 0.21 0.0 0 8.1 43 270 M M 7 13 60 270
11 70 56 63 -4 2 0 0.88 0.0 0 7.4 26 230 M M 6 13 41 230
12 83 55 69 2 0 4 0.00 0.0 0 7.7 15 260 M M 4 20 290
13 78 54 66 -2 0 1 0.00 0.0 0 7.8 16 70 M M 4 23 60
14 86 54 70 2 0 5 T 0.0 0 5.9 14 130 M M 8 1 18 210
15 79 63 71 3 0 6 T 0.0 0 8.6 24 240 M M 9 35 230
16 73 61 67 -1 0 2 0.09 0.0 0 4.5 9 60 M M 8 1 13 290
17 74 61 68 0 0 3 0.38 0.0 0 4.3 9 180 M M 10 13 13 180
18 73 64 69 0 0 4 1.09 0.0 0 4.9 12 280 M M 10 13 17 200
19 78 57 68 -1 0 3 0.14 0.0 0 6.3 17 280 M M 6 1 25 280
20 79 54 67 -2 0 2 T 0.0 0 5.7 15 140 M M 7 1 22 150
21 84 57 71 2 0 6 0.00 0.0 0 8.3 21 270 M M 2 1 29 240
22 64 48 56 -14 9 0 0.00 0.0 0 8.6 20 40 M M 3 29 50
23 75 45 60 -10 5 0 0.00 0.0 0 6.7 16 120 M M 7 28 100
24 84 62 73 3 0 8 1.58 T 0 9.9 29 300 M M 8 135 41 300
25 79 60 70 0 0 5 0.77 0.0 0 7.4 18 310 M M 4 13 30 250
26 78 57 68 -2 0 3 0.00 0.0 0 7.1 17 60 M M 5 27 60
27 79 59 69 -2 0 4 0.00 0.0 0 7.0 16 100 M M 7 1 23 80
28 82 59 71 0 0 6 0.00 0.0 0 6.3 16 130 M M 5 22 120
29 88 60 74 3 0 9 0.00 0.0 0 6.8 17 270 M M 6 1 23 240
30 88 64 76 5 0 11 0.00 0.0 0 8.1 17 260 M M 6 23 270
================================================================================
SM 2326 1618 69 97 5.14 T 199.8 M 157
================================================================================
AV 77.5 53.9 6.7 FASTST M M 5 MAX(MPH)
MISC ----> 43 270 60 270
================================================================================
NOTES:
# LAST OF SEVERAL OCCURRENCES
COLUMN 17 PEAK WIND IN M.P.H.
PRELIMINARY LOCAL CLIMATOLOGICAL DATA (WS FORM: F-6) , PAGE 2
STATION: JACKSONVILLE
MONTH: APRIL
YEAR: 2021
LATITUDE: 30 30 N
LONGITUDE: 81 42 W
[TEMPERATURE DATA] [PRECIPITATION DATA] SYMBOLS USED IN COLUMN 16
AVERAGE MONTHLY: 65.7 TOTAL FOR MONTH: 5.14 1 = FOG OR MIST
DPTR FM NORMAL: -2.4 DPTR FM NORMAL: 2.21 2 = FOG REDUCING VISIBILITY
HIGHEST: 88 ON 30,29 GRTST 24HR 2.35 ON 24-25 TO 1/4 MILE OR LESS
LOWEST: 36 ON 3 3 = THUNDER
SNOW, ICE PELLETS, HAIL 4 = ICE PELLETS
TOTAL MONTH: T 5 = HAIL
GRTST 24HR T ON 24-24 6 = FREEZING RAIN OR DRIZZLE
GRTST DEPTH: 0 7 = DUSTSTORM OR SANDSTORM:
VSBY 1/2 MILE OR LESS
8 = SMOKE OR HAZE
[NO. OF DAYS WITH] [WEATHER - DAYS WITH] 9 = BLOWING SNOW
X = TORNADO
MAX 32 OR BELOW: 0 0.01 INCH OR MORE: 8
MAX 90 OR ABOVE: 0 0.10 INCH OR MORE: 7
MIN 32 OR BELOW: 0 0.50 INCH OR MORE: 4
MIN 0 OR BELOW: 0 1.00 INCH OR MORE: 2
[HDD (BASE 65) ]
TOTAL THIS MO. 69 CLEAR (SCALE 0-3) 8
DPTR FM NORMAL 26 PTCLDY (SCALE 4-7) 16
TOTAL FM JUL 1 1199 CLOUDY (SCALE 8-10) 6
DPTR FM NORMAL -26
[CDD (BASE 65) ]
TOTAL THIS MO. 97
DPTR FM NORMAL -39 [PRESSURE DATA]
TOTAL FM JAN 1 241 HIGHEST SLP 30.46 ON 3
DPTR FM NORMAL 2 LOWEST SLP 29.69 ON 11
[REMARKS]
#FINAL-04-21#