928
CXUS54 KSJT 042258
CF6JCT
PRELIMINARY LOCAL CLIMATOLOGICAL DATA (WS FORM: F-6)
STATION: JUNCTION
MONTH: OCTOBER
YEAR: 2020
LATITUDE: 30 18 N
LONGITUDE: 99 28 W
TEMPERATURE IN F: :PCPN: SNOW: WIND :SUNSHINE: SKY :PK WND
================================================================================
1 2 3 4 5 6A 6B 7 8 9 10 11 12 13 14 15 16 17 18
12Z AVG MX 2MIN
DY MAX MIN AVG DEP HDD CDD WTR SNW DPTH SPD SPD DIR MIN PSBL S-S WX SPD DR
================================================================================
1 89 44 67 -4 0 2 0.00 M M 3.7 14 60 M M 0 18 70
2 85 48 67 -3 0 2 0.00 M M 4.0 15 190 M M 0 22 220
3 86 54 70 0 0 5 0.00 0.0 0 6.3 18 170 M M 1 25 190
4 89 53 71 1 0 6 0.00 0.0 0 4.9 14 30 M M 1 17 20
5 87 56 72 2 0 7 0.00 0.0 0 5.2 15 200 M M 0 22 170
6 94 50 72 3 0 7 0.00 0.0 0 2.8 12 200 M M 0 16 210
7 92 54 73 4 0 8 0.00 0.0 0 3.3 15 130 M M 0 21 120
8 91 53 72 4 0 7 0.00 0.0 0 3.5 13 100 M M 0 22 90
9 89 57 73 5 0 8 0.00 0.0 0 2.4 9 170 M M 3 1 13 170
10 98 51 75 7 0 10 0.00 0.0 0 3.7 13 200 M M 0 19 210
11 100 52 76 8 0 11 0.00 0.0 0 6.5 18 210 M M 0 8 28 210
12 88 57 73 6 0 8 0.00 M M 7.5 23 10 M M 2 8 31 10
13 91 52 72 5 0 7 0.00 M M 3.1 10 210 M M 0 15 210
14 94 57 76 9 0 11 0.00 M M 5.3 16 190 M M 1 27 210
15 84 65 75 9 0 10 0.00 M M 9.2 20 30 M M 0 28 20
16 76 53 65 -1 0 0 0.00 M M 10.9 22 70 M M 1 31 80
17 83 44 64 -2 1 0 0.00 M M 7.5 21 200 M M 2 30 200
18 93 64 79 14 0 14 T M M 6.1 15 220 M M 1 25 230
19 88 60 74 9 0 9 0.00 M M 6.4 18 160 M M 3 26 170
20 89 72 81 16 0 16 0.00 0.0 0 9.9 21 170 M M 5 31 170
21 89 65 77 13 0 12 0.00 0.0 0 7.8 22 160 M M 2 30 170
22 88 62 75 11 0 10 0.00 M M 6.7 20 180 M M 1 27 180
23 80 49 65 1 0 0 T M M 9.0 28 10 M M 9 37 10
24 76 49 63 -1 2 0 0.00 M M 3.8 14 20 M M 6 18 20
25 87 55 71 8 0 6 0.00 M M 6.7 15 210 M M 4 23 210
26 75 35 55 -8 10 0 0.03 M M 11.2 20 30 M M 10 18 27 30
27 37 33 35 -27 30 0 0.19 M M 9.1 15 20 M M 10 16 21 30
28 58 35 47 -15 18 0 T M M 9.3 20 310 M M 5 28 280
29 64 40 52 -10 13 0 T 0.0 0 10.9 26 340 M M 3 42 350
30 74 32 53 -9 12 0 0.00 0.0 0 2.6 9 90 M M 0 18 14 70
31 79 33 56 -5 9 0 0.00 0.0 0 4.8 17 200 M M 0 1 24 200
================================================================================
SM 2593 1584 95 176 0.22 0.0 194.1 M 70
================================================================================
AV 83.6 51.1 6.3 FASTST M M 2 MAX(MPH)
MISC ----> 28 10 42 350
================================================================================
NOTES:
# LAST OF SEVERAL OCCURRENCES
COLUMN 17 PEAK WIND IN M.P.H.
PRELIMINARY LOCAL CLIMATOLOGICAL DATA (WS FORM: F-6) , PAGE 2
STATION: JUNCTION
MONTH: OCTOBER
YEAR: 2020
LATITUDE: 30 18 N
LONGITUDE: 99 28 W
[TEMPERATURE DATA] [PRECIPITATION DATA] SYMBOLS USED IN COLUMN 16
AVERAGE MONTHLY: 67.4 TOTAL FOR MONTH: 0.22 1 = FOG OR MIST
DPTR FM NORMAL: 1.4 DPTR FM NORMAL: -2.74 2 = FOG REDUCING VISIBILITY
HIGHEST: 100 ON 11 GRTST 24HR 0.22 ON 26-27 TO 1/4 MILE OR LESS
LOWEST: 32 ON 30 3 = THUNDER
SNOW, ICE PELLETS, HAIL 4 = ICE PELLETS
TOTAL MONTH: 0.0 INCH 5 = HAIL
GRTST 24HR 0.0 6 = FREEZING RAIN OR DRIZZLE
GRTST DEPTH: 0 7 = DUSTSTORM OR SANDSTORM:
VSBY 1/2 MILE OR LESS
8 = SMOKE OR HAZE
[NO. OF DAYS WITH] [WEATHER - DAYS WITH] 9 = BLOWING SNOW
X = TORNADO
MAX 32 OR BELOW: 0 0.01 INCH OR MORE: 2
MAX 90 OR ABOVE: 8 0.10 INCH OR MORE: 1
MIN 32 OR BELOW: 1 0.50 INCH OR MORE: 0
MIN 0 OR BELOW: 0 1.00 INCH OR MORE: 0
[HDD (BASE 65) ]
TOTAL THIS MO. 95 CLEAR (SCALE 0-3) 22
DPTR FM NORMAL 15 PTCLDY (SCALE 4-7) 6
TOTAL FM JUL 1 109 CLOUDY (SCALE 8-10) 3
DPTR FM NORMAL 24
[CDD (BASE 65) ]
TOTAL THIS MO. 176
DPTR FM NORMAL 65 [PRESSURE DATA]
TOTAL FM JAN 1 2803 HIGHEST SLP 30.33 ON 30
DPTR FM NORMAL 415 LOWEST SLP 29.69 ON 25
[REMARKS]
#FINAL-10-20#