000
CXUS53 KLSX 040310
CF6JEF
PRELIMINARY LOCAL CLIMATOLOGICAL DATA (WS FORM: F-6)

                                          STATION:   JEFFERSON CITY
                                          MONTH:     OCTOBER
                                          YEAR:      2015
                                          LATITUDE:   38 35 N
                                          LONGITUDE:  92 10 W

  TEMPERATURE IN F:       :PCPN:    SNOW:  WIND      :SUNSHINE: SKY     :PK WND
================================================================================
1   2   3   4   5  6A  6B    7    8   9   10  11  12  13   14  15   16   17  18
                                     12Z  AVG MX 2MIN
DY MAX MIN AVG DEP HDD CDD  WTR  SNW DPTH SPD SPD DIR MIN PSBL S-S WX    SPD DR
================================================================================

 1  68  44  56  -6   9   0 0.00  0.0    0  5.5 16 360   M    M   0        24  60
 2  67  47  57  -5   8   0 0.00  0.0    0  7.8 15  40   M    M   2        22  40
 3  67  46  57  -5   8   0 0.00  0.0    0  7.7 17  60   M    M   4        23 350
 4  61  52  57  -4   8   0 0.00  0.0    0  5.6 12 360   M    M   9        17  50
 5  69  51  60  -1   5   0 0.00  0.0    0  4.1 12  10   M    M   3        15  10
 6  74  56  65   4   0   0 0.00  0.0    0  2.7  7 330   M    M   6        11 300
 7  77  58  68   8   0   3 0.00  0.0    0  2.3  9  80   M    M   5 18     12  60
 8  84  53  69   9   0   4 0.12  0.0    0  5.5 15 260   M    M   3 128    19 250
 9  65  52  59  -1   6   0 0.01  0.0    0  6.5 13 340   M    M   6        17 330
10  70  40  55  -5  10   0 0.00  0.0    0  2.9 10 190   M    M   1 128    13 200
11  84  45  65   6   0   0 0.00  0.0    0  6.5 15 210   M    M   0        22 180
12  81  57  69  10   0   4 0.00  0.0    0  8.2 24 280   M    M   0        31 280
13  73  45  59   1   6   0 0.00  0.0    0  5.7 18 300   M    M   0        23 300
14  77  42  60   2   5   0 0.00  0.0    0  2.8 13 290   M    M   0        16 300
15  79  42  61   3   4   0    T  0.0    0  4.1 15 320   M    M   2        20 360
16  64  38  51  -7  14   0 0.00  0.0    0  6.0 17 280   M    M   0 8      22 290
17  60  37  49  -8  16   0 0.00  0.0    0  3.8 14 360   M    M   3 8      16 360
18  68  36  52  -5  13   0 0.00  0.0    0  7.7 16 150   M    M   4        22 150
19  81  50  66   9   0   1 0.00  0.0    0  9.2 20 180   M    M   1 8      27 180
20  83  56  70  14   0   5    T  0.0    0  8.2 17 170   M    M   1        22 170
21  84  57  71  15   0   6    M  0.0    0  5.9 14 200   M    M   1 8      19 250
22  82  53  68  12   0   3 0.00  0.0    0  3.8 12 150   M    M   1        17 130
23  73  60  67  12   0   2 0.08  0.0    0  8.5 16 180   M    M   7 1      20 170
24  69  46  58   3   7   0 0.00  0.0    0  8.2 20 280   M    M   6        23 280
25  62  39  51  -4  14   0 0.00  0.0    0  4.4 14 100   M    M   0 1      18 100
26  69  34  52  -2  13   0    T  0.0    0  6.5 14 120   M    M   2 1      22  80
27  58  54  56   2   9   0 0.51  0.0    0  4.6 12 100   M    M  10 1      15 110
28  61  43  52  -2  13   0    T  0.0    0 10.9 21 280   M    M   7 1      27 280
29  56  36  46  -7  19   0 0.00  0.0    0  6.6 22 280   M    M   2        26 270
30  57  31  44  -9  21   0 0.06  0.0    0  5.9 14 120   M    M   3 1      17 130
31  60  44  52   0  13   0 0.10  0.0    0  5.8 16 170   M    M   9 12     20 130
================================================================================
SM 2183 1444       221  28  0.88     0.0 183.9          M       98
================================================================================
AV 70.4 46.6                               5.9 FASTST   M    M   3    MAX(MPH)
                                 MISC ---->  # 24 280               # 31  280
================================================================================
NOTES:
# LAST OF SEVERAL OCCURRENCES

COLUMN 17 PEAK WIND IN M.P.H.

PRELIMINARY LOCAL CLIMATOLOGICAL DATA (WS FORM: F-6) , PAGE 2

                                          STATION:  JEFFERSON CITY
                                          MONTH:    OCTOBER
                                          YEAR:     2015
                                          LATITUDE:   38 35 N
                                          LONGITUDE:  92 10 W

[TEMPERATURE DATA]      [PRECIPITATION DATA]       SYMBOLS USED IN COLUMN 16

AVERAGE MONTHLY: 58.5   TOTAL FOR MONTH:   0.88    1 = FOG OR MIST
DPTR FM NORMAL:   1.0   DPTR FM NORMAL:   -2.66    2 = FOG REDUCING VISIBILITY
HIGHEST:    84 ON 21,11 GRTST 24HR  0.51 ON 27-27      TO 1/4 MILE OR LESS
LOWEST:     31 ON 30                               3 = THUNDER
                        SNOW, ICE PELLETS, HAIL    4 = ICE PELLETS
                        TOTAL MONTH:   0.0 INCH    5 = HAIL
                        GRTST 24HR     0.0         6 = FREEZING RAIN OR DRIZZLE
                        GRTST DEPTH:   0           7 = DUSTSTORM OR SANDSTORM:
                                                       VSBY 1/2 MILE OR LESS
                                                   8 = SMOKE OR HAZE
[NO. OF DAYS WITH]      [WEATHER - DAYS WITH]      9 = BLOWING SNOW
                                                   X = TORNADO
MAX 32 OR BELOW:   0    0.01 INCH OR MORE:   6
MAX 90 OR ABOVE:   0    0.10 INCH OR MORE:   3
MIN 32 OR BELOW:   1    0.50 INCH OR MORE:   1
MIN  0 OR BELOW:   0    1.00 INCH OR MORE:   0

[HDD (BASE 65) ]
TOTAL THIS MO.   221    CLEAR  (SCALE 0-3)  18
DPTR FM NORMAL   -42    PTCLDY (SCALE 4-7)  10
TOTAL FM JUL 1   238    CLOUDY (SCALE 8-10)  3
DPTR FM NORMAL   -75

[CDD (BASE 65) ]
TOTAL THIS MO.    28
DPTR FM NORMAL    -2    [PRESSURE DATA]
TOTAL FM JAN 1  1463    HIGHEST SLP 30.52 ON 17
DPTR FM NORMAL   109    LOWEST  SLP 29.59 ON 28

[REMARKS]
#FINAL-10-15#
