000
CXUS53 KLSX 011600
CF6JEF
PRELIMINARY LOCAL CLIMATOLOGICAL DATA (WS FORM: F-6)

                                          STATION:   JEFFERSON CITY
                                          MONTH:     JULY
                                          YEAR:      2013
                                          LATITUDE:   38 35 N
                                          LONGITUDE:  92 10 W

  TEMPERATURE IN F:       :PCPN:    SNOW:  WIND      :SUNSHINE: SKY     :PK WND
================================================================================
1   2   3   4   5  6A  6B    7    8   9   10  11  12  13   14  15   16   17  18
                                     12Z  AVG MX 2MIN
DY MAX MIN AVG DEP HDD CDD  WTR  SNW DPTH SPD SPD DIR MIN PSBL S-S WX    SPD DR
================================================================================

 1  82  63  73  -5   0   8 0.00  0.0    0  7.8 16  10   M    M   2        23 340
 2  81  60  71  -7   0   6 0.00  0.0    0  6.5 25 260   M    M   1         M  M
 3  87  59  73  -5   0   8 0.00  0.0    0  2.9 15 300   M    M   1        26 210
 4  86  59  73  -5   0   8 0.07  0.0    0  3.0 12 150   M    M   1 138    14 140
 5  87  63  75  -3   0  10 0.01  0.0    0  4.2 15 130   M    M   0 138    22 290
 6  91  62  77  -1   0  12 0.00  0.0    0  5.5 21 130   M    M   1 18     25 140
 7  92  67  80   2   0  15 0.00  0.0    0  5.7  M   M   M    M   0         M  M
 8  92  76  84   6   0  19 0.00  0.0    0  5.2 13 230   M    M   0        22 220
 9  95  77  86   8   0  21 0.00  0.0    0  6.0 18 240   M    M   1        24 250
10  90  71  81   3   0  16 1.44  0.0    0  6.2 23 260   M    M   4 13     30 310
11  85  66  76  -3   0  11 0.00  0.0    0  5.1 12  90   M    M   0        15  80
12  84  61  73  -6   0   8 0.00  0.0    0  5.2 15 120   M    M   0 1       M  M
13  82  59  71  -8   0   6 0.00  0.0    0  1.5  8 100   M    M   0        10  80
14  87  62  75  -4   0  10 0.00  0.0    0  5.9 14 110   M    M   1 1      18 140
15  91  70  81   2   0  16 0.01  0.0    0  5.1 23 100   M    M   3        29 100
16  91  70  81   2   0  16    T  0.0    0  5.0 15  80   M    M   2 1      21  80
17  94  72  83   4   0  18 0.00  0.0    0  2.7  9 120   M    M   1        16 150
18  95  73  84   5   0  19 0.00  0.0    0  3.1 14 310   M    M   0 3      18 310
19  98  74  86   7   0  21 0.00  0.0    0  3.5 15 130   M    M   2        17 110
20  87  73  80   1   0  15 0.93  0.0    0  4.1  M   M   M    M   3 138     M  M
21  83  70  77  -2   0  12 1.06  0.0    0  4.4 17 300   M    M   3 1238   23 290
22  92  68  80   1   0  15 0.00  0.0    0  3.1 12 240   M    M   3 12     15 240
23  90  72  81   2   0  16 0.00  0.0    0  5.7 14  20   M    M   1 38     18  20
24  83  66  75  -4   0  10 0.00  0.0    0  3.6 12  50   M    M   2 8      17 350
25  82  60  71  -8   0   6 0.00  0.0    0  3.5  8 100   M    M   0        10 110
26  75  69  72  -7   0   7 0.26  0.0    0  4.4 12 200   M    M   8 13      M  M
27  76  57  67 -12   0   2 0.00  0.0    0  4.7 14 300   M    M   2        23 300
28  81  54  68 -11   0   3 0.00  0.0    0  2.4 10 240   M    M   0        14 230
29  74  60  67 -11   0   2 0.01  0.0    0  4.9 12 100   M    M   6 18     15 110
30  83  68  76  -2   0  11 0.10  0.0    0  3.7 12 110   M    M   8 18     15 110
31  82  65  74  -4   0   9 0.00  0.0    0  5.3 15 310   M    M   6 1      20 330
================================================================================
SM 2678 2046         0 356  3.89     0.0 139.9          M       62
================================================================================
AV 86.4 66.0                               4.5 FASTST   M    M   2    MAX(MPH)
                                 MISC ---->  # 25 260               # 30  310
================================================================================
NOTES:
# LAST OF SEVERAL OCCURRENCES

COLUMN 17 PEAK WIND IN M.P.H.

PRELIMINARY LOCAL CLIMATOLOGICAL DATA (WS FORM: F-6) , PAGE 2

                                          STATION:  JEFFERSON CITY
                                          MONTH:    JULY
                                          YEAR:     2013
                                          LATITUDE:   38 35 N
                                          LONGITUDE:  92 10 W

[TEMPERATURE DATA]      [PRECIPITATION DATA]       SYMBOLS USED IN COLUMN 16

AVERAGE MONTHLY: 76.2   TOTAL FOR MONTH:   3.89    1 = FOG OR MIST
DPTR FM NORMAL:  -2.3   DPTR FM NORMAL:   -0.39    2 = FOG REDUCING VISIBILITY
HIGHEST:    98 ON 19    GRTST 24HR  1.44 ON 10-10      TO 1/4 MILE OR LESS
LOWEST:     54 ON 28                               3 = THUNDER
                        SNOW, ICE PELLETS, HAIL    4 = ICE PELLETS
                        TOTAL MONTH:   0.0 INCH    5 = HAIL
                        GRTST 24HR     0.0         6 = FREEZING RAIN OR DRIZZLE
                        GRTST DEPTH:   0           7 = DUSTSTORM OR SANDSTORM:
                                                       VSBY 1/2 MILE OR LESS
                                                   8 = SMOKE OR HAZE
[NO. OF DAYS WITH]      [WEATHER - DAYS WITH]      9 = BLOWING SNOW
                                                   X = TORNADO
MAX 32 OR BELOW:   0    0.01 INCH OR MORE:   9
MAX 90 OR ABOVE:  12    0.10 INCH OR MORE:   5
MIN 32 OR BELOW:   0    0.50 INCH OR MORE:   3
MIN  0 OR BELOW:   0    1.00 INCH OR MORE:   2

[HDD (BASE 65) ]
TOTAL THIS MO.     0    CLEAR  (SCALE 0-3)  26
DPTR FM NORMAL     0    PTCLDY (SCALE 4-7)   4
TOTAL FM JUL 1     0    CLOUDY (SCALE 8-10)  1
DPTR FM NORMAL     0

[CDD (BASE 65) ]
TOTAL THIS MO.   356
DPTR FM NORMAL   -63    [PRESSURE DATA]
TOTAL FM JAN 1   812    HIGHEST SLP 30.29 ON 17
DPTR FM NORMAL   -15    LOWEST  SLP 29.72 ON 22

[REMARKS]
#FINAL-07-13#
