000
CXUS53 KLSX 011600
CF6JEF
PRELIMINARY LOCAL CLIMATOLOGICAL DATA (WS FORM: F-6)

                                          STATION:   JEFFERSON CITY
                                          MONTH:     JUNE
                                          YEAR:      2013
                                          LATITUDE:   38 35 N
                                          LONGITUDE:  92 10 W

  TEMPERATURE IN F:       :PCPN:    SNOW:  WIND      :SUNSHINE: SKY     :PK WND
================================================================================
1   2   3   4   5  6A  6B    7    8   9   10  11  12  13   14  15   16   17  18
                                     12Z  AVG MX 2MIN
DY MAX MIN AVG DEP HDD CDD  WTR  SNW DPTH SPD SPD DIR MIN PSBL S-S WX    SPD DR
================================================================================

 1  76  63  70   0   0   5 0.11  0.0    0  8.4 21 250   M    M   6 13     26 260
 2  66  54  60 -10   5   0 0.00  0.0    0  6.6 14 290   M    M  10        17 290
 3  73  54  64  -7   1   0 0.00  0.0    0  4.0 12 100   M    M   3        15 140
 4  76  57  67  -4   0   2 0.00  0.0    0  7.0 17 110   M    M   0        22 100
 5  74  57  66  -5   0   1 0.11  0.0    0  3.6 13  20   M    M   3 1      17  20
 6  77  58  68  -4   0   3 0.00  0.0    0  5.5 12 330   M    M   5 18     17 290
 7  75  55  65  -7   0   0 0.00  0.0    0  5.4 15 310   M    M   1        21 300
 8  80  54  67  -5   0   2 0.00  0.0    0  5.8 15 160   M    M   1 12     18 170
 9  79  63  71  -1   0   6 0.14  0.0    0  6.8 17 230   M    M   6 138    22 220
10  83  64  74   1   0   9 0.00  0.0    0  4.7 16 310   M    M   4        20 320
11  94  63  79   6   0  14 0.00  0.0    0  6.5 16 230   M    M   0        23 220
12  95  74  85  12   0  20 0.00  0.0    0 10.0 26 210   M    M   1        36 210
13  85  68  77   3   0  12 0.00  0.0    0  7.8 18 300   M    M   3        25 330
14  86  62  74   0   0   9 0.00  0.0    0  5.6 18 120   M    M   1        23 120
15  85  69  77   3   0  12 0.78  0.0    0  7.1 32 210   M    M   3 13     44 210
16  86  69  78   4   0  13 0.37  0.0    0  6.0 15 130   M    M   8 13      M  M
17  82  65  74  -1   0   9 0.01  0.0    0  4.2 25 130   M    M   1 3      33 120
18  88  61  75   0   0  10 0.01  0.0    0  3.7 12  10   M    M   2 12     17 290
19  87  62  75   0   0  10 0.00  0.0    0  3.0 10 150   M    M   0        15 110
20  89  66  78   2   0  13 0.00  0.0    0  7.5 18 200   M    M   1        25 160
21  92  73  83   7   0  18 0.00  0.0    0  8.7 16 170   M    M   0        22 220
22  92  75  84   8   0  19 0.00  0.0    0  8.6 17 130   M    M   0        23 150
23  91  70  81   5   0  16 0.67  0.0    0  7.9 23 340   M    M   1 138    29 350
24  91  68  80   4   0  15 0.00  0.0    0  7.7 17 150   M    M   1 18     24 150
25  91  76  84   7   0  19 0.00  0.0    0  7.7 21 170   M    M   0 3      28 150
26  98  73  86   9   0  21 0.00  0.0    0  8.4 20 280   M    M   1        28 290
27  93  68  81   4   0  16 0.03  0.0    0  3.9 13 320   M    M   0 1      20  20
28  89  70  80   3   0  15 0.32  0.0    0  8.2 24 300   M    M   1 13     32 310
29  85  65  75  -2   0  10 0.07  0.0    0  9.2 32 320   M    M   2        46 310
30  79  65  72  -6   0   7    T  0.0    0  6.9 17 340   M    M   8        22 350
================================================================================
SM 2537 1941         6 306  2.62     0.0 196.4          M       73
================================================================================
AV 84.6 64.7                               6.5 FASTST   M    M   2    MAX(MPH)
                                 MISC ---->  # 32 210               # 46  310
================================================================================
NOTES:
# LAST OF SEVERAL OCCURRENCES

COLUMN 17 PEAK WIND IN M.P.H.

PRELIMINARY LOCAL CLIMATOLOGICAL DATA (WS FORM: F-6) , PAGE 2

                                          STATION:  JEFFERSON CITY
                                          MONTH:    JUNE
                                          YEAR:     2013
                                          LATITUDE:   38 35 N
                                          LONGITUDE:  92 10 W

[TEMPERATURE DATA]      [PRECIPITATION DATA]       SYMBOLS USED IN COLUMN 16

AVERAGE MONTHLY: 74.6   TOTAL FOR MONTH:   2.62    1 = FOG OR MIST
DPTR FM NORMAL:   0.5   DPTR FM NORMAL:   -1.94    2 = FOG REDUCING VISIBILITY
HIGHEST:    98 ON 26    GRTST 24HR  2.99 ON 31- 1      TO 1/4 MILE OR LESS
LOWEST:     54 ON  8, 3                            3 = THUNDER
                        SNOW, ICE PELLETS, HAIL    4 = ICE PELLETS
                        TOTAL MONTH:   0.0 INCH    5 = HAIL
                        GRTST 24HR     0.0         6 = FREEZING RAIN OR DRIZZLE
                        GRTST DEPTH:   0           7 = DUSTSTORM OR SANDSTORM:
                                                       VSBY 1/2 MILE OR LESS
                                                   8 = SMOKE OR HAZE
[NO. OF DAYS WITH]      [WEATHER - DAYS WITH]      9 = BLOWING SNOW
                                                   X = TORNADO
MAX 32 OR BELOW:   0    0.01 INCH OR MORE:  11
MAX 90 OR ABOVE:   9    0.10 INCH OR MORE:   7
MIN 32 OR BELOW:   0    0.50 INCH OR MORE:   2
MIN  0 OR BELOW:   0    1.00 INCH OR MORE:   0

[HDD (BASE 65) ]
TOTAL THIS MO.     6    CLEAR  (SCALE 0-3)  21
DPTR FM NORMAL    -1    PTCLDY (SCALE 4-7)   7
TOTAL FM JUL 1  4716    CLOUDY (SCALE 8-10)  2
DPTR FM NORMAL    68

[CDD (BASE 65) ]
TOTAL THIS MO.   306
DPTR FM NORMAL    26    [PRESSURE DATA]
TOTAL FM JAN 1   456    HIGHEST SLP 30.07 ON  3
DPTR FM NORMAL    48    LOWEST  SLP 29.67 ON 29

[REMARKS]
#FINAL-06-13#
