000
CXUS53 KLSX 011600
CF6JEF
PRELIMINARY LOCAL CLIMATOLOGICAL DATA (WS FORM: F-6)

                                          STATION:   JEFFERSON CITY
                                          MONTH:     MAY
                                          YEAR:      2013
                                          LATITUDE:   38 35 N
                                          LONGITUDE:  92 10 W

  TEMPERATURE IN F:       :PCPN:    SNOW:  WIND      :SUNSHINE: SKY     :PK WND
================================================================================
1   2   3   4   5  6A  6B    7    8   9   10  11  12  13   14  15   16   17  18
                                     12Z  AVG MX 2MIN
DY MAX MIN AVG DEP HDD CDD  WTR  SNW DPTH SPD SPD DIR MIN PSBL S-S WX    SPD DR
================================================================================

 1  83  56  70   9   0   5 0.00  0.0    0  6.2 15 170   M    M   3        18 160
 2  70  37  54  -7  11   0 0.10  0.0    0  9.6 16 350   M    M   9 18     23 340
 3  40  36  38 -24  27   0 0.76    M    0  8.5 16 330   M    M  10 1      21 320
 4  52  36  44 -18  21   0 0.00  0.0    0  3.8 12 360   M    M   9 1      15 360
 5  60  39  50 -12  15   0 0.29  0.0    0  4.6 17  80   M    M   9 12     22  70
 6  73  54  64   2   1   0 0.00  0.0    0  6.3 16 350   M    M   9 18     23 240
 7  80  52  66   3   0   1 0.00  0.0    0  4.0 10 310   M    M   2        14 320
 8  78  50  64   1   1   0 0.02  0.0    0  3.9 17 260   M    M   4        23 260
 9  77  59  68   5   0   3 0.21  0.0    0  4.8 16 240   M    M   6 13     21 250
10  66  51  59  -5   6   0    T  0.0    0  5.1 13 340   M    M   8 18     18 320
11  68  43  56  -8   9   0 0.00  0.0    0  7.1 23 320   M    M   2 12     31 330
12  63  34  49 -15  16   0 0.00  0.0    0  4.4 16 290   M    M   0        22 290
13  77  37  57  -7   8   0 0.00  0.0    0  4.8 13 180   M    M   0        26 150
14  92  56  74   9   0   9 0.00  0.0    0  9.8 24 240   M    M   0        35 230
15  88  63  76  11   0  11 0.00  0.0    0  6.4 16 230   M    M   1        21 230
16  80  63  72   7   0   7    T  0.0    0  6.2 17 180   M    M   4        23 180
17  79  59  69   3   0   4 0.00  0.0    0  2.7 10 130   M    M   7        16 100
18  84  59  72   6   0   7 0.00  0.0    0  7.8 16 130   M    M   3 12     21 140
19  90  69  80  14   0  15 0.01  0.0    0 10.6 23 320   M    M   2 138    32 310
20  78  62  70   4   0   5 1.23  0.0    0  8.4 26 310   M    M   8 138    46 300
21  75  63  69   2   0   4 0.00  0.0    0  6.6 20 200   M    M   3        26 200
22  71  60  66  -1   0   1    T  0.0    0  8.5 22 270   M    M   7        28 260
23  68  51  60  -7   5   0 0.00  0.0    0  6.2 15 290   M    M   7        20 310
24  71  49  60  -8   5   0 0.00  0.0    0  7.5 17 120   M    M   0 1      22 120
25  77  54  66  -2   0   1 0.00  0.0    0  9.7 17 110   M    M   3 3      23 110
26  86  60  73   5   0   8 0.00  0.0    0  8.2 18 170   M    M   3        24 180
27  78  64  71   3   0   6 1.13  0.0    0  7.5 25 130   M    M   2 138    35 310
28  80  67  74   5   0   9 0.01  0.0    0  8.6 22 170   M    M   3 3      30 170
29  86  66  76   7   0  11 0.00  0.0    0 11.4 23 170   M    M   2        30 170
30  86  64  75   6   0  10 1.05  0.0    0 12.5 29 180   M    M   7 13     38 190
31  84  62  73   3   0   8 2.89  0.0    0 10.1 36 290   M    M   5 13     47 300
================================================================================
SM 2340 1675       125 125  7.70     0.0 221.8          M      138
================================================================================
AV 75.5 54.0                               7.2 FASTST   M    M   4    MAX(MPH)
                                 MISC ---->  # 36 290               # 47  300
================================================================================
NOTES:
# LAST OF SEVERAL OCCURRENCES

COLUMN 17 PEAK WIND IN M.P.H.

PRELIMINARY LOCAL CLIMATOLOGICAL DATA (WS FORM: F-6) , PAGE 2

                                          STATION:  JEFFERSON CITY
                                          MONTH:    MAY
                                          YEAR:     2013
                                          LATITUDE:   38 35 N
                                          LONGITUDE:  92 10 W

[TEMPERATURE DATA]      [PRECIPITATION DATA]       SYMBOLS USED IN COLUMN 16

AVERAGE MONTHLY: 64.8   TOTAL FOR MONTH:   7.70    1 = FOG OR MIST
DPTR FM NORMAL:  -0.4   DPTR FM NORMAL:    2.72    2 = FOG REDUCING VISIBILITY
HIGHEST:    92 ON 14    GRTST 24HR  2.89 ON 31-31      TO 1/4 MILE OR LESS
LOWEST:     34 ON 12                               3 = THUNDER
                        SNOW, ICE PELLETS, HAIL    4 = ICE PELLETS
                        TOTAL MONTH:   0.0 INCH    5 = HAIL
                        GRTST 24HR     0.0         6 = FREEZING RAIN OR DRIZZLE
                        GRTST DEPTH:   0           7 = DUSTSTORM OR SANDSTORM:
                                                       VSBY 1/2 MILE OR LESS
                                                   8 = SMOKE OR HAZE
[NO. OF DAYS WITH]      [WEATHER - DAYS WITH]      9 = BLOWING SNOW
                                                   X = TORNADO
MAX 32 OR BELOW:   0    0.01 INCH OR MORE:  11
MAX 90 OR ABOVE:   2    0.10 INCH OR MORE:   8
MIN 32 OR BELOW:   0    0.50 INCH OR MORE:   5
MIN  0 OR BELOW:   0    1.00 INCH OR MORE:   4

[HDD (BASE 65) ]
TOTAL THIS MO.   125    CLEAR  (SCALE 0-3)  13
DPTR FM NORMAL    35    PTCLDY (SCALE 4-7)  13
TOTAL FM JUL 1  4710    CLOUDY (SCALE 8-10)  5
DPTR FM NORMAL    69

[CDD (BASE 65) ]
TOTAL THIS MO.   125
DPTR FM NORMAL    27    [PRESSURE DATA]
TOTAL FM JAN 1   150    HIGHEST SLP 30.37 ON 24
DPTR FM NORMAL    22    LOWEST  SLP 29.58 ON 19

[REMARKS]
#FINAL-05-13#
