000
CXUS53 KLSX 011600
CF6JEF
PRELIMINARY LOCAL CLIMATOLOGICAL DATA (WS FORM: F-6)

                                          STATION:   JEFFERSON CITY
                                          MONTH:     APRIL
                                          YEAR:      2013
                                          LATITUDE:   38 35 N
                                          LONGITUDE:  92 10 W

  TEMPERATURE IN F:       :PCPN:    SNOW:  WIND      :SUNSHINE: SKY     :PK WND
================================================================================
1   2   3   4   5  6A  6B    7    8   9   10  11  12  13   14  15   16   17  18
                                     12Z  AVG MX 2MIN
DY MAX MIN AVG DEP HDD CDD  WTR  SNW DPTH SPD SPD DIR MIN PSBL S-S WX    SPD DR
================================================================================

 1  50  33  42  -9  23   0 0.00  0.0    0  8.0 17 280   M    M   4        22 290
 2  50  27  39 -13  26   0 0.00  0.0    0  4.0 12 350   M    M   0        15  10
 3  53  29  41 -11  24   0 0.00  0.0    0  6.4 17  70   M    M   0        24  50
 4  60  28  44  -8  21   0 0.00  0.0    0  2.1 12 330   M    M   1        17 350
 5  69  31  50  -3  15   0 0.00  0.0    0  4.5 12 100   M    M   0        14 100
 6  75  52  64  11   1   0 0.00  0.0    0 12.4 28 180   M    M   2        35 230
 7  78  46  62   8   3   0 0.12  0.0    0  5.4 36 120   M    M   2 3      41 120
 8  78  61  70  16   0   5 0.23  0.0    0  9.1 26 210   M    M   6 3      35 220
 9  77  65  71  17   0   6 0.00  0.0    0 10.8 21 180   M    M   8        25 180
10  70  46  58   3   7   0 1.57  0.0    0  6.8 38 250   M    M   8 13     51 250
11  47  38  43 -12  22   0 0.00  0.0    0 11.5 18 260   M    M  10 1      24 260
12  46  33  40 -15  25   0 0.00  0.0    0  9.6 20 270   M    M   6        25 280
13  62  29  46 -10  19   0 0.00  0.0    0  4.7 14 100   M    M   3 12     18 100
14  80  47  64   8   1   0 0.11  0.0    0 13.0 26 180   M    M   1 13     35 160
15  60  45  53  -3  12   0 1.93  0.0    0  5.8 22 300   M    M   9 138    26 300
16  48  42  45 -12  20   0 0.77  0.0    0  5.7 18  70   M    M   M        28  80
17  85  48  67  10   0   2 0.00  0.0    0 10.8 21 170   M    M   6 18     29 180
18  76  40  58   1   7   0 2.19  0.0    0 13.3 31 280   M    M  10 13     40 280
19  52  35  44 -14  21   0 0.00  0.0    0 15.0 29 280   M    M   6        36 300
20  58  30  44 -14  21   0 0.00  0.0    0  4.4 14 100   M    M   0        20 100
21  69  47  58   0   7   0 0.00  0.0    0 10.4 21 130   M    M   4        39 140
22  73  43  58   0   7   0 0.00  0.0    0  7.7 21 160   M    M   2        28 150
23  62  38  50  -9  15   0 0.73  0.0    0  6.8 17 340   M    M  10 1      23 330
24  52  35  44 -15  21   0 0.01    T    0  7.9 18 290   M    M   4 1      29 300
25  66  37  52  -7  13   0 0.00  0.0    0  2.9  8 110   M    M   0        10 280
26  58  48  53  -7  12   0 0.22  0.0    0  8.7 20 170   M    M   9 1      24 170
27  53  48  51  -9  14   0 0.44  0.0    0  4.7  9  80   M    M  10 1      13  80
28  66  50  58  -2   7   0 0.00  0.0    0  5.2 10 300   M    M   6        14 320
29  85  46  66   6   0   1 0.00  0.0    0  8.1 17 180   M    M   0        23 170
30  85  64  75  14   0  10 0.00  0.0    0  9.2 20 180   M    M   0        30 190
================================================================================
SM 1943 1261       364  24  8.32    T    234.9          M      127
================================================================================
AV 64.8 42.0                               7.8 FASTST   M    M   4    MAX(MPH)
                                 MISC ---->  # 38 250               # 51  250
================================================================================
NOTES:
# LAST OF SEVERAL OCCURRENCES

COLUMN 17 PEAK WIND IN M.P.H.

PRELIMINARY LOCAL CLIMATOLOGICAL DATA (WS FORM: F-6) , PAGE 2

                                          STATION:  JEFFERSON CITY
                                          MONTH:    APRIL
                                          YEAR:     2013
                                          LATITUDE:   38 35 N
                                          LONGITUDE:  92 10 W

[TEMPERATURE DATA]      [PRECIPITATION DATA]       SYMBOLS USED IN COLUMN 16

AVERAGE MONTHLY: 53.4   TOTAL FOR MONTH:   8.32    1 = FOG OR MIST
DPTR FM NORMAL:  -2.9   DPTR FM NORMAL:    4.05    2 = FOG REDUCING VISIBILITY
HIGHEST:    85 ON 30,29 GRTST 24HR  2.19 ON 18-18      TO 1/4 MILE OR LESS
LOWEST:     27 ON  2                               3 = THUNDER
                        SNOW, ICE PELLETS, HAIL    4 = ICE PELLETS
                        TOTAL MONTH:    T          5 = HAIL
                        GRTST 24HR    T  ON 24-24  6 = FREEZING RAIN OR DRIZZLE
                        GRTST DEPTH:   0           7 = DUSTSTORM OR SANDSTORM:
                                                       VSBY 1/2 MILE OR LESS
                                                   8 = SMOKE OR HAZE
[NO. OF DAYS WITH]      [WEATHER - DAYS WITH]      9 = BLOWING SNOW
                                                   X = TORNADO
MAX 32 OR BELOW:   0    0.01 INCH OR MORE:  11
MAX 90 OR ABOVE:   0    0.10 INCH OR MORE:  10
MIN 32 OR BELOW:   6    0.50 INCH OR MORE:   5
MIN  0 OR BELOW:   0    1.00 INCH OR MORE:   3

[HDD (BASE 65) ]
TOTAL THIS MO.   364    CLEAR  (SCALE 0-3)  13
DPTR FM NORMAL    77    PTCLDY (SCALE 4-7)  10
TOTAL FM JUL 1  4585    CLOUDY (SCALE 8-10)  6
DPTR FM NORMAL    34

[CDD (BASE 65) ]
TOTAL THIS MO.    24
DPTR FM NORMAL    -2    [PRESSURE DATA]
TOTAL FM JAN 1    25    HIGHEST SLP 30.39 ON  3
DPTR FM NORMAL    -5    LOWEST  SLP 29.47 ON 18

[REMARKS]
#FINAL-04-13#
