000
CXUS53 KLSX 011600
CF6JEF
PRELIMINARY LOCAL CLIMATOLOGICAL DATA (WS FORM: F-6)

                                          STATION:   JEFFERSON CITY
                                          MONTH:     MARCH
                                          YEAR:      2013
                                          LATITUDE:   38 35 N
                                          LONGITUDE:  92 10 W

  TEMPERATURE IN F:       :PCPN:    SNOW:  WIND      :SUNSHINE: SKY     :PK WND
================================================================================
1   2   3   4   5  6A  6B    7    8   9   10  11  12  13   14  15   16   17  18
                                     12Z  AVG MX 2MIN
DY MAX MIN AVG DEP HDD CDD  WTR  SNW DPTH SPD SPD DIR MIN PSBL S-S WX    SPD DR
================================================================================

 1  33  28  31 -10  34   0    M    M    M  7.4 14 290   M    M  10 8      16 340
 2  32  18  25 -16  40   0    T    T    M  6.6 16 290   M    M   5        18 290
 3  41  15  28 -13  37   0 0.00  0.0    M  7.3 15 100   M    M   6 18     20 110
 4  54  37  46   4  19   0 0.00  0.0    M  9.9 15 100   M    M   1         M  M
 5  39  32  36  -6  29   0 0.02    M    M 17.3 32 290   M    M   9 18     41 290
 6  35  23  29 -13  36   0 0.00  0.0    M  6.8 18 330   M    M   6        24 330
 7  51  19  35  -7  30   0 0.00  0.0    M  6.3 16  70   M    M   0 18     24  80
 8  56  31  44   1  21   0    T  0.0    M 10.3 16 120   M    M   2        18 120
 9  72  43  58  15   7   0 0.42  0.0    M 11.6 23 160   M    M   8 1      30 170
10  61  35  48   4  17   0 0.83  0.0    0 10.3 23 290   M    M   9 1      29 240
11  38  28  33 -11  32   0 0.00  0.0    0 13.3 22 270   M    M   9 18     31 270
12  49  28  39  -5  26   0 0.00  0.0    0 10.0 29 290   M    M   2 8      37 300
13  44  28  36  -9  29   0 0.00  0.0    0  8.4 18 320   M    M   2        25 330
14  69  27  48   3  17   0    T    T    0  5.5 18 260   M    M   4        28 250
15  81  32  57  12   8   0 0.00  0.0    0  5.7 21 230   M    M   0 1      26 230
16  68  39  54   8  11   0    T  0.0    0  7.8 18  10   M    M   7 8      26 350
17  39  34  37  -9  28   0 0.40    M    0  9.3 17  80   M    M  10 1      23  80
18  53  34  44  -2  21   0 0.00  0.0    0 10.1 26 300   M    M   6 1      33 300
19  47  31  39  -8  26   0 0.00  0.0    0  5.4 13 240   M    M   5        16 220
20  37  21  29 -18  36   0 0.00  0.0    0 10.1 23 300   M    M   3        32 280
21  40  18  29 -18  36   0 0.00  0.0    0  4.1 14 220   M    M   6        18 230
22  40  34  37 -11  28   0 0.00  0.0    0  5.2 12 110   M    M  10        14 120
23  52  38  45  -3  20   0 0.16  0.0    0  7.3 17  80   M    M  10 1      22  70
24  38  30  34 -14  31   0    M    M    M 14.2 25 330   M    M  10 123    36 330
25  34  27  31 -18  34   0    M    M    M 12.7 23 290   M    M  10 8      29 280
26  39  25  32 -17  33   0 0.00  0.0    M  5.5 17 290   M    M   2        20 280
27  48  23  36 -14  29   0    T  0.0    M  3.8 15  70   M    M   5 1      18  70
28  62  39  51   1  14   0    T  0.0    M  8.0 14  70   M    M   8        20 130
29  67  38  53   3  12   0 0.00  0.0    0  4.3 13 110   M    M   1        22  60
30  53  39  46  -5  19   0 0.14  0.0    0  7.0 16 120   M    M   7 18     20 120
31  67  41  54   3  11   0 0.00  0.0    0  5.4 18 260   M    M   4 12     25 260
================================================================================
SM 1539  935       771   0  1.97    T    256.9          M      177
================================================================================
AV 49.6 30.2                               8.3 FASTST   M    M   6    MAX(MPH)
                                 MISC ---->  # 32 290               # 41  290
================================================================================
NOTES:
# LAST OF SEVERAL OCCURRENCES

COLUMN 17 PEAK WIND IN M.P.H.

PRELIMINARY LOCAL CLIMATOLOGICAL DATA (WS FORM: F-6) , PAGE 2

                                          STATION:  JEFFERSON CITY
                                          MONTH:    MARCH
                                          YEAR:     2013
                                          LATITUDE:   38 35 N
                                          LONGITUDE:  92 10 W

[TEMPERATURE DATA]      [PRECIPITATION DATA]       SYMBOLS USED IN COLUMN 16

AVERAGE MONTHLY: 39.9   TOTAL FOR MONTH:   1.97    1 = FOG OR MIST
DPTR FM NORMAL:  -5.8   DPTR FM NORMAL:   -1.09    2 = FOG REDUCING VISIBILITY
HIGHEST:    81 ON 15    GRTST 24HR  0.83 ON 10-10      TO 1/4 MILE OR LESS
LOWEST:     15 ON  3                               3 = THUNDER
                        SNOW, ICE PELLETS, HAIL    4 = ICE PELLETS
                        TOTAL MONTH:    T          5 = HAIL
                        GRTST 24HR    T  ON 14-14  6 = FREEZING RAIN OR DRIZZLE
                        GRTST DEPTH:   0           7 = DUSTSTORM OR SANDSTORM:
                                                       VSBY 1/2 MILE OR LESS
                                                   8 = SMOKE OR HAZE
[NO. OF DAYS WITH]      [WEATHER - DAYS WITH]      9 = BLOWING SNOW
                                                   X = TORNADO
MAX 32 OR BELOW:   1    0.01 INCH OR MORE:   6
MAX 90 OR ABOVE:   0    0.10 INCH OR MORE:   5
MIN 32 OR BELOW:  19    0.50 INCH OR MORE:   1
MIN  0 OR BELOW:   0    1.00 INCH OR MORE:   0

[HDD (BASE 65) ]
TOTAL THIS MO.   771    CLEAR  (SCALE 0-3)   9
DPTR FM NORMAL   169    PTCLDY (SCALE 4-7)  11
TOTAL FM JUL 1  4221    CLOUDY (SCALE 8-10) 11
DPTR FM NORMAL   -43

[CDD (BASE 65) ]
TOTAL THIS MO.     0
DPTR FM NORMAL    -4    [PRESSURE DATA]
TOTAL FM JAN 1     1    HIGHEST SLP 30.46 ON 13
DPTR FM NORMAL    -3    LOWEST  SLP 29.58 ON 10

[REMARKS]
#FINAL-03-13#
