000
CXUS53 KLSX 011600
CF6JEF
PRELIMINARY LOCAL CLIMATOLOGICAL DATA (WS FORM: F-6)

                                          STATION:   JEFFERSON CITY
                                          MONTH:     NOVEMBER
                                          YEAR:      2012
                                          LATITUDE:   38 35 N
                                          LONGITUDE:  92 10 W

  TEMPERATURE IN F:       :PCPN:    SNOW:  WIND      :SUNSHINE: SKY     :PK WND
================================================================================
1   2   3   4   5  6A  6B    7    8   9   10  11  12  13   14  15   16   17  18
                                     12Z  AVG MX 2MIN
DY MAX MIN AVG DEP HDD CDD  WTR  SNW DPTH SPD SPD DIR MIN PSBL S-S WX    SPD DR
================================================================================

 1  71  33  52   0  13   0 0.00  0.0    0  1.9 12 230   M    M   1 8      16 240
 2  62  43  53   1  12   0 0.00  0.0    0  7.1 13 110   M    M   0        20 110
 3  56  35  46  -5  19   0 0.00  0.0    0  4.8 14 310   M    M   2 18     21 100
 4  54  30  42  -9  23   0 0.00  0.0    0  2.5  9  90   M    M   5 128    13 110
 5  46  43  45  -5  20   0 0.16  0.0    0  6.8 12 100   M    M  10 18     16 120
 6  54  43  49  -1  16   0 0.00  0.0    0  4.6 14 260   M    M  10 18     20 240
 7  51  31  41  -9  24   0 0.00  0.0    0  4.9 16 330   M    M   6        21 330
 8  64  28  46  -3  19   0 0.00  0.0    0  6.5 14 150   M    M   0        17 140
 9  75  49  62  13   3   0 0.00  0.0    0  8.3 16 170   M    M   1        21 170
10  80  58  69  21   0   4 0.00  0.0    0 12.1 25 160   M    M   0        31 170
11  71  34  53   5  12   0 0.73    T    0 14.2 29 170   M    M   6 18     41 160
12  47  28  38  -9  27   0    T    T    0  6.5 23 260   M    M   1        31 270
13  54  27  41  -6  24   0 0.00  0.0    0  3.3  8 150   M    M   0        10 150
14  57  31  44  -2  21   0 0.00  0.0    0  3.9  8 150   M    M   0        10 100
15  58  28  43  -3  22   0 0.00  0.0    0  1.6  6 120   M    M   0         7 140
16  62  30  46   0  19   0 0.00  0.0    0  0.6  8 130   M    M   0 18      9 130
17  63  29  46   1  19   0 0.00  0.0    0  4.3  9 120   M    M   0 18     12 130
18  67  30  49   5  16   0 0.00  0.0    0  5.4 10 190   M    M   0        13 190
19  61  46  54  10  11   0 0.04  0.0    0  4.6 14 170   M    M   6        18 170
20  64  37  51   7  14   0 0.00  0.0    0  3.8 13 290   M    M   1 128    17 300
21  68  33  51   8  14   0 0.00  0.0    0  3.4  8 170   M    M   4 128    31 240
22  73  39  56  13   9   0 0.01  0.0    0  8.8 23 320   M    M   3        30 320
23  51  28  40  -2  25   0 0.00  0.0    0  9.3 24 320   M    M   1        32 310
24  42  22  32 -10  33   0 0.00  0.0    0  3.0  9 150   M    M   0        12 120
25  58  30  44   3  21   0 0.00  0.0    0  3.5 17  30   M    M   0        23  40
26  47  27  37  -4  28   0 0.00  0.0    0  7.2 18 350   M    M   5        26 360
27  41  18  30 -10  35   0 0.00  0.0    0  1.8  8 180   M    M   0        12 180
28  52  21  37  -3  28   0 0.00  0.0    0  2.2 12 180   M    M   0        14 180
29  64  29  47   7  18   0 0.00  0.0    0  6.5 15 180   M    M   0        20 180
30  67  42  55  16  10   0 0.00  0.0    0  3.5 12 260   M    M   0        15 260
================================================================================
SM 1780 1002       555   4  0.94    T    156.9          M       62
================================================================================
AV 59.3 33.4                               5.2 FASTST   M    M   2    MAX(MPH)
                                 MISC ---->  # 29 170               # 41  160
================================================================================
NOTES:
# LAST OF SEVERAL OCCURRENCES

COLUMN 17 PEAK WIND IN M.P.H.

PRELIMINARY LOCAL CLIMATOLOGICAL DATA (WS FORM: F-6) , PAGE 2

                                          STATION:  JEFFERSON CITY
                                          MONTH:    NOVEMBER
                                          YEAR:     2012
                                          LATITUDE:   38 35 N
                                          LONGITUDE:  92 10 W

[TEMPERATURE DATA]      [PRECIPITATION DATA]       SYMBOLS USED IN COLUMN 16

AVERAGE MONTHLY: 46.4   TOTAL FOR MONTH:   0.94    1 = FOG OR MIST
DPTR FM NORMAL:   0.8   DPTR FM NORMAL:   -2.86    2 = FOG REDUCING VISIBILITY
HIGHEST:    80 ON 10    GRTST 24HR  0.73 ON 10-11      TO 1/4 MILE OR LESS
LOWEST:     18 ON 27                               3 = THUNDER
                        SNOW, ICE PELLETS, HAIL    4 = ICE PELLETS
                        TOTAL MONTH:    T          5 = HAIL
                        GRTST 24HR    T  ON 12-12  6 = FREEZING RAIN OR DRIZZLE
                        GRTST DEPTH:   0           7 = DUSTSTORM OR SANDSTORM:
                                                       VSBY 1/2 MILE OR LESS
                                                   8 = SMOKE OR HAZE
[NO. OF DAYS WITH]      [WEATHER - DAYS WITH]      9 = BLOWING SNOW
                                                   X = TORNADO
MAX 32 OR BELOW:   0    0.01 INCH OR MORE:   4
MAX 90 OR ABOVE:   0    0.10 INCH OR MORE:   2
MIN 32 OR BELOW:  17    0.50 INCH OR MORE:   1
MIN  0 OR BELOW:   0    1.00 INCH OR MORE:   0

[HDD (BASE 65) ]
TOTAL THIS MO.   555    CLEAR  (SCALE 0-3)  22
DPTR FM NORMAL   -28    PTCLDY (SCALE 4-7)   6
TOTAL FM JUL 1   931    CLOUDY (SCALE 8-10)  2
DPTR FM NORMAL    35

[CDD (BASE 65) ]
TOTAL THIS MO.     4
DPTR FM NORMAL     2    [PRESSURE DATA]
TOTAL FM JAN 1  1944    HIGHEST SLP 30.51 ON 13
DPTR FM NORMAL   588    LOWEST  SLP 29.70 ON 11

[REMARKS]
#FINAL-11-12#
