000
CXUS53 KLSX 011600
CF6JEF
PRELIMINARY LOCAL CLIMATOLOGICAL DATA (WS FORM: F-6)

                                          STATION:   JEFFERSON CITY
                                          MONTH:     FEBRUARY
                                          YEAR:      2013
                                          LATITUDE:   38 35 N
                                          LONGITUDE:  92 10 W

  TEMPERATURE IN F:       :PCPN:    SNOW:  WIND      :SUNSHINE: SKY     :PK WND
================================================================================
1   2   3   4   5  6A  6B    7    8   9   10  11  12  13   14  15   16   17  18
                                     12Z  AVG MX 2MIN
DY MAX MIN AVG DEP HDD CDD  WTR  SNW DPTH SPD SPD DIR MIN PSBL S-S WX    SPD DR
================================================================================

 1  32   9  21 -13  44   0 0.00  0.0    0  5.9 17 290   M    M   3        21 300
 2  40  30  35   1  30   0 0.00  0.0    0  6.3 16 290   M    M   6        20 290
 3  43  32  38   4  27   0 0.00  0.0    0  9.6 25 310   M    M   0        38 300
 4  57  27  42   8  23   0 0.00  0.0    0  7.0 20 250   M    M   2        25 300
 5  58  23  41   7  24   0 0.00  0.0    0  4.4 18 280   M    M   0 18     24 280
 6  61  25  43   9  22   0 0.00  0.0    0  7.5 17 130   M    M   1 1      22 140
 7  50  37  44   9  21   0 0.21  0.0    0  6.2 21 340   M    M  10 18     26 340
 8  38  33  36   1  29   0 0.00  0.0    0  7.5 14 320   M    M  10 8      21 330
 9  47  32  40   5  25   0 0.06  0.0    0 12.1 18 130   M    M   7        22 130
10  64  39  52  17  13   0 0.24  0.0    0 16.0 36 260   M    M   6 13     46 260
11  51  30  41   5  24   0 0.00  0.0    0 10.4 29 270   M    M   1        37 280
12  44  24  34  -2  31   0 0.00  0.0    0  2.3  9 150   M    M   2        10 140
13  52  33  43   7  22   0 0.00  0.0    0  5.4 20 280   M    M   1        24 260
14  54  34  44   8  21   0 0.00  0.0    0  6.0 18 290   M    M   2        24 300
15  42  26  34  -3  31   0    T    T    0  8.9 17 290   M    M   3        23 290
16  38  18  28  -9  37   0 0.00  0.0    0  3.8 14 250   M    M   3        20 290
17  57  28  43   6  22   0 0.00  0.0    0  9.7 18 130   M    M   3        22 130
18  58  31  45   8  20   0 0.27  0.0    0 14.2 31 260   M    M   6 138    39 270
19  34  24  29  -9  36   0 0.00  0.0    0 14.6 26 290   M    M   0        33 280
20  29  18  24 -14  41   0 0.00  0.0    0  5.4 13  70   M    M   3        17  70
21  31  23  27 -11  38   0    M    M    0 11.8 26  70   M    M  10 1238   32  70
22  35  21  28 -10  37   0 0.00  0.0    M  8.8 22 250   M    M   6 18     26 240
23  36  12  24 -15  41   0 0.00  0.0    M  1.9  9 290   M    M   0 18     10 330
24  49  12  31  -8  34   0 0.00  0.0    M  4.9 13 110   M    M   0 18     15 100
25  48  31  40   1  25   0 0.43    M    M  9.8 20  50   M    M   4 1      30  70
26  36  34  35  -5  30   0    M    M    M  8.5 17  60   M    M  10 13     29  50
27  34  31  33  -7  32   0 0.13    M    M 13.5 24 280   M    M  10 18     31 270
28  34  30  32  -8  33   0    T    M    M  9.7 17 290   M    M  10 8      22 300
================================================================================
SM 1252  747       813   0  1.34    T    232.1          M      119
================================================================================
AV 44.7 26.7                               8.3 FASTST   M    M   4    MAX(MPH)
                                 MISC ---->  # 36 260               # 46  260
================================================================================
NOTES:
# LAST OF SEVERAL OCCURRENCES

COLUMN 17 PEAK WIND IN M.P.H.

PRELIMINARY LOCAL CLIMATOLOGICAL DATA (WS FORM: F-6) , PAGE 2

                                          STATION:  JEFFERSON CITY
                                          MONTH:    FEBRUARY
                                          YEAR:     2013
                                          LATITUDE:   38 35 N
                                          LONGITUDE:  92 10 W

[TEMPERATURE DATA]      [PRECIPITATION DATA]       SYMBOLS USED IN COLUMN 16

AVERAGE MONTHLY: 35.7   TOTAL FOR MONTH:   1.34    1 = FOG OR MIST
DPTR FM NORMAL:  -0.9   DPTR FM NORMAL:   -0.88    2 = FOG REDUCING VISIBILITY
HIGHEST:    64 ON 10    GRTST 24HR  1.60 ON 25-26      TO 1/4 MILE OR LESS
LOWEST:      9 ON  1                               3 = THUNDER
                        SNOW, ICE PELLETS, HAIL    4 = ICE PELLETS
                        TOTAL MONTH:    T          5 = HAIL
                        GRTST 24HR    T  ON 15-15  6 = FREEZING RAIN OR DRIZZLE
                        GRTST DEPTH:   0           7 = DUSTSTORM OR SANDSTORM:
                                                       VSBY 1/2 MILE OR LESS
                                                   8 = SMOKE OR HAZE
[NO. OF DAYS WITH]      [WEATHER - DAYS WITH]      9 = BLOWING SNOW
                                                   X = TORNADO
MAX 32 OR BELOW:   3    0.01 INCH OR MORE:   6
MAX 90 OR ABOVE:   0    0.10 INCH OR MORE:   5
MIN 32 OR BELOW:  22    0.50 INCH OR MORE:   0
MIN  0 OR BELOW:   0    1.00 INCH OR MORE:   0

[HDD (BASE 65) ]
TOTAL THIS MO.   813    CLEAR  (SCALE 0-3)  13
DPTR FM NORMAL    18    PTCLDY (SCALE 4-7)   9
TOTAL FM JUL 1  3450    CLOUDY (SCALE 8-10)  6
DPTR FM NORMAL  -212

[CDD (BASE 65) ]
TOTAL THIS MO.     0
DPTR FM NORMAL     0    [PRESSURE DATA]
TOTAL FM JAN 1     1    HIGHEST SLP 30.52 ON  1
DPTR FM NORMAL     1    LOWEST  SLP 29.35 ON 26

[REMARKS]
#FINAL-02-13#
