000
CXUS53 KLSX 011600
CF6JEF
PRELIMINARY LOCAL CLIMATOLOGICAL DATA (WS FORM: F-6)

                                          STATION:   JEFFERSON CITY
                                          MONTH:     JANUARY
                                          YEAR:      2013
                                          LATITUDE:   38 35 N
                                          LONGITUDE:  92 10 W

  TEMPERATURE IN F:       :PCPN:    SNOW:  WIND      :SUNSHINE: SKY     :PK WND
================================================================================
1   2   3   4   5  6A  6B    7    8   9   10  11  12  13   14  15   16   17  18
                                     12Z  AVG MX 2MIN
DY MAX MIN AVG DEP HDD CDD  WTR  SNW DPTH SPD SPD DIR MIN PSBL S-S WX    SPD DR
================================================================================

 1  28  14  21 -11  44   0    T    M    M  4.8 13 360   M    M   5 18     17 350
 2  35   7  21 -11  44   0 0.00  0.0    M  2.3  7 110   M    M   1 128     8 110
 3  39  15  27  -5  38   0 0.00  0.0    M  3.1 14 270   M    M   3 18     16 270
 4  42  14  28  -4  37   0 0.00  0.0    M  3.5 16 240   M    M   1 128    21 250
 5  41  21  31  -1  34   0    T    M    M  4.3 17 240   M    M   7        24 220
 6  38  20  29  -3  36   0 0.00  0.0    M  7.3 21 300   M    M   3        25 300
 7  50  18  34   2  31   0 0.00  0.0    0  5.3 12 150   M    M   0        15 160
 8  56  28  42  10  23   0    T  0.0    0  5.9 15 170   M    M   2        20 170
 9  60  32  46  14  19   0 0.00  0.0    0  3.1 13  40   M    M   1 12     18  30
10  50  40  45  13  20   0 0.30  0.0    0  9.3  M   M   M    M   8 1       M  M
11  65  47  56  24   9   0 0.00  0.0    0  9.3 23 170   M    M   3        29 170
12  59  29  44  12  21   0    M    M    0  9.2 17 300   M    M   6 16     23 290
13  29  16  23  -9  42   0    M    M    M  8.9 18 290   M    M   6        24 280
14  27  12  20 -12  45   0 0.00  0.0    M  2.2  8 350   M    M   0 18      9 130
15  31  11  21 -11  44   0 0.00  0.0    M  1.8 10 120   M    M   4        12 120
16  43  15  29  -3  36   0 0.00  0.0    M  3.3 15 220   M    M   1 18     20 270
17  44  23  34   2  31   0 0.00  0.0    0  3.9 16 330   M    M   1        22 310
18  59  23  41   9  24   0 0.00  0.0    0  8.2 23 220   M    M   0        32 220
19  63  43  53  21  12   0 0.00  0.0    0  8.8 20 270   M    M   0        25 270
20  44  25  35   3  30   0 0.00  0.0    0  7.5 18 330   M    M   1        24 330
21  26  17  22 -10  43   0 0.00  0.0    0  9.8 20 290   M    M   4        26 290
22  26  17  22 -10  43   0 0.00  0.0    0  4.5 10  50   M    M   7        13  50
23  47  13  30  -2  35   0 0.00  0.0    0  4.9 14 360   M    M   0        18  10
24  30  14  22 -10  43   0 0.00  0.0    0 10.9 17 110   M    M   3        22 120
25  45  27  36   4  29   0 0.00  0.0    0  4.6 15 270   M    M   4        18 290
26  48  24  36   3  29   0 0.00  0.0    0  5.0 13 100   M    M   0        17 110
27  59  34  47  14  18   0 0.13  0.0    0 10.5 20 180   M    M   8 18     24 170
28  77  54  66  33   0   1 0.00  0.0    0 10.4 26 200   M    M   5 1      32 210
29  71  52  62  29   3   0 1.65  0.0    0  9.3 25 280   M    M   7 13     37 300
30  53  27  40   7  25   0 0.05    M    0 16.5 31 290   M    M  10 1      39 300
31  33  12  23 -10  42   0    T    M    0 14.3 31 290   M    M   6        38 280
================================================================================
SM 1418  744       930   1  2.13     0.0 212.7          M      107
================================================================================
AV 45.7 24.0                               6.9 FASTST   M    M   3    MAX(MPH)
                                 MISC ---->  # 31 290               # 39  300
================================================================================
NOTES:
# LAST OF SEVERAL OCCURRENCES

COLUMN 17 PEAK WIND IN M.P.H.

PRELIMINARY LOCAL CLIMATOLOGICAL DATA (WS FORM: F-6) , PAGE 2

                                          STATION:  JEFFERSON CITY
                                          MONTH:    JANUARY
                                          YEAR:     2013
                                          LATITUDE:   38 35 N
                                          LONGITUDE:  92 10 W

[TEMPERATURE DATA]      [PRECIPITATION DATA]       SYMBOLS USED IN COLUMN 16

AVERAGE MONTHLY: 34.9   TOTAL FOR MONTH:   2.13    1 = FOG OR MIST
DPTR FM NORMAL:   2.9   DPTR FM NORMAL:    0.10    2 = FOG REDUCING VISIBILITY
HIGHEST:    77 ON 28    GRTST 24HR  1.70 ON 29-30      TO 1/4 MILE OR LESS
LOWEST:      7 ON  2                               3 = THUNDER
                        SNOW, ICE PELLETS, HAIL    4 = ICE PELLETS
                        TOTAL MONTH:   0.0 INCH    5 = HAIL
                        GRTST 24HR     0.0         6 = FREEZING RAIN OR DRIZZLE
                        GRTST DEPTH:   0           7 = DUSTSTORM OR SANDSTORM:
                                                       VSBY 1/2 MILE OR LESS
                                                   8 = SMOKE OR HAZE
[NO. OF DAYS WITH]      [WEATHER - DAYS WITH]      9 = BLOWING SNOW
                                                   X = TORNADO
MAX 32 OR BELOW:   7    0.01 INCH OR MORE:   4
MAX 90 OR ABOVE:   0    0.10 INCH OR MORE:   3
MIN 32 OR BELOW:  25    0.50 INCH OR MORE:   1
MIN  0 OR BELOW:   0    1.00 INCH OR MORE:   1

[HDD (BASE 65) ]
TOTAL THIS MO.   930    CLEAR  (SCALE 0-3)  17
DPTR FM NORMAL   -93    PTCLDY (SCALE 4-7)  12
TOTAL FM JUL 1  2637    CLOUDY (SCALE 8-10)  2
DPTR FM NORMAL  -230

[CDD (BASE 65) ]
TOTAL THIS MO.     1
DPTR FM NORMAL     1    [PRESSURE DATA]
TOTAL FM JAN 1     1    HIGHEST SLP 30.57 ON 24
DPTR FM NORMAL     1    LOWEST  SLP 29.33 ON 30

[REMARKS]
#FINAL-01-13#
