000
CXUS53 KLSX 011600
CF6JEF
PRELIMINARY LOCAL CLIMATOLOGICAL DATA (WS FORM: F-6)

                                          STATION:   JEFFERSON CITY
                                          MONTH:     NOVEMBER
                                          YEAR:      2016
                                          LATITUDE:   38 35 N
                                          LONGITUDE:  92 10 W

  TEMPERATURE IN F:       :PCPN:    SNOW:  WIND      :SUNSHINE: SKY     :PK WND
================================================================================
1   2   3   4   5  6A  6B    7    8   9   10  11  12  13   14  15   16   17  18
                                     12Z  AVG MX 2MIN
DY MAX MIN AVG DEP HDD CDD  WTR  SNW DPTH SPD SPD DIR MIN PSBL S-S WX    SPD DR
================================================================================

 1  84  62  73  21   0   8 0.00  0.0    0  7.4 21 180   M    M   0        28 180
 2  83  64  74  22   0   9 0.47  0.0    0  6.8 22  30   M    M   6 13     29  30
 3  68  50  59   8   6   0 0.08  0.0    0  3.4 14 110   M    M   6 1238   18 110
 4  72  44  58   7   7   0 0.00  0.0    0  1.1  9  40   M    M   4 12     13  30
 5  67  41  54   4  11   0 0.00  0.0    0  2.4  7 120   M    M   1 1      10 130
 6  67  35  51   1  14   0 0.00  0.0    0  3.8 10 140   M    M   1 1      14 130
 7  66  42  54   4  11   0 0.02  0.0    0  3.2 15 180   M    M   5        18 190
 8  65  45  55   6  10   0 0.24  0.0    0  3.4 12 360   M    M   6 1      15  10
 9  63  35  49   0  16   0 0.00  0.0    0  2.5  9  10   M    M   0        14 340
10  67  31  49   1  16   0 0.00  0.0    0  3.9 14 250   M    M   2 12     20 250
11  63  40  52   4  13   0 0.00  0.0    0  7.0 16 360   M    M   0        22 350
12  56  30  43  -4  22   0 0.00  0.0    0  2.3  9 140   M    M   0        12 130
13  63  26  45  -2  20   0 0.00  0.0    0  2.6  9 190   M    M   0        13 180
14  69  37  53   7  12   0 0.00  0.0    0  4.5 13 270   M    M   1 1      15 270
15  69  36  53   7  12   0 0.00  0.0    0  1.5  7 270   M    M   3 12      9 320
16  75  37  56  10   9   0 0.00  0.0    0  4.1  9 110   M    M   0 1      13 140
17  82  51  67  22   0   2 0.00  0.0    0 11.6 29 190   M    M   0        36 210
18  70  39  55  11  10   0    T  0.0    0 16.5 28 270   M    M   5        38 280
19  47  28  38  -6  27   0 0.00  0.0    0  9.5 21 300   M    M   0        30 290
20  49  23  36  -8  29   0 0.00  0.0    0  4.1  8 100   M    M   0        12 100
21  58  25  42  -1  23   0 0.00  0.0    0  6.9 14 100   M    M   0        18 110
22  53  43  48   5  17   0 0.28  0.0    0  9.4 16 110   M    M   7 1      21 180
23  55  44  50   8  15   0 0.00  0.0    0  8.9 17 290   M    M  10 1      26 310
24  49  34  42   0  23   0 0.00  0.0    0  3.5 10 270   M    M   6        14 320
25  45  28  37  -4  28   0 0.00  0.0    0  3.3 13 310   M    M   6 1      16 290
26  51  24  38  -3  27   0 0.00  0.0    0  5.3 10 180   M    M   4 12     16 180
27  53  37  45   5  20   0 0.02  0.0    0  9.8 18 160   M    M   8 1      26 160
28  58  50  54  14  11   0    T  0.0    0  9.7 22 130   M    M   6        31 140
29  64  37  51  11  14   0 0.00  0.0    0  6.8 18 240   M    M   1        23 210
30  41  32  37  -2  28   0 0.00  0.0    0  7.9 21 240   M    M   6        25 260
================================================================================
SM 1872 1150       451  19  1.11     0.0 173.1          M       94
================================================================================
AV 62.4 38.3                               5.8 FASTST   M    M   3    MAX(MPH)
                                 MISC ---->  # 29 190               # 38  280
================================================================================
NOTES:
# LAST OF SEVERAL OCCURRENCES

COLUMN 17 PEAK WIND IN M.P.H.

PRELIMINARY LOCAL CLIMATOLOGICAL DATA (WS FORM: F-6) , PAGE 2

                                          STATION:  JEFFERSON CITY
                                          MONTH:    NOVEMBER
                                          YEAR:     2016
                                          LATITUDE:   38 35 N
                                          LONGITUDE:  92 10 W

[TEMPERATURE DATA]      [PRECIPITATION DATA]       SYMBOLS USED IN COLUMN 16

AVERAGE MONTHLY: 50.4   TOTAL FOR MONTH:   1.11    1 = FOG OR MIST
DPTR FM NORMAL:   4.8   DPTR FM NORMAL:   -2.69    2 = FOG REDUCING VISIBILITY
HIGHEST:    84 ON  1    GRTST 24HR  0.55 ON  2- 3      TO 1/4 MILE OR LESS
LOWEST:     23 ON 20                               3 = THUNDER
                        SNOW, ICE PELLETS, HAIL    4 = ICE PELLETS
                        TOTAL MONTH:   0.0 INCH    5 = HAIL
                        GRTST 24HR     0.0         6 = FREEZING RAIN OR DRIZZLE
                        GRTST DEPTH:   0           7 = DUSTSTORM OR SANDSTORM:
                                                       VSBY 1/2 MILE OR LESS
                                                   8 = SMOKE OR HAZE
[NO. OF DAYS WITH]      [WEATHER - DAYS WITH]      9 = BLOWING SNOW
                                                   X = TORNADO
MAX 32 OR BELOW:   0    0.01 INCH OR MORE:   6
MAX 90 OR ABOVE:   0    0.10 INCH OR MORE:   3
MIN 32 OR BELOW:   9    0.50 INCH OR MORE:   0
MIN  0 OR BELOW:   0    1.00 INCH OR MORE:   0

[HDD (BASE 65) ]
TOTAL THIS MO.   451    CLEAR  (SCALE 0-3)  16
DPTR FM NORMAL  -132    PTCLDY (SCALE 4-7)  12
TOTAL FM JUL 1   582    CLOUDY (SCALE 8-10)  2
DPTR FM NORMAL  -314

[CDD (BASE 65) ]
TOTAL THIS MO.    19
DPTR FM NORMAL    17    [PRESSURE DATA]
TOTAL FM JAN 1  1674    HIGHEST SLP 30.49 ON 19
DPTR FM NORMAL   318    LOWEST  SLP 29.15 ON 28

[REMARKS]
#FINAL-11-16#
