000
CXUS53 KLSX 011600
CF6JEF
PRELIMINARY LOCAL CLIMATOLOGICAL DATA (WS FORM: F-6)

                                          STATION:   JEFFERSON CITY
                                          MONTH:     NOVEMBER
                                          YEAR:      2017
                                          LATITUDE:   38 35 N
                                          LONGITUDE:  92 10 W

  TEMPERATURE IN F:       :PCPN:    SNOW:  WIND      :SUNSHINE: SKY     :PK WND
================================================================================
1   2   3   4   5  6A  6B    7    8   9   10  11  12  13   14  15   16   17  18
                                     12Z  AVG MX 2MIN
DY MAX MIN AVG DEP HDD CDD  WTR  SNW DPTH SPD SPD DIR MIN PSBL S-S WX    SPD DR
================================================================================

 1  53  34  44  -8  21   0    T  0.0    0  8.1 17 140   M    M   7 1      28 110
 2  77  48  63  11   2   0    T  0.0    0  7.6 18 350   M    M   6 128    24 360
 3  61  45  53   2  12   0 0.00  0.0    0  8.8 15 110   M    M   7        21 110
 4  65  57  61  10   4   0    T  0.0    0  4.0 12 120   M    M  10        14 120
 5  65  45  55   5  10   0    T  0.0    0  7.2 18 340   M    M  10 18     22 320
 6  48  37  43  -7  22   0 0.01  0.0    0  5.8 13  40   M    M   9 18     19  50
 7  50  41  46  -4  19   0 0.00  0.0    0  7.0 14  10   M    M   9 18     19 360
 8  53  31  42  -7  23   0 0.00  0.0    0  3.1 10 340   M    M   0        13 350
 9  56  27  42  -7  23   0 0.00  0.0    0  6.2 18 300   M    M   0 1      26 290
10  43  26  35 -13  30   0 0.00  0.0    0  7.9 14 110   M    M   1        20  90
11  59  29  44  -4  21   0 0.00  0.0    0  7.8 15 130   M    M   4        19 140
12  52  45  49   2  16   0    T  0.0    0  4.4 13 340   M    M  10 18     17 360
13  57  44  51   4  14   0 0.00  0.0    0  5.8 14 130   M    M   7        16 150
14  55  47  51   5  14   0    T  0.0    0  8.9 16 150   M    M  10        18 140
15  61  36  49   3  16   0 0.10  0.0    0  6.7 18 310   M    M   5 1      26 340
16  51  28  40  -6  25   0 0.00  0.0    0  5.0 13 120   M    M   0        16 120
17  69  41  55  10  10   0 0.00  0.0    0 11.3 22 160   M    M   7        26 160
18  68  38  53   9  12   0 0.27  0.0    0 11.5 29 350   M    M   3 18     36 350
19  47  30  39  -5  26   0 0.00  0.0    0  7.1 14 290   M    M   0        20 320
20  64  34  49   5  16   0 0.00  0.0    0  9.2 24 200   M    M   0        33 210
21  55  30  43   0  22   0 0.00  0.0    0  6.6 20 350   M    M   1        27 360
22  43  22  33 -10  32   0 0.00  0.0    0  2.6  8 250   M    M   0        11 330
23  60  28  44   2  21   0 0.00  0.0    0  4.7 14 260   M    M   0        17 240
24  76  33  55  13  10   0 0.00  0.0    0  7.7 22 220   M    M   0        29 230
25  62  34  48   7  17   0 0.00  0.0    0  4.6 20 350   M    M   0 8      24 350
26  64  29  47   6  18   0 0.00  0.0    0  2.3 13 230   M    M   0        17 250
27  71  34  53  13  12   0 0.00  0.0    0  7.2 18 180   M    M   0        23 170
28  71  56  64  24   1   0 0.00  0.0    0 10.1 20 230   M    M   5        25  10
29  62  50  56  16   9   0    T  0.0    0  6.8 14 100   M    M   8        21  80
30  58  31  45   6  20   0 0.00  0.0    0  5.8 16 290   M    M   2        20 290
================================================================================
SM 1776 1110       498   0  0.38     0.0 201.8          M      121
================================================================================
AV 59.2 37.0                               6.7 FASTST   M    M   4    MAX(MPH)
                                 MISC ---->  # 29 350               # 36  350
================================================================================
NOTES:
# LAST OF SEVERAL OCCURRENCES

COLUMN 17 PEAK WIND IN M.P.H.

PRELIMINARY LOCAL CLIMATOLOGICAL DATA (WS FORM: F-6) , PAGE 2

                                          STATION:  JEFFERSON CITY
                                          MONTH:    NOVEMBER
                                          YEAR:     2017
                                          LATITUDE:   38 35 N
                                          LONGITUDE:  92 10 W

[TEMPERATURE DATA]      [PRECIPITATION DATA]       SYMBOLS USED IN COLUMN 16

AVERAGE MONTHLY: 48.1   TOTAL FOR MONTH:   0.38    1 = FOG OR MIST
DPTR FM NORMAL:   2.5   DPTR FM NORMAL:   -3.42    2 = FOG REDUCING VISIBILITY
HIGHEST:    77 ON  2    GRTST 24HR  0.27 ON 18-18      TO 1/4 MILE OR LESS
LOWEST:     22 ON 22                               3 = THUNDER
                        SNOW, ICE PELLETS, HAIL    4 = ICE PELLETS
                        TOTAL MONTH:   0.0 INCH    5 = HAIL
                        GRTST 24HR     0.0         6 = FREEZING RAIN OR DRIZZLE
                        GRTST DEPTH:   0           7 = DUSTSTORM OR SANDSTORM:
                                                       VSBY 1/2 MILE OR LESS
                                                   8 = SMOKE OR HAZE
[NO. OF DAYS WITH]      [WEATHER - DAYS WITH]      9 = BLOWING SNOW
                                                   X = TORNADO
MAX 32 OR BELOW:   0    0.01 INCH OR MORE:   3
MAX 90 OR ABOVE:   0    0.10 INCH OR MORE:   2
MIN 32 OR BELOW:  11    0.50 INCH OR MORE:   0
MIN  0 OR BELOW:   0    1.00 INCH OR MORE:   0

[HDD (BASE 65) ]
TOTAL THIS MO.   498    CLEAR  (SCALE 0-3)  14
DPTR FM NORMAL   -85    PTCLDY (SCALE 4-7)   9
TOTAL FM JUL 1   742    CLOUDY (SCALE 8-10)  7
DPTR FM NORMAL  -154

[CDD (BASE 65) ]
TOTAL THIS MO.     0
DPTR FM NORMAL    -2    [PRESSURE DATA]
TOTAL FM JAN 1  1551    HIGHEST SLP 30.52 ON 10
DPTR FM NORMAL   195    LOWEST  SLP 29.30 ON 18

[REMARKS]
#FINAL-11-17#
