000
CXUS53 KLSX 011600
CF6JEF
PRELIMINARY LOCAL CLIMATOLOGICAL DATA (WS FORM: F-6)

                                          STATION:   JEFFERSON CITY
                                          MONTH:     MARCH
                                          YEAR:      2014
                                          LATITUDE:   38 35 N
                                          LONGITUDE:  92 10 W

  TEMPERATURE IN F:       :PCPN:    SNOW:  WIND      :SUNSHINE: SKY     :PK WND
================================================================================
1   2   3   4   5  6A  6B    7    8   9   10  11  12  13   14  15   16   17  18
                                     12Z  AVG MX 2MIN
DY MAX MIN AVG DEP HDD CDD  WTR  SNW DPTH SPD SPD DIR MIN PSBL S-S WX    SPD DR
================================================================================

 1  42  20  31 -10  34   0    T    M    0  6.9 16 360   M    M   8 168    22 350
 2  20   3  12 -29  53   0    T    M    M 12.6 20 360   M    M   9 168    25 350
 3  24   0  12 -29  53   0 0.01    M    M  5.2 16 360   M    M   0        21 350
 4  44  13  29 -13  36   0 0.00  0.0    0  4.6 13 180   M    M   0        15 180
 5  49  25  37  -5  28   0 0.00  0.0    0  7.0 18  60   M    M   0        24  80
 6  51  26  39  -3  26   0 0.00  0.0    0  3.9 12 130   M    M   3 8      14 130
 7  65  26  46   4  19   0 0.00  0.0    0  4.6 12 180   M    M   0        16 160
 8  47  34  41  -2  24   0 0.00  0.0    0  7.7 17  20   M    M   8 8      22  30
 9  59  22  41  -2  24   0 0.00  0.0    0  4.1 16 220   M    M   1 18     22 220
10  77  34  56  12   9   0 0.00  0.0    0  6.8 20 220   M    M   0 8      25 230
11  81  40  61  17   4   0 0.26  0.0    0  9.2 31  10   M    M   3 13     43 350
12  47  29  38  -6  27   0 0.10    M    0 11.6 26 290   M    M   4 1      33 310
13  67  24  46   1  19   0 0.00  0.0    0  5.6 18 240   M    M   0        25 260
14  65  34  50   5  15   0 0.00  0.0    0  9.8 26 250   M    M   0 8      37 240
15  71  25  48   3  17   0 0.00  0.0    0  5.1 17 160   M    M   2 18     23  30
16  53  23  38  -8  27   0    M    M    0 11.7 23 360   M    M   6 18     37  40
17  47  17  32 -14  33   0 0.00  0.0    0  3.8 12 170   M    M   0        16 180
18  65  37  51   5  14   0 0.01  0.0    0 13.3 26 170   M    M   1 3      35 150
19  55  30  43  -4  22   0    T  0.0    0 12.2 26 290   M    M   5 8      33 270
20  68  25  47   0  18   0 0.00  0.0    0  7.1 22 230   M    M   0 1      28 240
21  77  40  59  12   6   0 0.00  0.0    0 10.5 25 250   M    M   0        32 250
22  50  34  42  -6  23   0 0.00  0.0    0 10.5 20 340   M    M   2 8      25 350
23  44  25  35 -13  30   0 0.00  0.0    0  8.8 17  10   M    M   2        23 360
24  42  21  32 -16  33   0    T    T    0  5.3 13 120   M    M   8 18     21 150
25  40  22  31 -18  34   0 0.00  0.0    0  9.7 28 290   M    M   2 18     36 300
26  54  15  35 -14  30   0 0.08  0.0    0 11.9 28 160   M    M   4        38 190
27  65  41  53   3  12   0 0.13  0.0    0 14.8 30 170   M    M   9 3      37 180
28  50  39  45  -5  20   0 0.00  0.0    0  6.9 15 320   M    M   8 8      20 300
29  55  33  44  -6  21   0 0.00  0.0    0  6.2 16 360   M    M   4 8      22 340
30  72  29  51   0  14   0 0.00  0.0    0  9.5 18 150   M    M   0 1      24 150
31  69  51  60   9   5   0 0.01  0.0    0 14.0 29 190   M    M   0 3      39 200
================================================================================
SM 1715  837       730   0  0.60    T    260.9          M       89
================================================================================
AV 55.3 27.0                               8.4 FASTST   M    M   3    MAX(MPH)
                                 MISC ---->  # 31  10               # 43  350
================================================================================
NOTES:
# LAST OF SEVERAL OCCURRENCES

COLUMN 17 PEAK WIND IN M.P.H.

PRELIMINARY LOCAL CLIMATOLOGICAL DATA (WS FORM: F-6) , PAGE 2

                                          STATION:  JEFFERSON CITY
                                          MONTH:    MARCH
                                          YEAR:     2014
                                          LATITUDE:   38 35 N
                                          LONGITUDE:  92 10 W

[TEMPERATURE DATA]      [PRECIPITATION DATA]       SYMBOLS USED IN COLUMN 16

AVERAGE MONTHLY: 41.2   TOTAL FOR MONTH:   0.60    1 = FOG OR MIST
DPTR FM NORMAL:  -4.5   DPTR FM NORMAL:   -2.46    2 = FOG REDUCING VISIBILITY
HIGHEST:    81 ON 11    GRTST 24HR  0.26 ON 11-11      TO 1/4 MILE OR LESS
LOWEST:      0 ON  3                               3 = THUNDER
                        SNOW, ICE PELLETS, HAIL    4 = ICE PELLETS
                        TOTAL MONTH:    T          5 = HAIL
                        GRTST 24HR    T  ON 24-24  6 = FREEZING RAIN OR DRIZZLE
                        GRTST DEPTH:   0           7 = DUSTSTORM OR SANDSTORM:
                                                       VSBY 1/2 MILE OR LESS
                                                   8 = SMOKE OR HAZE
[NO. OF DAYS WITH]      [WEATHER - DAYS WITH]      9 = BLOWING SNOW
                                                   X = TORNADO
MAX 32 OR BELOW:   2    0.01 INCH OR MORE:   7
MAX 90 OR ABOVE:   0    0.10 INCH OR MORE:   3
MIN 32 OR BELOW:  20    0.50 INCH OR MORE:   0
MIN  0 OR BELOW:   1    1.00 INCH OR MORE:   0

[HDD (BASE 65) ]
TOTAL THIS MO.   730    CLEAR  (SCALE 0-3)  20
DPTR FM NORMAL   128    PTCLDY (SCALE 4-7)   7
TOTAL FM JUL 1  5025    CLOUDY (SCALE 8-10)  4
DPTR FM NORMAL   761

[CDD (BASE 65) ]
TOTAL THIS MO.     0
DPTR FM NORMAL    -4    [PRESSURE DATA]
TOTAL FM JAN 1     0    HIGHEST SLP 30.50 ON 23
DPTR FM NORMAL    -4    LOWEST  SLP 29.42 ON 27

[REMARKS]
#FINAL-03-14#
