000
CXUS53 KLSX 011600
CF6JEF
PRELIMINARY LOCAL CLIMATOLOGICAL DATA (WS FORM: F-6)

                                          STATION:   JEFFERSON CITY
                                          MONTH:     SEPTEMBER
                                          YEAR:      2017
                                          LATITUDE:   38 35 N
                                          LONGITUDE:  92 10 W

  TEMPERATURE IN F:       :PCPN:    SNOW:  WIND      :SUNSHINE: SKY     :PK WND
================================================================================
1   2   3   4   5  6A  6B    7    8   9   10  11  12  13   14  15   16   17  18
                                     12Z  AVG MX 2MIN
DY MAX MIN AVG DEP HDD CDD  WTR  SNW DPTH SPD SPD DIR MIN PSBL S-S WX    SPD DR
================================================================================

 1  78  58  68  -5   0   3 0.00  0.0    0  5.3 13  50   M    M   2 18     17  40
 2  83  50  67  -6   0   2 0.00  0.0    0  2.0  8 250   M    M   0 1      12 290
 3  88  64  76   4   0  11 0.00  0.0    0  1.9  7 170   M    M   1 12      9 190
 4  91  65  78   6   0  13 0.00  0.0    0  7.6 20 220   M    M   2 13     25 260
 5  75  53  64  -8   1   0 0.00  0.0    0  7.2 22 300   M    M   3 8      28 280
 6  71  49  60 -12   5   0 0.00  0.0    0  4.9 16 300   M    M   3        24 310
 7  77  47  62  -9   3   0 0.00  0.0    0  1.7 10 270   M    M   1 128    16 290
 8  83  49  66  -5   0   1 0.00  0.0    0  2.9 10 210   M    M   1 12     14 220
 9  84  58  71   1   0   6 0.00  0.0    0  3.0  8 110   M    M   2 18     10 100
10  81  55  68  -2   0   3 0.00  0.0    0  3.7 13 110   M    M   0 1      18 100
11  80  48  64  -6   1   0 0.00  0.0    0  3.5 12  40   M    M   0        16  70
12  75  57  66  -3   0   1 0.00  0.0    0  6.1 17  20   M    M   0        24  30
13  82  56  69   0   0   4 0.00  0.0    0  4.8 13 290   M    M   2        16 270
14  86  52  69   0   0   4 0.00  0.0    0  2.4 10 180   M    M   0 1      13 180
15  88  58  73   5   0   8 0.00  0.0    0  6.2 15 180   M    M   0        18 190
16  88  63  76   8   0  11 0.00  0.0    0  6.1 15 180   M    M   0 18     20 190
17  77  65  71   3   0   6 0.53  0.0    0  3.8 13 300   M    M   4 1      15 300
18  82  62  72   5   0   7 1.70  0.0    0  2.4 15 260   M    M   4 123    21 250
19  87  63  75   8   0  10 0.00  0.0    0  4.7 12 130   M    M   5 128    14 130
20   M  69   M   M   M   M 0.00  0.0    0  7.5 15 160   M    M   0 8      18 190
21  92  71  82  16   0  17 0.00  0.0    0  6.2 14 190   M    M   1 8      16 200
22  91  69  80  14   0  15 0.00  0.0    0  4.6 13 220   M    M   0 18     17 220
23  92  66  79  14   0  14 0.00  0.0    0  3.4  8 120   M    M   1 1      10  80
24  92  66  79  14   0  14 0.00  0.0    0  3.9 10 190   M    M   0        13 190
25  88  65  77  13   0  12    T  0.0    0  3.9 15 200   M    M   1        18 210
26  86  65  76  12   0  11 0.00  0.0    0  5.1 15 310   M    M   0        19 310
27  70  56  63  -1   2   0 0.00  0.0    0  4.5 13  10   M    M   3        18  10
28  77  52  65   1   0   0 0.00  0.0    0  3.3 13  50   M    M   0        17  20
29  82  49  66   3   0   1 0.00  0.0    0  2.1 14  80   M    M   0 18     17  80
30  77  52  65   2   0   0 0.00  0.0    0  6.0 13 100   M    M   0        16 130
================================================================================
SM 2403 1752        12 174  2.23     0.0 130.7          M       36
================================================================================
AV 82.9 58.4                               4.4 FASTST   M    M   1    MAX(MPH)
                                 MISC ---->  # 22 300               # 28  280
================================================================================
NOTES:
# LAST OF SEVERAL OCCURRENCES

COLUMN 17 PEAK WIND IN M.P.H.

PRELIMINARY LOCAL CLIMATOLOGICAL DATA (WS FORM: F-6) , PAGE 2

                                          STATION:  JEFFERSON CITY
                                          MONTH:    SEPTEMBER
                                          YEAR:     2017
                                          LATITUDE:   38 35 N
                                          LONGITUDE:  92 10 W

[TEMPERATURE DATA]      [PRECIPITATION DATA]       SYMBOLS USED IN COLUMN 16

AVERAGE MONTHLY: 70.6   TOTAL FOR MONTH:   2.23    1 = FOG OR MIST
DPTR FM NORMAL:   2.5   DPTR FM NORMAL:   -2.08    2 = FOG REDUCING VISIBILITY
HIGHEST:    92 ON 24,23 GRTST 24HR  1.70 ON 18-18      TO 1/4 MILE OR LESS
LOWEST:     47 ON  7                               3 = THUNDER
                        SNOW, ICE PELLETS, HAIL    4 = ICE PELLETS
                        TOTAL MONTH:   0.0 INCH    5 = HAIL
                        GRTST 24HR     0.0         6 = FREEZING RAIN OR DRIZZLE
                        GRTST DEPTH:   0           7 = DUSTSTORM OR SANDSTORM:
                                                       VSBY 1/2 MILE OR LESS
                                                   8 = SMOKE OR HAZE
[NO. OF DAYS WITH]      [WEATHER - DAYS WITH]      9 = BLOWING SNOW
                                                   X = TORNADO
MAX 32 OR BELOW:   0    0.01 INCH OR MORE:   2
MAX 90 OR ABOVE:   5    0.10 INCH OR MORE:   2
MIN 32 OR BELOW:   0    0.50 INCH OR MORE:   2
MIN  0 OR BELOW:   0    1.00 INCH OR MORE:   1

[HDD (BASE 65) ]
TOTAL THIS MO.    12    CLEAR  (SCALE 0-3)  25
DPTR FM NORMAL   -36    PTCLDY (SCALE 4-7)   5
TOTAL FM JUL 1    14    CLOUDY (SCALE 8-10)  0
DPTR FM NORMAL   -36

[CDD (BASE 65) ]
TOTAL THIS MO.   174
DPTR FM NORMAL    35    [PRESSURE DATA]
TOTAL FM JAN 1  1469    HIGHEST SLP 30.32 ON 30
DPTR FM NORMAL   145    LOWEST  SLP 29.69 ON 13

[REMARKS]
#FINAL-09-17#
