000
CXUS53 KLSX 011600
CF6JEF
PRELIMINARY LOCAL CLIMATOLOGICAL DATA (WS FORM: F-6)

                                          STATION:   JEFFERSON CITY
                                          MONTH:     MARCH
                                          YEAR:      2016
                                          LATITUDE:   38 35 N
                                          LONGITUDE:  92 10 W

  TEMPERATURE IN F:       :PCPN:    SNOW:  WIND      :SUNSHINE: SKY     :PK WND
================================================================================
1   2   3   4   5  6A  6B    7    8   9   10  11  12  13   14  15   16   17  18
                                     12Z  AVG MX 2MIN
DY MAX MIN AVG DEP HDD CDD  WTR  SNW DPTH SPD SPD DIR MIN PSBL S-S WX    SPD DR
================================================================================

 1  59  26  43   2  22   0 0.02    M    0 11.5 25 300   M    M   7 3      35 290
 2  47  20  34  -7  31   0 0.00  0.0    0  8.3 18 130   M    M   2        22 130
 3  53  39  46   5  19   0 0.20  0.0    0  6.9 16 360   M    M   9 1      20 350
 4  54  36  45   3  20   0 0.00  0.0    0  5.1 13 110   M    M   6 18     16 120
 5  63  34  49   7  16   0 0.00  0.0    0  7.0 23 300   M    M   0        29 300
 6  71  31  51   9  14   0 0.00  0.0    0 11.8 23 170   M    M   1        32 170
 7  74  58  66  24   0   1 0.03  0.0    0 12.6 23 170   M    M   8 3      30 180
 8  75  60  68  25   0   3 0.84  0.0    0 11.1 32  80   M    M   5 18     36  80
 9  62  51  57  14   8   0 0.01  0.0    0  4.0 13  10   M    M   6 1      16  10
10  58  42  50   6  15   0 0.03  0.0    0  4.4 10 360   M    M   6        14 350
11  63  36  50   6  15   0    T  0.0    0  6.4 15 130   M    M   2 12     20 130
12  58  50  54  10  11   0 0.32  0.0    0  5.0 12  80   M    M   9 1      14  80
13  64  53  59  14   6   0 0.02  0.0    0  1.8  6 320   M    M   9 1      12 310
14  72  53  63  18   2   0 0.00  0.0    0  4.5 15 240   M    M   5 128    18 230
15  80  49  65  20   0   0    T  0.0    0 11.4 33 290   M    M   1        43 290
16  62  45  54   8  11   0 0.00  0.0    0 10.8 23 260   M    M   1        29 270
17  63  36  50   4  15   0 0.00  0.0    0  4.8 18 280   M    M   0        23 280
18  51  37  44  -2  21   0 0.19  0.0    0  5.3 20  10   M    M   9 1      24  20
19  44  31  38  -9  27   0 0.00  0.0    0  8.2 22 270   M    M   6        27 280
20  47  30  39  -8  26   0    T    M    0  6.9 20 340   M    M   8 1      23 340
21  60  27  44  -3  21   0 0.00  0.0    0  8.2 20 200   M    M   0        27 190
22  78  47  63  15   2   0 0.00  0.0    0 11.9 26 200   M    M   0        34 180
23  76  57  67  19   0   2 0.00  0.0    0 13.4 25 180   M    M   4        34 180
24  67  38  53   5  12   0 0.02  0.0    0 15.3 29 270   M    M   8 8      35 180
25  55  36  46  -3  19   0 0.00  0.0    0  6.8 15 130   M    M   5        20 130
26  69  37  53   4  12   0 0.00  0.0    0  7.3 21 130   M    M   1        25 130
27  54  35  45  -5  20   0 0.42  0.0    0  7.1 24 290   M    M   6 1      29 300
28  64  28  46  -4  19   0 0.00  0.0    0  2.5  9 120   M    M   1 12     15 100
29  67  38  53   3  12   0 0.00  0.0    0 11.7 23 120   M    M   0        30 130
30  74  50  62  11   3   0 0.51  0.0    0 11.0 30 170   M    M   7 138    40 170
31  65  48  57   6   8   0 0.02  0.0    0  9.5 25 270   M    M   6        33 270
================================================================================
SM 1949 1258       407   6  2.63     0.0 252.5          M      138
================================================================================
AV 62.9 40.6                               8.1 FASTST   M    M   4    MAX(MPH)
                                 MISC ---->  # 33 290               # 43  290
================================================================================
NOTES:
# LAST OF SEVERAL OCCURRENCES

COLUMN 17 PEAK WIND IN M.P.H.

PRELIMINARY LOCAL CLIMATOLOGICAL DATA (WS FORM: F-6) , PAGE 2

                                          STATION:  JEFFERSON CITY
                                          MONTH:    MARCH
                                          YEAR:     2016
                                          LATITUDE:   38 35 N
                                          LONGITUDE:  92 10 W

[TEMPERATURE DATA]      [PRECIPITATION DATA]       SYMBOLS USED IN COLUMN 16

AVERAGE MONTHLY: 51.7   TOTAL FOR MONTH:   2.63    1 = FOG OR MIST
DPTR FM NORMAL:   6.0   DPTR FM NORMAL:   -0.43    2 = FOG REDUCING VISIBILITY
HIGHEST:    80 ON 15    GRTST 24HR  0.84 ON  8- 8      TO 1/4 MILE OR LESS
LOWEST:     20 ON  2                               3 = THUNDER
                        SNOW, ICE PELLETS, HAIL    4 = ICE PELLETS
                        TOTAL MONTH:   0.0 INCH    5 = HAIL
                        GRTST 24HR     0.0         6 = FREEZING RAIN OR DRIZZLE
                        GRTST DEPTH:   0           7 = DUSTSTORM OR SANDSTORM:
                                                       VSBY 1/2 MILE OR LESS
                                                   8 = SMOKE OR HAZE
[NO. OF DAYS WITH]      [WEATHER - DAYS WITH]      9 = BLOWING SNOW
                                                   X = TORNADO
MAX 32 OR BELOW:   0    0.01 INCH OR MORE:  13
MAX 90 OR ABOVE:   0    0.10 INCH OR MORE:   6
MIN 32 OR BELOW:   7    0.50 INCH OR MORE:   2
MIN  0 OR BELOW:   0    1.00 INCH OR MORE:   0

[HDD (BASE 65) ]
TOTAL THIS MO.   407    CLEAR  (SCALE 0-3)  12
DPTR FM NORMAL  -195    PTCLDY (SCALE 4-7)  13
TOTAL FM JUL 1  3565    CLOUDY (SCALE 8-10)  6
DPTR FM NORMAL  -699

[CDD (BASE 65) ]
TOTAL THIS MO.     6
DPTR FM NORMAL     2    [PRESSURE DATA]
TOTAL FM JAN 1     6    HIGHEST SLP 30.31 ON 20
DPTR FM NORMAL     2    LOWEST  SLP 29.37 ON 31

[REMARKS]
#FINAL-03-16#
