000
CXUS53 KLSX 011600
CF6JEF
PRELIMINARY LOCAL CLIMATOLOGICAL DATA (WS FORM: F-6)

                                          STATION:   JEFFERSON CITY
                                          MONTH:     JULY
                                          YEAR:      2017
                                          LATITUDE:   38 35 N
                                          LONGITUDE:  92 10 W

  TEMPERATURE IN F:       :PCPN:    SNOW:  WIND      :SUNSHINE: SKY     :PK WND
================================================================================
1   2   3   4   5  6A  6B    7    8   9   10  11  12  13   14  15   16   17  18
                                     12Z  AVG MX 2MIN
DY MAX MIN AVG DEP HDD CDD  WTR  SNW DPTH SPD SPD DIR MIN PSBL S-S WX    SPD DR
================================================================================

 1  85  66  76  -2   0  11 0.00  0.0    0  3.6 12 320   M    M   0        17 330
 2  89  62  76  -2   0  11 0.00  0.0    0  3.7 10 180   M    M   0 1      14 160
 3  93  66  80   2   0  15 0.00  0.0    0  3.5 14  90   M    M   0        17  70
 4  82  68  75  -3   0  10 0.00  0.0    0  5.5 13  50   M    M   0        16  50
 5  77  71  74  -4   0   9 1.48  0.0    0  7.7 18  70   M    M   9 13     23  70
 6  89  70  80   2   0  15 0.00  0.0    0  3.3  9 310   M    M   4 1      12 320
 7  91  70  81   3   0  16    T  0.0    0  6.1 20 280   M    M   1 13     23 290
 8  90  64  77  -1   0  12 0.00  0.0    0  2.6 10 300   M    M   0        14 290
 9  92  67  80   2   0  15 0.00  0.0    0  6.2 16 240   M    M   0        20 240
10  93  75  84   6   0  19 0.00  0.0    0  9.2 21 220   M    M   0        27 210
11  94  76  85   6   0  20 0.00  0.0    0  8.2 16 210   M    M   1        20 180
12  96  76  86   7   0  21 0.00  0.0    0  7.6 17 230   M    M   0        23 220
13  91  72  82   3   0  17 0.17  0.0    0  5.1 29 290   M    M   3 13     38 280
14  89  73  81   2   0  16 0.32  0.0    0  5.5 17  30   M    M   3 13     19  20
15  89  69  79   0   0  14 0.00  0.0    0  3.6 12  60   M    M   1        17  90
16  92  67  80   1   0  15 0.00  0.0    0  2.7 10 340   M    M   0        14 290
17  95  72  84   5   0  19 0.00  0.0    0  2.6 10  70   M    M   1        14  80
18  94  73  84   5   0  19 0.00  0.0    0  3.5 10 290   M    M   1 1      13 290
19  94  74  84   5   0  19 0.00  0.0    0  2.5  9 160   M    M   1        16 170
20  98  75  87   8   0  22 0.00  0.0    0  4.6 16 280   M    M   1        21 290
21  98  75  87   8   0  22 0.00  0.0    0  5.3 14 230   M    M   0        23 180
22 101  79  90  11   0  25 0.00  0.0    0  7.1 18 250   M    M   1 3      26 240
23  92  71  82   3   0  17 0.25  0.0    0  4.6 38 280   M    M   0 13     53 290
24  89  72  81   2   0  16 0.00  0.0    0  3.6 12  60   M    M   1        15  50
25  92  69  81   2   0  16 0.00  0.0    0  4.8 14 130   M    M   0        17 130
26  94  72  83   4   0  18 0.01  0.0    0  3.8 15 310   M    M   2 13     22 290
27  83  73  78  -1   0  13 1.57  0.0    0  3.7 21 280   M    M   9 1      28 280
28  85  73  79   0   0  14 0.00  0.0    0  6.2 16 360   M    M   2        21 360
29  83  65  74  -4   0   9 0.00  0.0    0  6.3 14  40   M    M   2        18 110
30  83  58  71  -7   0   6 0.00  0.0    0  5.4 13 140   M    M   0        16 150
31  83  61  72  -6   0   7 0.01  0.0    0  2.2  8  20   M    M   1        11  10
================================================================================
SM 2796 2174         0 478  3.81     0.0 150.3          M       44
================================================================================
AV 90.2 70.1                               4.8 FASTST   M    M   1    MAX(MPH)
                                 MISC ---->  # 38 280               # 53  290
================================================================================
NOTES:
# LAST OF SEVERAL OCCURRENCES

COLUMN 17 PEAK WIND IN M.P.H.

PRELIMINARY LOCAL CLIMATOLOGICAL DATA (WS FORM: F-6) , PAGE 2

                                          STATION:  JEFFERSON CITY
                                          MONTH:    JULY
                                          YEAR:     2017
                                          LATITUDE:   38 35 N
                                          LONGITUDE:  92 10 W

[TEMPERATURE DATA]      [PRECIPITATION DATA]       SYMBOLS USED IN COLUMN 16

AVERAGE MONTHLY: 80.2   TOTAL FOR MONTH:   3.81    1 = FOG OR MIST
DPTR FM NORMAL:   1.7   DPTR FM NORMAL:   -0.47    2 = FOG REDUCING VISIBILITY
HIGHEST:   101 ON 22    GRTST 24HR  1.57 ON 27-27      TO 1/4 MILE OR LESS
LOWEST:     58 ON 30                               3 = THUNDER
                        SNOW, ICE PELLETS, HAIL    4 = ICE PELLETS
                        TOTAL MONTH:   0.0 INCH    5 = HAIL
                        GRTST 24HR     0.0         6 = FREEZING RAIN OR DRIZZLE
                        GRTST DEPTH:   0           7 = DUSTSTORM OR SANDSTORM:
                                                       VSBY 1/2 MILE OR LESS
                                                   8 = SMOKE OR HAZE
[NO. OF DAYS WITH]      [WEATHER - DAYS WITH]      9 = BLOWING SNOW
                                                   X = TORNADO
MAX 32 OR BELOW:   0    0.01 INCH OR MORE:   7
MAX 90 OR ABOVE:  18    0.10 INCH OR MORE:   5
MIN 32 OR BELOW:   0    0.50 INCH OR MORE:   2
MIN  0 OR BELOW:   0    1.00 INCH OR MORE:   2

[HDD (BASE 65) ]
TOTAL THIS MO.     0    CLEAR  (SCALE 0-3)  28
DPTR FM NORMAL     0    PTCLDY (SCALE 4-7)   1
TOTAL FM JUL 1     0    CLOUDY (SCALE 8-10)  2
DPTR FM NORMAL     0

[CDD (BASE 65) ]
TOTAL THIS MO.   478
DPTR FM NORMAL    59    [PRESSURE DATA]
TOTAL FM JAN 1  1041    HIGHEST SLP 30.15 ON 30
DPTR FM NORMAL   214    LOWEST  SLP 29.70 ON 22

[REMARKS]
#FINAL-07-17#
