000
CXUS53 KLSX 311600
CF6JEF
PRELIMINARY LOCAL CLIMATOLOGICAL DATA (WS FORM: F-6)

                                          STATION:   JEFFERSON CITY
                                          MONTH:     DECEMBER
                                          YEAR:      2012
                                          LATITUDE:   38 35 N
                                          LONGITUDE:  92 10 W

  TEMPERATURE IN F:       :PCPN:    SNOW:  WIND      :SUNSHINE: SKY     :PK WND
================================================================================
1   2   3   4   5  6A  6B    7    8   9   10  11  12  13   14  15   16   17  18
                                     12Z  AVG MX 2MIN
DY MAX MIN AVG DEP HDD CDD  WTR  SNW DPTH SPD SPD DIR MIN PSBL S-S WX    SPD DR
================================================================================

 1  69  42  56  17   9   0 0.00  0.0    0  8.3 18 170   M    M   6 18     24 150
 2  74  53  64  26   1   0 0.00  0.0    0  3.8 12 230   M    M   5        15 220
 3  76  56  66  28   0   1 0.45  0.0    0  9.7 28 180   M    M   5 1      35 190
 4  62  35  49  11  16   0 0.12  0.0    0  2.7 10 350   M    M   2 1      14 350
 5  58  30  44   7  21   0 0.00  0.0    0  2.7  8 120   M    M   0 1      10 110
 6  56  34  45   8  20   0 0.00  0.0    0  2.8  8 110   M    M   1         9 110
 7  54  46  50  14  15   0 0.15  0.0    0  2.7  9 340   M    M  10 18     10  10
 8  48  43  46  10  19   0 0.02  0.0    0  6.1 12 330   M    M  10 18     15 110
 9  47  28  38   2  27   0 0.04  0.0    0  7.5 18 300   M    M   9 18     26 310
10  31  18  25 -11  40   0 0.00  0.0    0  8.2 17 300   M    M   7        23 300
11  43  16  30  -5  35   0 0.00  0.0    0  1.8  8 210   M    M   0        10 200
12  52  18  35   0  30   0 0.00  0.0    0  5.9 14 170   M    M   0 8      17 170
13  59  27  43   8  22   0 0.00  0.0    0  7.1 16 190   M    M   0        20 200
14  54  27  41   7  24   0 0.05  0.0    0  7.1 13 130   M    M   3        17 140
15  64  45  55  21  10   0 0.30  0.0    0 10.6 25 220   M    M   4 1      31 210
16  49  34  42   8  23   0 0.00  0.0    0  3.5 10 300   M    M   5 128    14 290
17  43  32  38   4  27   0    T  0.0    0  4.5 15 280   M    M   8 18     17 280
18  60  28  44  10  21   0 0.00  0.0    0  6.1 17 260   M    M   0 18     24 260
19  50  30  40   7  25   0 0.04  0.0    0  8.6 17 100   M    M   5 1      22 100
20  58  25  42   9  23   0 0.03    M    0 21.9 38 290   M    M   8 128    52 280
21  37  20  29  -4  36   0 0.00  0.0    M  7.7 20 290   M    M   0        24 290
22  58  17  38   5  27   0 0.00  0.0    0  4.5 12 160   M    M   0        15 150
23  52  26  39   6  26   0 0.00  0.0    0  2.5 14  10   M    M   0        17  20
24  33  21  27  -5  38   0 0.00  0.0    0  7.3 15 300   M    M   6 18     18  10
25  30  21  26  -6  39   0 0.00  0.0    0  8.3 18 360   M    M   9 8      25 350
26  33  22  28  -4  37   0 0.00  0.0    0  9.4 17 330   M    M   8        23 340
27  37  26  32   0  33   0 0.00  0.0    0  7.0 14 110   M    M   5        17 130
28  38  30  34   2  31   0 0.00  0.0    0  5.5 17 290   M    M  10        20 290
29  32  20  26  -6  39   0    T    M    0  9.9 21 290   M    M   6 8      24 290
30  47  19  33   1  32   0 0.00  0.0    0  5.3 17 210   M    M   0        24 200
================================================================================
SM 1504  889       746   1  1.20     0.0 199.0          M      132
================================================================================
AV 50.1 29.6                               6.6 FASTST   M    M   4    MAX(MPH)
                                 MISC ---->  # 38 290               # 52  280
================================================================================
NOTES:
# LAST OF SEVERAL OCCURRENCES

COLUMN 17 PEAK WIND IN M.P.H.

PRELIMINARY LOCAL CLIMATOLOGICAL DATA (WS FORM: F-6) , PAGE 2

                                          STATION:  JEFFERSON CITY
                                          MONTH:    DECEMBER
                                          YEAR:     2012
                                          LATITUDE:   38 35 N
                                          LONGITUDE:  92 10 W

[TEMPERATURE DATA]      [PRECIPITATION DATA]       SYMBOLS USED IN COLUMN 16

AVERAGE MONTHLY: 39.9   TOTAL FOR MONTH:   1.20    1 = FOG OR MIST
DPTR FM NORMAL:   5.4   DPTR FM NORMAL:   -1.34    2 = FOG REDUCING VISIBILITY
HIGHEST:    76 ON  3    GRTST 24HR  0.57 ON  3- 4      TO 1/4 MILE OR LESS
LOWEST:     16 ON 11                               3 = THUNDER
                        SNOW, ICE PELLETS, HAIL    4 = ICE PELLETS
                        TOTAL MONTH:   0.0 INCH    5 = HAIL
                        GRTST 24HR     0.0         6 = FREEZING RAIN OR DRIZZLE
                        GRTST DEPTH:   0           7 = DUSTSTORM OR SANDSTORM:
                                                       VSBY 1/2 MILE OR LESS
                                                   8 = SMOKE OR HAZE
[NO. OF DAYS WITH]      [WEATHER - DAYS WITH]      9 = BLOWING SNOW
                                                   X = TORNADO
MAX 32 OR BELOW:   3    0.01 INCH OR MORE:   9
MAX 90 OR ABOVE:   0    0.10 INCH OR MORE:   4
MIN 32 OR BELOW:  21    0.50 INCH OR MORE:   0
MIN  0 OR BELOW:   0    1.00 INCH OR MORE:   0

[HDD (BASE 65) ]
TOTAL THIS MO.   746    CLEAR  (SCALE 0-3)  12
DPTR FM NORMAL  -169    PTCLDY (SCALE 4-7)  12
TOTAL FM JUL 1  1677    CLOUDY (SCALE 8-10)  6
DPTR FM NORMAL  -134

[CDD (BASE 65) ]
TOTAL THIS MO.     1
DPTR FM NORMAL     1    [PRESSURE DATA]
TOTAL FM JAN 1  1945    HIGHEST SLP M ON M
DPTR FM NORMAL   589    LOWEST  SLP 29.24 ON 20

[REMARKS]
