000
CXUS53 KLSX 011600
CF6JEF
PRELIMINARY LOCAL CLIMATOLOGICAL DATA (WS FORM: F-6)

                                          STATION:   JEFFERSON CITY
                                          MONTH:     SEPTEMBER
                                          YEAR:      2012
                                          LATITUDE:   38 35 N
                                          LONGITUDE:  92 10 W

  TEMPERATURE IN F:       :PCPN:    SNOW:  WIND      :SUNSHINE: SKY     :PK WND
================================================================================
1   2   3   4   5  6A  6B    7    8   9   10  11  12  13   14  15   16   17  18
                                     12Z  AVG MX 2MIN
DY MAX MIN AVG DEP HDD CDD  WTR  SNW DPTH SPD SPD DIR MIN PSBL S-S WX    SPD DR
================================================================================

 1  77  72  75   2   0  10 0.17  0.0    0  5.7 12 290   M    M  10 18     16 280
 2  83  71  77   4   0  12 0.02  0.0    0  5.0 12 290   M    M   7 18     15 290
 3  94  68  81   9   0  16 0.00  0.0    0  2.9 12  60   M    M   3 128    17  70
 4  92  73  83  11   0  18 0.12  0.0    0  3.8 13 300   M    M   2 13     17 300
 5  92  74  83  11   0  18 0.10  0.0    0  3.0 12 110   M    M   1 38     15 100
 6  90  70  80   8   0  15 0.35  0.0    0  4.0 31 230   M    M   1 138    39 220
 7  94  62  78   7   0  13 0.18  0.0    0  7.1 33 340   M    M   1 3      44 340
 8  75  56  66  -5   0   1 0.00  0.0    0  5.7 16 280   M    M   0        24 280
 9  76  55  66  -4   0   1 0.00  0.0    0  5.1 14 350   M    M   0        22 350
10  81  50  66  -4   0   1 0.00  0.0    0  3.8 10  80   M    M   0 1      15 120
11  88  55  72   2   0   7 0.00  0.0    0  5.8 13 130   M    M   0        20 130
12  87  60  74   5   0   9 0.00  0.0    0  5.8 14 130   M    M   0        18 140
13  74  56  65  -4   0   0 0.00  0.0    0  5.7 16 340   M    M   7        22 360
14  67  54  61  -8   4   0 0.07  0.0    0  2.9  9  60   M    M   6 1      14  40
15  67  56  62  -6   3   0 0.01  0.0    0  3.5 12 100   M    M   6        15 110
16  77  61  69   1   0   4 0.00  0.0    0  1.4  6 140   M    M   7         8 140
17  77  59  68   0   0   3    T  0.0    0  4.3 18  10   M    M   8 1      25 360
18  69  45  57 -10   8   0 0.00  0.0    0  5.5 16 300   M    M   1        24 300
19  80  43  62  -5   3   0 0.00  0.0    0  6.5 17 180   M    M   0 18     24 180
20  78  53  66   0   0   1 0.00  0.0    0  3.2 15 300   M    M   0        21 300
21  86  51  69   3   0   4 0.00  0.0    0  8.1 24 260   M    M   0        32 270
22  70  45  58  -8   7   0 0.00  0.0    0  4.9 16 320   M    M   0        23 320
23  71  39  55 -10  10   0 0.00  0.0    0  1.8  9 350   M    M   0        14 300
24  76  40  58  -7   7   0 0.00  0.0    0  6.6 17 160   M    M   1        23 170
25  86  64  75  11   0  10 0.14  0.0    0  5.3 24 210   M    M   1 13     33 200
26  77  61  69   5   0   4 0.01  0.0    0  2.2 16 150   M    M   5 123    24 150
27  74  61  68   4   0   3 0.07  0.0    0  2.0  9  60   M    M   9 128    12  60
28  74  51  63  -1   2   0 0.01  0.0    0  3.2 10  80   M    M   5        14  70
29  77  44  61  -2   4   0 0.00  0.0    0  1.2  9  90   M    M   0 1      14  40
30  78  48  63   0   2   0 0.00  0.0    0  1.7 10  70   M    M   1 12     15 100
================================================================================
SM 2387 1697        50 150  1.25     0.0 127.7          M       82
================================================================================
AV 79.6 56.6                               4.3 FASTST   M    M   3    MAX(MPH)
                                 MISC ---->  # 33 340               # 44  340
================================================================================
NOTES:
# LAST OF SEVERAL OCCURRENCES

COLUMN 17 PEAK WIND IN M.P.H.

PRELIMINARY LOCAL CLIMATOLOGICAL DATA (WS FORM: F-6) , PAGE 2

                                          STATION:  JEFFERSON CITY
                                          MONTH:    SEPTEMBER
                                          YEAR:     2012
                                          LATITUDE:   38 35 N
                                          LONGITUDE:  92 10 W

[TEMPERATURE DATA]      [PRECIPITATION DATA]       SYMBOLS USED IN COLUMN 16

AVERAGE MONTHLY: 68.1   TOTAL FOR MONTH:   1.25    1 = FOG OR MIST
DPTR FM NORMAL:  -0.0   DPTR FM NORMAL:   -3.06    2 = FOG REDUCING VISIBILITY
HIGHEST:    94 ON  7, 3 GRTST 24HR  1.81 ON 31- 1      TO 1/4 MILE OR LESS
LOWEST:     39 ON 23                               3 = THUNDER
                        SNOW, ICE PELLETS, HAIL    4 = ICE PELLETS
                        TOTAL MONTH:   0.0 INCH    5 = HAIL
                        GRTST 24HR     0.0         6 = FREEZING RAIN OR DRIZZLE
                        GRTST DEPTH:   0           7 = DUSTSTORM OR SANDSTORM:
                                                       VSBY 1/2 MILE OR LESS
                                                   8 = SMOKE OR HAZE
[NO. OF DAYS WITH]      [WEATHER - DAYS WITH]      9 = BLOWING SNOW
                                                   X = TORNADO
MAX 32 OR BELOW:   0    0.01 INCH OR MORE:  12
MAX 90 OR ABOVE:   5    0.10 INCH OR MORE:   6
MIN 32 OR BELOW:   0    0.50 INCH OR MORE:   0
MIN  0 OR BELOW:   0    1.00 INCH OR MORE:   0

[HDD (BASE 65) ]
TOTAL THIS MO.    50    CLEAR  (SCALE 0-3)  19
DPTR FM NORMAL     2    PTCLDY (SCALE 4-7)   9
TOTAL FM JUL 1    50    CLOUDY (SCALE 8-10)  2
DPTR FM NORMAL     0

[CDD (BASE 65) ]
TOTAL THIS MO.   150
DPTR FM NORMAL    11    [PRESSURE DATA]
TOTAL FM JAN 1  1901    HIGHEST SLP 30.34 ON 14
DPTR FM NORMAL   577    LOWEST  SLP 29.63 ON  7

[REMARKS]
#FINAL-09-12#
