000
CXUS53 KLSX 011400
CF6JEF
PRELIMINARY LOCAL CLIMATOLOGICAL DATA (WS FORM: F-6)
STATION: JEFFERSON CITY
MONTH: JULY
YEAR: 2022
LATITUDE: 38 35 N
LONGITUDE: 92 10 W
TEMPERATURE IN F: :PCPN: SNOW: WIND :SUNSHINE: SKY :PK WND
================================================================================
1 2 3 4 5 6A 6B 7 8 9 10 11 12 13 14 15 16 17 18
12Z AVG MX 2MIN
DY MAX MIN AVG DEP HDD CDD WTR SNW DPTH SPD SPD DIR MIN PSBL S-S WX SPD DR
================================================================================
1 97 67 82 4 0 17 0.00 0.0 0 4.5 15 10 M M 1 22 10
2 80 71 76 -2 0 11 1.53 0.0 0 5.1 15 80 M M 7 138 21 100
3 91 73 82 4 0 17 0.82 0.0 0 6.0 21 200 M M 6 138 29 200
4 97 76 87 9 0 22 0.00 0.0 0 6.9 13 210 M M 0 18 19 160
5 100 78 89 11 0 24 0.00 0.0 0 5.1 14 240 M M 0 22 240
6 98 77 88 10 0 23 0.00 0.0 0 6.1 18 10 M M 2 25 60
7 90 79 85 7 0 20 T 0.0 0 6.8 16 10 M M 2 23 20
8 93 75 84 5 0 19 0.27 0.0 0 8.1 20 290 M M 2 138 28 290
9 85 71 78 -1 0 13 T 0.0 0 6.2 13 360 M M 7 18 19 10
10 90 68 79 0 0 14 0.00 0.0 0 2.6 9 180 M M 0 18 14 170
11 99 70 85 6 0 20 T 0.0 0 5.1 15 360 M M 1 22 10
12 91 69 80 1 0 15 T 0.0 0 4.3 14 310 M M 2 3 19 310
13 92 65 79 0 0 14 0.00 0.0 0 1.8 8 180 M M 0 12 310
14 98 66 82 3 0 17 0.00 0.0 0 4.2 10 200 M M 0 15 200
15 98 76 87 8 0 22 0.00 0.0 0 5.7 16 220 M M 1 23 220
16 99 78 89 10 0 24 T 0.0 0 4.8 20 280 M M 0 28 270
17 86 72 79 0 0 14 0.14 0.0 0 6.2 13 360 M M 5 18 18 60
18 91 68 80 1 0 15 0.00 0.0 0 3.2 10 150 M M 1 12 15 150
19 99 68 84 5 0 19 0.00 0.0 0 5.2 12 170 M M 0 8 17 190
20 97 73 85 6 0 20 0.00 0.0 0 5.6 16 300 M M 0 23 310
21 101 67 84 5 0 19 0.00 0.0 0 2.6 9 190 M M 0 14 160
22 103 70 87 8 0 22 0.00 0.0 0 4.5 15 220 M M 0 25 220
23 104 77 91 12 0 26 0.00 0.0 0 6.3 17 220 M M 0 25 210
24 100 78 89 10 0 24 0.00 0.0 0 8.4 20 280 M M 2 29 280
25 82 69 76 -3 0 11 0.13 0.0 0 5.4 12 90 M M 7 19 90
26 82 66 74 -5 0 9 0.09 0.0 0 5.5 17 80 M M 5 38 25 70
27 87 71 79 0 0 14 0.98 0.0 0 3.8 14 350 M M 3 13 22 360
28 85 71 78 -1 0 13 0.62 0.0 0 2.9 24 280 M M 5 1238 38 280
29 84 66 75 -4 0 10 0.00 0.0 0 3.9 12 40 M M 1 1 18 20
30 82 66 74 -5 0 9 0.00 0.0 0 5.6 15 110 M M 5 20 100
31 88 70 79 0 0 14 T 0.0 0 4.0 8 220 M M 7 12 200
================================================================================
SM 2869 2211 0 531 4.58 0.0 156.4 M 72
================================================================================
AV 92.5 71.3 5.0 FASTST M M 2 MAX(MPH)
MISC ----> 24 280 38 280
================================================================================
NOTES:
# LAST OF SEVERAL OCCURRENCES
COLUMN 17 PEAK WIND IN M.P.H.
PRELIMINARY LOCAL CLIMATOLOGICAL DATA (WS FORM: F-6) , PAGE 2
STATION: JEFFERSON CITY
MONTH: JULY
YEAR: 2022
LATITUDE: 38 35 N
LONGITUDE: 92 10 W
[TEMPERATURE DATA] [PRECIPITATION DATA] SYMBOLS USED IN COLUMN 16
AVERAGE MONTHLY: 81.9 TOTAL FOR MONTH: 4.58 1 = FOG OR MIST
DPTR FM NORMAL: 3.2 DPTR FM NORMAL: 0.14 2 = FOG REDUCING VISIBILITY
HIGHEST: 104 ON 23 GRTST 24HR 1.53 ON 2- 2 TO 1/4 MILE OR LESS
LOWEST: 65 ON 13 3 = THUNDER
SNOW, ICE PELLETS, HAIL 4 = ICE PELLETS
TOTAL MONTH: 0.0 INCH 5 = HAIL
GRTST 24HR 0.0 6 = FREEZING RAIN OR DRIZZLE
GRTST DEPTH: 0 7 = DUSTSTORM OR SANDSTORM:
VSBY 1/2 MILE OR LESS
8 = SMOKE OR HAZE
[NO. OF DAYS WITH] [WEATHER - DAYS WITH] 9 = BLOWING SNOW
X = TORNADO
MAX 32 OR BELOW: 0 0.01 INCH OR MORE: 8
MAX 90 OR ABOVE: 21 0.10 INCH OR MORE: 7
MIN 32 OR BELOW: 0 0.50 INCH OR MORE: 4
MIN 0 OR BELOW: 0 1.00 INCH OR MORE: 1
[HDD (BASE 65) ]
TOTAL THIS MO. 0 CLEAR (SCALE 0-3) 21
DPTR FM NORMAL 0 PTCLDY (SCALE 4-7) 10
TOTAL FM JUL 1 0 CLOUDY (SCALE 8-10) 0
DPTR FM NORMAL 0
[CDD (BASE 65) ]
TOTAL THIS MO. 531
DPTR FM NORMAL 106 [PRESSURE DATA]
TOTAL FM JAN 1 1113 HIGHEST SLP 30.15 ON 30
DPTR FM NORMAL 225 LOWEST SLP 29.68 ON 20
[REMARKS]
#FINAL-07-22#