000
CXUS53 KLSX 011600
CF6JEF
PRELIMINARY LOCAL CLIMATOLOGICAL DATA (WS FORM: F-6)

                                          STATION:   JEFFERSON CITY
                                          MONTH:     AUGUST
                                          YEAR:      2012
                                          LATITUDE:   38 35 N
                                          LONGITUDE:  92 10 W

  TEMPERATURE IN F:       :PCPN:    SNOW:  WIND      :SUNSHINE: SKY     :PK WND
================================================================================
1   2   3   4   5  6A  6B    7    8   9   10  11  12  13   14  15   16   17  18
                                     12Z  AVG MX 2MIN
DY MAX MIN AVG DEP HDD CDD  WTR  SNW DPTH SPD SPD DIR MIN PSBL S-S WX    SPD DR
================================================================================

 1 100  75  88  10   0  23 0.00  0.0    0  4.6  9  70   M    M   1         M  M
 2  94  74  84   6   0  19    T  0.0    0  4.7 17 190   M    M   1        24 170
 3  99  72  86   8   0  21 0.00  0.0    0  1.9  9 180   M    M   0        13 150
 4  99  77  88  10   0  23 0.12  0.0    0  5.6 16 120   M    M   3 3      23 120
 5  91  68  80   2   0  15    T  0.0    0  5.2 15 280   M    M   3        22 290
 6  96  62  79   1   0  14 0.00  0.0    0  1.8  9  40   M    M   0        14 220
 7 101  63  82   4   0  17 0.00  0.0    0  2.3  9  90   M    M   0        14  90
 8  95  71  83   5   0  18 0.31  0.0    0  5.9 36 240   M    M   1 3      47 200
 9  92  69  81   3   0  16 0.00  0.0    0  4.7 17 340   M    M   1        23 340
10  82  61  72  -6   0   7 0.00  0.0    0  5.8 16 340   M    M   3        21  20
11  86  56  71  -7   0   6 0.00  0.0    0  1.9 12 260   M    M   0        20 120
12  85  63  74  -3   0   9 0.06  0.0    0  4.7 18 150   M    M   4 3       M  M
13  75  66  71  -6   0   6 0.00  0.0    0  5.3 13 350   M    M   7 8      20 310
14  77  59  68  -9   0   3 0.00  0.0    0  2.3  9 230   M    M   1 1      14 240
15  94  55  75  -2   0  10 0.00  0.0    0  4.4 13 160   M    M   1 12     23  40
16  93  69  81   4   0  16 0.03  0.0    0  7.5 20 270   M    M   2        28 250
17  83  57  70  -7   0   5 0.00  0.0    0  3.3 13 290   M    M   0        17 290
18  86  50  68  -8   0   3    T  0.0    0  1.9  9  10   M    M   1        13 360
19  84  60  72  -4   0   7 0.00  0.0    0  3.1 14  10   M    M   4        20  10
20  87  54  71  -5   0   6 0.00  0.0    0  3.4 14 310   M    M   2        17 270
21  93  57  75  -1   0  10 0.00  0.0    0  3.2 15 330   M    M   1        20 330
22  97  57  77   1   0  12 0.00  0.0    0  1.4 10 290   M    M   1        15 270
23  96  62  79   3   0  14 0.00  0.0    0  2.1 14 210   M    M   2        18 200
24  93  67  80   5   0  15 0.00  0.0    0  5.7 18 180   M    M   0        25 170
25  89  64  77   2   0  12    T  0.0    0  8.0 18 180   M    M   4        24 190
26  83  73  78   3   0  13 0.22  0.0    0  4.5 15 220   M    M   8 1      20 220
27  93  68  81   6   0  16 0.00  0.0    0  3.6 12 350   M    M   3 12     20  50
28  95  62  79   5   0  14 0.00  0.0    0  2.2 12 140   M    M   0        17  40
29  94  63  79   5   0  14 0.00  0.0    0  4.0 14 130   M    M   0        17 130
30  97  63  80   6   0  15 0.00  0.0    0  4.3 13 120   M    M   0 1      20 100
31  80  73  77   3   0  12 1.76  0.0    0 11.9 24  70   M    M   8 18     32  80
================================================================================
SM 2809 1990         0 391  2.50     0.0 131.2          M       62
================================================================================
AV 90.6 64.2                               4.2 FASTST   M    M   2    MAX(MPH)
                                 MISC ---->  # 36 240               # 47  200
================================================================================
NOTES:
# LAST OF SEVERAL OCCURRENCES

COLUMN 17 PEAK WIND IN M.P.H.

PRELIMINARY LOCAL CLIMATOLOGICAL DATA (WS FORM: F-6) , PAGE 2

                                          STATION:  JEFFERSON CITY
                                          MONTH:    AUGUST
                                          YEAR:     2012
                                          LATITUDE:   38 35 N
                                          LONGITUDE:  92 10 W

[TEMPERATURE DATA]      [PRECIPITATION DATA]       SYMBOLS USED IN COLUMN 16

AVERAGE MONTHLY: 77.4   TOTAL FOR MONTH:   2.50    1 = FOG OR MIST
DPTR FM NORMAL:   0.9   DPTR FM NORMAL:   -1.76    2 = FOG REDUCING VISIBILITY
HIGHEST:   101 ON  7    GRTST 24HR  1.76 ON 31-31      TO 1/4 MILE OR LESS
LOWEST:     50 ON 18                               3 = THUNDER
                        SNOW, ICE PELLETS, HAIL    4 = ICE PELLETS
                        TOTAL MONTH:   0.0 INCH    5 = HAIL
                        GRTST 24HR     0.0         6 = FREEZING RAIN OR DRIZZLE
                        GRTST DEPTH:   0           7 = DUSTSTORM OR SANDSTORM:
                                                       VSBY 1/2 MILE OR LESS
                                                   8 = SMOKE OR HAZE
[NO. OF DAYS WITH]      [WEATHER - DAYS WITH]      9 = BLOWING SNOW
                                                   X = TORNADO
MAX 32 OR BELOW:   0    0.01 INCH OR MORE:   6
MAX 90 OR ABOVE:  19    0.10 INCH OR MORE:   4
MIN 32 OR BELOW:   0    0.50 INCH OR MORE:   1
MIN  0 OR BELOW:   0    1.00 INCH OR MORE:   1

[HDD (BASE 65) ]
TOTAL THIS MO.     0    CLEAR  (SCALE 0-3)  25
DPTR FM NORMAL    -2    PTCLDY (SCALE 4-7)   6
TOTAL FM JUL 1     0    CLOUDY (SCALE 8-10)  0
DPTR FM NORMAL    -2

[CDD (BASE 65) ]
TOTAL THIS MO.   391
DPTR FM NORMAL    33    [PRESSURE DATA]
TOTAL FM JAN 1  1751    HIGHEST SLP 30.12 ON  5
DPTR FM NORMAL   566    LOWEST  SLP 29.68 ON  2

[REMARKS]
#FINAL-08-12#
