000
CXUS53 KLSX 011645
CF6JEF
PRELIMINARY LOCAL CLIMATOLOGICAL DATA (WS FORM: F-6)

                                          STATION:   JEFFERSON CITY
                                          MONTH:     OCTOBER
                                          YEAR:      2012
                                          LATITUDE:   38 35 N
                                          LONGITUDE:  92 10 W

  TEMPERATURE IN F:       :PCPN:    SNOW:  WIND      :SUNSHINE: SKY     :PK WND
================================================================================
1   2   3   4   5  6A  6B    7    8   9   10  11  12  13   14  15   16   17  18
                                     12Z  AVG MX 2MIN
DY MAX MIN AVG DEP HDD CDD  WTR  SNW DPTH SPD SPD DIR MIN PSBL S-S WX    SPD DR
================================================================================

 1  74  49  62   0   3   0 0.00  0.0    0  3.2 16  20   M    M   0        22 350
 2  77  44  61  -1   4   0 0.00  0.0    0  3.1 13 340   M    M   0        23 320
 3  76  56  66   4   0   1    T  0.0    0  2.3 12 190   M    M   3        16 160
 4  80  53  67   6   0   2 0.00  0.0    0  6.9 20 240   M    M   6 8      25 230
 5  53  36  45 -16  20   0 0.23  0.0    0  3.3 10 340   M    M   7 138    17 320
 6  51  34  43 -18  22   0 0.00  0.0    0  2.8 10 320   M    M   4        14 320
 7  56  32  44 -16  21   0 0.00  0.0    0  3.0 13 270   M    M   2 12     17 310
 8  63  30  47 -13  18   0 0.00  0.0    0  6.1 16 220   M    M   0        23 180
 9  71  42  57  -3   8   0    T  0.0    0  7.3 20 360   M    M   3 18     26 340
10  61  36  49 -11  16   0 0.01  0.0    0  3.0 13 290   M    M   0        17 290
11  63  34  49 -10  16   0    T  0.0    0  3.8 12 140   M    M   7 8      15 150
12  65  52  59   0   6   0 0.00  0.0    0  6.6 15  70   M    M   7        22 110
13  77  58  68  10   0   3 1.38  0.0    0  7.4 17 180   M    M   9 13     22 200
14  71  48  60   2   5   0 0.25  0.0    0 10.2 22 280   M    M   6 1      32 270
15  76  42  59   1   6   0 0.00  0.0    0  1.7  7 140   M    M   0 18      9 170
16  83  48  66   8   0   1 0.00  0.0    0  9.0 24 230   M    M   0        33 220
17  64  49  57   0   8   0 0.56  0.0    0  4.9 20 290   M    M   5 138    29 290
18  61  47  54  -3  11   0    T  0.0    0 12.6 28 280   M    M   5 8      37 270
19  55  47  51  -6  14   0    T  0.0    0 11.9 23 270   M    M  10 8      31 280
20  69  39  54  -2  11   0 0.00  0.0    0  2.7  8 130   M    M   1 8      13 280
21  82  48  65   9   0   0 0.00  0.0    0  6.2 12 160   M    M   3        15 160
22  83  68  76  20   0  11    T  0.0    0  6.8 14 180   M    M   7 3      17 170
23  85  64  75  20   0  10 1.42  0.0    0  5.8 16 170   M    M   6 13     21 170
24  85  67  76  21   0  11 0.00  0.0    0  8.5 18 180   M    M   1        25 170
25  78  44  61   6   4   0 0.14  0.0    0 11.0 23 300   M    M   6 1      33 290
26  50  36  43 -11  22   0 0.00  0.0    0  7.6 20 350   M    M   3        25 320
27  49  30  40 -14  25   0 0.00  0.0    0  5.1 14 320   M    M   0        17 320
28  52  30  41 -13  24   0 0.00  0.0    0  5.6 13 350   M    M   0        18 320
29  52  29  41 -12  24   0 0.00  0.0    0  1.6  7 230   M    M   3 8       9 210
30  59  29  44  -9  21   0 0.00  0.0    0  3.5 13 340   M    M   1 12     15 310
31  59  36  48  -4  17   0 0.00  0.0    0  3.7 14 280   M    M   0        17 280
================================================================================
SM 2080 1357       326  39  3.99     0.0 177.2          M      105
================================================================================
AV 67.1 43.8                               5.7 FASTST   M    M   3    MAX(MPH)
                                 MISC ---->  # 28 280               # 37  270
================================================================================
NOTES:
# LAST OF SEVERAL OCCURRENCES

COLUMN 17 PEAK WIND IN M.P.H.

PRELIMINARY LOCAL CLIMATOLOGICAL DATA (WS FORM: F-6) , PAGE 2

                                          STATION:  JEFFERSON CITY
                                          MONTH:    OCTOBER
                                          YEAR:     2012
                                          LATITUDE:   38 35 N
                                          LONGITUDE:  92 10 W

[TEMPERATURE DATA]      [PRECIPITATION DATA]       SYMBOLS USED IN COLUMN 16

AVERAGE MONTHLY: 55.4   TOTAL FOR MONTH:   3.99    1 = FOG OR MIST
DPTR FM NORMAL:  -2.1   DPTR FM NORMAL:    0.45    2 = FOG REDUCING VISIBILITY
HIGHEST:    85 ON 24,23 GRTST 24HR  1.63 ON 13-14      TO 1/4 MILE OR LESS
LOWEST:     29 ON 30,29                            3 = THUNDER
                        SNOW, ICE PELLETS, HAIL    4 = ICE PELLETS
                        TOTAL MONTH:   0.0 INCH    5 = HAIL
                        GRTST 24HR     0.0         6 = FREEZING RAIN OR DRIZZLE
                        GRTST DEPTH:   0           7 = DUSTSTORM OR SANDSTORM:
                                                       VSBY 1/2 MILE OR LESS
                                                   8 = SMOKE OR HAZE
[NO. OF DAYS WITH]      [WEATHER - DAYS WITH]      9 = BLOWING SNOW
                                                   X = TORNADO
MAX 32 OR BELOW:   0    0.01 INCH OR MORE:   7
MAX 90 OR ABOVE:   0    0.10 INCH OR MORE:   6
MIN 32 OR BELOW:   6    0.50 INCH OR MORE:   3
MIN  0 OR BELOW:   0    1.00 INCH OR MORE:   2

[HDD (BASE 65) ]
TOTAL THIS MO.   326    CLEAR  (SCALE 0-3)  16
DPTR FM NORMAL    63    PTCLDY (SCALE 4-7)  13
TOTAL FM JUL 1   376    CLOUDY (SCALE 8-10)  2
DPTR FM NORMAL    63

[CDD (BASE 65) ]
TOTAL THIS MO.    39
DPTR FM NORMAL     9    [PRESSURE DATA]
TOTAL FM JAN 1  1940    HIGHEST SLP 30.38 ON 26
DPTR FM NORMAL   586    LOWEST  SLP 29.37 ON 17

[REMARKS]
#FINAL-10-12#
