000
CXUS53 KLSX 011600
CF6JEF
PRELIMINARY LOCAL CLIMATOLOGICAL DATA (WS FORM: F-6)

                                          STATION:   JEFFERSON CITY
                                          MONTH:     JULY
                                          YEAR:      2012
                                          LATITUDE:   38 35 N
                                          LONGITUDE:  92 10 W

  TEMPERATURE IN F:       :PCPN:    SNOW:  WIND      :SUNSHINE: SKY     :PK WND
================================================================================
1   2   3   4   5  6A  6B    7    8   9   10  11  12  13   14  15   16   17  18
                                     12Z  AVG MX 2MIN
DY MAX MIN AVG DEP HDD CDD  WTR  SNW DPTH SPD SPD DIR MIN PSBL S-S WX    SPD DR
================================================================================

 1 101  73  87   9   0  22 0.00  0.0    0  2.6  7 300   M    M   1         M  M
 2 100  73  87   9   0  22 0.00  0.0    0  5.0 23 110   M    M   1 3      28 120
 3  99  73  86   8   0  21 0.00  0.0    0  5.5 16 240   M    M   1        22 240
 4 103  76  90  12   0  25 0.00  0.0    0  4.5 17 240   M    M   0 8      24 220
 5 105  72  89  11   0  24 0.00  0.0    0  1.7  8 190   M    M   1        12 210
 6 105  76  91  13   0  26 0.00  0.0    0  2.9 12 280   M    M   0        16 280
 7 105  76  91  13   0  26 0.17  0.0    0  3.7 23 220   M    M   1 3      29 220
 8  96  73  85   7   0  20 0.53  0.0    0  4.2 22 130   M    M   2 13     25 130
 9  92  73  83   5   0  18 0.76  0.0    0  3.6 12 350   M    M   2 13     15  70
10  94  65  80   2   0  15 0.00  0.0    0  2.0 13  80   M    M   3        18 270
11  92  73  83   4   0  18 0.00  0.0    0  4.6 12  90   M    M   4        16  60
12  94  68  81   2   0  16 0.00  0.0    0  3.2 14  90   M    M   0        20 100
13  95  70  83   4   0  18    T  0.0    0  4.2 22 350   M    M   2 3      31 350
14  91  71  81   2   0  16 0.00  0.0    0  2.9  9 180   M    M   0 3      12 170
15  94  70  82   3   0  17 0.00  0.0    0  2.7  9 120   M    M   0        12 120
16  96  74  85   6   0  20 0.00  0.0    0  3.4 10 150   M    M   1        14 150
17  99  76  88   9   0  23 0.00  0.0    0  3.9 15 250   M    M   1        21 240
18 102  75  89  10   0  24 0.00  0.0    0  4.6 15 250   M    M   1        23 240
19 100  76  88   9   0  23 0.04  0.0    0  5.2 18 340   M    M   1 3      25 360
20  88  72  80   1   0  15 0.00  0.0    0  6.5 15  50   M    M   0        21  30
21  96  66  81   2   0  16 0.00  0.0    0  4.3 12 130   M    M   0 18     16 130
22  99  68  84   5   0  19 0.00  0.0    0  4.0 13 200   M    M   0        16 110
23 102  77  90  11   0  25 0.00  0.0    0  5.4 15 150   M    M   0        20 130
24 103  80  92  13   0  27 0.00  0.0    0  4.3 13 180   M    M   1        16 140
25 103  78  91  12   0  26 0.00  0.0    0  8.3 20 210   M    M   0        26 220
26  91  71  81   2   0  16 0.04  0.0    0  4.6 21 320   M    M   3 3      30 320
27  95  69  82   3   0  17 0.00  0.0    0  5.8 17 320   M    M   0        23 330
28  96  64  80   1   0  15 0.00  0.0    0  2.5 12  70   M    M   0        17  80
29  96  70  83   5   0  18 0.17  0.0    0  8.1 21  10   M    M   2 3      26  20
30  93  73  83   5   0  18    T  0.0    0  3.3 12 140   M    M   1        22 320
31 103  67  85   7   0  20 0.00  0.0    0  1.3  8  40   M    M   0 18     12  50
================================================================================
SM 3028 2238         0 626  1.71     0.0 128.8          M       29
================================================================================
AV 97.7 72.2                               4.2 FASTST   M    M   1    MAX(MPH)
                                 MISC ---->  # 23 110               # 31  350
================================================================================
NOTES:
# LAST OF SEVERAL OCCURRENCES

COLUMN 17 PEAK WIND IN M.P.H.

PRELIMINARY LOCAL CLIMATOLOGICAL DATA (WS FORM: F-6) , PAGE 2

                                          STATION:  JEFFERSON CITY
                                          MONTH:    JULY
                                          YEAR:     2012
                                          LATITUDE:   38 35 N
                                          LONGITUDE:  92 10 W

[TEMPERATURE DATA]      [PRECIPITATION DATA]       SYMBOLS USED IN COLUMN 16

AVERAGE MONTHLY: 84.9   TOTAL FOR MONTH:   1.71    1 = FOG OR MIST
DPTR FM NORMAL:   6.4   DPTR FM NORMAL:   -2.57    2 = FOG REDUCING VISIBILITY
HIGHEST:   105 ON  7, 6 GRTST 24HR  1.29 ON  8- 9      TO 1/4 MILE OR LESS
LOWEST:     64 ON 28                               3 = THUNDER
                        SNOW, ICE PELLETS, HAIL    4 = ICE PELLETS
                        TOTAL MONTH:   0.0 INCH    5 = HAIL
                        GRTST 24HR     0.0         6 = FREEZING RAIN OR DRIZZLE
                        GRTST DEPTH:   0           7 = DUSTSTORM OR SANDSTORM:
                                                       VSBY 1/2 MILE OR LESS
                                                   8 = SMOKE OR HAZE
[NO. OF DAYS WITH]      [WEATHER - DAYS WITH]      9 = BLOWING SNOW
                                                   X = TORNADO
MAX 32 OR BELOW:   0    0.01 INCH OR MORE:   6
MAX 90 OR ABOVE:  30    0.10 INCH OR MORE:   4
MIN 32 OR BELOW:   0    0.50 INCH OR MORE:   2
MIN  0 OR BELOW:   0    1.00 INCH OR MORE:   0

[HDD (BASE 65) ]
TOTAL THIS MO.     0    CLEAR  (SCALE 0-3)  29
DPTR FM NORMAL     0    PTCLDY (SCALE 4-7)   2
TOTAL FM JUL 1     0    CLOUDY (SCALE 8-10)  0
DPTR FM NORMAL     0

[CDD (BASE 65) ]
TOTAL THIS MO.   626
DPTR FM NORMAL   207    [PRESSURE DATA]
TOTAL FM JAN 1  1360    HIGHEST SLP 30.10 ON 28
DPTR FM NORMAL   533    LOWEST  SLP 29.64 ON 25

[REMARKS]
#FINAL-07-12#
