000
CXUS53 KLSX 011600
CF6JEF
PRELIMINARY LOCAL CLIMATOLOGICAL DATA (WS FORM: F-6)

                                          STATION:   JEFFERSON CITY
                                          MONTH:     JUNE
                                          YEAR:      2012
                                          LATITUDE:   38 35 N
                                          LONGITUDE:  92 10 W

  TEMPERATURE IN F:       :PCPN:    SNOW:  WIND      :SUNSHINE: SKY     :PK WND
================================================================================
1   2   3   4   5  6A  6B    7    8   9   10  11  12  13   14  15   16   17  18
                                     12Z  AVG MX 2MIN
DY MAX MIN AVG DEP HDD CDD  WTR  SNW DPTH SPD SPD DIR MIN PSBL S-S WX    SPD DR
================================================================================

 1  68  50  59 -11   6   0 0.00  0.0    0  7.3 16 310   M    M   4        21 290
 2  82  53  68  -2   0   3 0.00  0.0    0  5.5 20 280   M    M   4        30 280
 3  86  55  71   0   0   6    T  0.0    0  4.1 21 210   M    M   1        25 200
 4  96  62  79   8   0  14 0.00  0.0    0  7.9 18 330   M    M   1 1      24 340
 5  85  62  74   3   0   9 0.00  0.0    0  7.0 15  50   M    M   1        22  20
 6  84  61  73   1   0   8 0.00  0.0    0  5.8 13  70   M    M   1        17  70
 7  83  54  69  -3   0   4 0.00  0.0    0  3.5 13 100   M    M   0        17  80
 8  88  54  71  -1   0   6 0.00  0.0    0  3.1 13 110   M    M   0 8      18 130
 9  92  59  76   4   0  11 0.00  0.0    0  7.2 17 150   M    M   1        23 140
10  91  71  81   8   0  16 0.00  0.0    0 10.7 22 140   M    M   2        28 140
11  78  67  73   0   0   8 0.40  0.0    0  6.4 28 110   M    M   1 123    39  10
12  84  59  72  -1   0   7 0.00  0.0    0  5.8 14 330   M    M   1 12     18 340
13  86  53  70  -4   0   5 0.00  0.0    0  4.6 13 130   M    M   0        17  80
14  93  58  76   2   0  11 0.00  0.0    0  7.6 15 160   M    M   0        26 140
15  94  67  81   7   0  16 0.00  0.0    0  9.8 23 140   M    M   1        28 160
16  95  72  84  10   0  19 1.44  0.0    0  7.6 33 300   M    M   1 13     45 300
17  90  71  81   6   0  16 0.00  0.0    0  4.6 14 180   M    M   3        20 210
18  93  76  85  10   0  20 0.00  0.0    0 11.5 23 210   M    M   0        30 180
19  90  77  84   9   0  19 0.00  0.0    0 12.4 22 160   M    M   1        28 180
20  93  76  85   9   0  20 0.00  0.0    0 10.6 18 160   M    M   1        24 160
21  86  66  76   0   0  11 0.01  0.0    0  6.5 17 310   M    M   4        21 310
22  89  63  76   0   0  11 0.00  0.0    0  3.8 10  40   M    M   1        16  30
23  91  62  77   1   0  12 0.00  0.0    0  5.1 13 160   M    M   0        16 160
24 101  68  85   9   0  20 0.00  0.0    0  3.6 13 180   M    M   0        16 160
25  94  74  84   7   0  19 0.00  0.0    0  7.4 18  70   M    M   0        23  70
26  94  62  78   1   0  13 0.00  0.0    0  7.2 14 130   M    M   0        17 100
27 103  64  84   7   0  19 0.00  0.0    0  6.7 17 230   M    M   0        22 220
28 107  75  91  14   0  26 0.00  0.0    0  5.1 20 260   M    M   0        25 270
29 103  70  87  10   0  22 0.00  0.0    0  5.3 15 240   M    M   0        21 240
30 102  71  87   9   0  22 0.00  0.0    0  4.2 15 260   M    M   0        22 200
================================================================================
SM 2721 1932         6 393  1.85     0.0 197.9          M       29
================================================================================
AV 90.7 64.4                               6.6 FASTST   M    M   1    MAX(MPH)
                                 MISC ---->  # 33 300               # 45  300
================================================================================
NOTES:
# LAST OF SEVERAL OCCURRENCES

COLUMN 17 PEAK WIND IN M.P.H.

PRELIMINARY LOCAL CLIMATOLOGICAL DATA (WS FORM: F-6) , PAGE 2

                                          STATION:  JEFFERSON CITY
                                          MONTH:    JUNE
                                          YEAR:     2012
                                          LATITUDE:   38 35 N
                                          LONGITUDE:  92 10 W

[TEMPERATURE DATA]      [PRECIPITATION DATA]       SYMBOLS USED IN COLUMN 16

AVERAGE MONTHLY: 77.6   TOTAL FOR MONTH:   1.85    1 = FOG OR MIST
DPTR FM NORMAL:   3.5   DPTR FM NORMAL:   -2.71    2 = FOG REDUCING VISIBILITY
HIGHEST:   107 ON 28    GRTST 24HR  1.44 ON 16-16      TO 1/4 MILE OR LESS
LOWEST:     50 ON  1                               3 = THUNDER
                        SNOW, ICE PELLETS, HAIL    4 = ICE PELLETS
                        TOTAL MONTH:   0.0 INCH    5 = HAIL
                        GRTST 24HR     0.0         6 = FREEZING RAIN OR DRIZZLE
                        GRTST DEPTH:   0           7 = DUSTSTORM OR SANDSTORM:
                                                       VSBY 1/2 MILE OR LESS
                                                   8 = SMOKE OR HAZE
[NO. OF DAYS WITH]      [WEATHER - DAYS WITH]      9 = BLOWING SNOW
                                                   X = TORNADO
MAX 32 OR BELOW:   0    0.01 INCH OR MORE:   3
MAX 90 OR ABOVE:  18    0.10 INCH OR MORE:   2
MIN 32 OR BELOW:   0    0.50 INCH OR MORE:   1
MIN  0 OR BELOW:   0    1.00 INCH OR MORE:   1

[HDD (BASE 65) ]
TOTAL THIS MO.     6    CLEAR  (SCALE 0-3)  27
DPTR FM NORMAL    -1    PTCLDY (SCALE 4-7)   3
TOTAL FM JUL 1  3479    CLOUDY (SCALE 8-10)  0
DPTR FM NORMAL -1169

[CDD (BASE 65) ]
TOTAL THIS MO.   393
DPTR FM NORMAL   113    [PRESSURE DATA]
TOTAL FM JAN 1   734    HIGHEST SLP 30.12 ON 13
DPTR FM NORMAL   326    LOWEST  SLP 29.69 ON  4

[REMARKS]
#FINAL-06-12#
