000
CXUS53 KLSX 011600
CF6JEF
PRELIMINARY LOCAL CLIMATOLOGICAL DATA (WS FORM: F-6)

                                          STATION:   JEFFERSON CITY
                                          MONTH:     APRIL
                                          YEAR:      2012
                                          LATITUDE:   38 35 N
                                          LONGITUDE:  92 10 W

  TEMPERATURE IN F:       :PCPN:    SNOW:  WIND      :SUNSHINE: SKY     :PK WND
================================================================================
1   2   3   4   5  6A  6B    7    8   9   10  11  12  13   14  15   16   17  18
                                     12Z  AVG MX 2MIN
DY MAX MIN AVG DEP HDD CDD  WTR  SNW DPTH SPD SPD DIR MIN PSBL S-S WX    SPD DR
================================================================================

 1  89  63  76  25   0  11 0.00  0.0    0  5.7 15 240   M    M   0        20 250
 2  91  59  75  23   0  10 0.00  0.0    0  4.6 12 140   M    M   0 18     15 140
 3  76  61  69  17   0   4    T  0.0    0  4.7 15 310   M    M   2        18 310
 4  72  55  64  12   1   0 0.03  0.0    0  4.6 16  50   M    M   7 128    20  50
 5  59  48  54   1  11   0 0.05  0.0    0  5.7 20  50   M    M   8 18     24  40
 6  64  39  52  -1  13   0 0.00  0.0    0  6.9 15 110   M    M   0        20 110
 7  60  42  51  -3  14   0 0.04  0.0    0  5.6 15 110   M    M   4 1      17 300
 8  68  39  54   0  11   0 0.00  0.0    0  2.5 12 160   M    M   2 12     15 160
 9  72  40  56   2   9   0 0.00  0.0    0  3.6 16 280   M    M   0        21 290
10  64  41  53  -2  12   0 0.00  0.0    0  4.7 16 290   M    M   1        21 320
11  59  37  48  -7  17   0 0.00  0.0    0  4.6 13  20   M    M   0        17  40
12  67  31  49  -6  16   0    T  0.0    0  5.2 15 130   M    M   4        20 130
13  63  49  56   0   9   0 1.83  0.0    0 10.6 20 150   M    M   9 13     24 150
14  78  60  69  13   0   4 1.80  0.0    0  9.6 24 290   M    M   7 13     33 200
15  74  59  67  11   0   2 0.74  0.0    0 11.5 24 210   M    M   5 13     33 210
16  67  49  58   1   7   0 0.00  0.0    0 11.4 26 260   M    M   3        36 270
17  70  43  57   0   8   0 0.00  0.0    0  4.0 12 100   M    M   3 12     14 120
18  76  49  63   6   2   0 0.00  0.0    0  6.0 15 180   M    M   0        21 160
19  81  52  67   9   0   2    T  0.0    0  9.0 22 160   M    M   0        29 150
20  67  41  54  -4  11   0 0.37  0.0    0  8.9 18 320   M    M   7 13     25 320
21  63  36  50  -8  15   0 0.00  0.0    0  2.9 12 120   M    M   4 12     14 130
22  58  43  51  -7  14   0 0.00  0.0    0  8.0 21 310   M    M   5        29 300
23  64  37  51  -8  14   0 0.00  0.0    0  7.0 21 290   M    M   2        28 290
24  80  40  60   1   5   0 0.00  0.0    0  5.8 20 220   M    M   0        25 230
25  88  57  73  14   0   8 0.00  0.0    0  6.6 18 240   M    M   0        25 230
26  82  62  72  12   0   7 0.00  0.0    0  6.5 14  70   M    M   0        20  50
27  63  51  57  -3   8   0 0.05  0.0    0 14.4 26 110   M    M   4 38     36 100
28  77  54  66   6   0   1    T  0.0    0  5.2 14  50   M    M   6        17  50
29  71  52  62   2   3   0 1.97  0.0    0  8.0 18 130   M    M   9 138    24 130
30  71  60  66   5   0   1 0.76  0.0    0  6.0 15  10   M    M   5 13     20  20
================================================================================
SM 2134 1449       200  50  7.64     0.0 199.8          M       97
================================================================================
AV 71.1 48.3                               6.7 FASTST   M    M   3    MAX(MPH)
                                 MISC ---->  # 26 260               # 36  270
================================================================================
NOTES:
# LAST OF SEVERAL OCCURRENCES

COLUMN 17 PEAK WIND IN M.P.H.

PRELIMINARY LOCAL CLIMATOLOGICAL DATA (WS FORM: F-6) , PAGE 2

                                          STATION:  JEFFERSON CITY
                                          MONTH:    APRIL
                                          YEAR:     2012
                                          LATITUDE:   38 35 N
                                          LONGITUDE:  92 10 W

[TEMPERATURE DATA]      [PRECIPITATION DATA]       SYMBOLS USED IN COLUMN 16

AVERAGE MONTHLY: 59.7   TOTAL FOR MONTH:   7.64    1 = FOG OR MIST
DPTR FM NORMAL:   3.4   DPTR FM NORMAL:    3.37    2 = FOG REDUCING VISIBILITY
HIGHEST:    91 ON  2    GRTST 24HR  3.25 ON 13-14      TO 1/4 MILE OR LESS
LOWEST:     31 ON 12                               3 = THUNDER
                        SNOW, ICE PELLETS, HAIL    4 = ICE PELLETS
                        TOTAL MONTH:   0.0 INCH    5 = HAIL
                        GRTST 24HR     0.0         6 = FREEZING RAIN OR DRIZZLE
                        GRTST DEPTH:   0           7 = DUSTSTORM OR SANDSTORM:
                                                       VSBY 1/2 MILE OR LESS
                                                   8 = SMOKE OR HAZE
[NO. OF DAYS WITH]      [WEATHER - DAYS WITH]      9 = BLOWING SNOW
                                                   X = TORNADO
MAX 32 OR BELOW:   0    0.01 INCH OR MORE:  10
MAX 90 OR ABOVE:   1    0.10 INCH OR MORE:   6
MIN 32 OR BELOW:   1    0.50 INCH OR MORE:   5
MIN  0 OR BELOW:   0    1.00 INCH OR MORE:   3

[HDD (BASE 65) ]
TOTAL THIS MO.   200    CLEAR  (SCALE 0-3)  16
DPTR FM NORMAL   -87    PTCLDY (SCALE 4-7)  11
TOTAL FM JUL 1  3462    CLOUDY (SCALE 8-10)  3
DPTR FM NORMAL -1089

[CDD (BASE 65) ]
TOTAL THIS MO.    50
DPTR FM NORMAL    24    [PRESSURE DATA]
TOTAL FM JAN 1   113    HIGHEST SLP 30.37 ON  8
DPTR FM NORMAL    83    LOWEST  SLP 29.48 ON 25

[REMARKS]
#FINAL-04-12#
