000
CXUS53 KLSX 011600
CF6JEF
PRELIMINARY LOCAL CLIMATOLOGICAL DATA (WS FORM: F-6)

                                          STATION:   JEFFERSON CITY
                                          MONTH:     FEBRUARY
                                          YEAR:      2012
                                          LATITUDE:   38 35 N
                                          LONGITUDE:  92 10 W

  TEMPERATURE IN F:       :PCPN:    SNOW:  WIND      :SUNSHINE: SKY     :PK WND
================================================================================
1   2   3   4   5  6A  6B    7    8   9   10  11  12  13   14  15   16   17  18
                                     12Z  AVG MX 2MIN
DY MAX MIN AVG DEP HDD CDD  WTR  SNW DPTH SPD SPD DIR MIN PSBL S-S WX    SPD DR
================================================================================

 1  61  35  48  14  17   0 0.00  0.0    0  3.5 13 350   M    M   0        17 330
 2  64  28  46  12  19   0 0.00  0.0    0  4.3 12 100   M    M   0 1      14 110
 3  52  40  46  12  19   0 0.95  0.0    0 12.4 23 110   M    M   7 13     30 100
 4  51  43  47  13  18   0 0.05  0.0    0  6.6 15 100   M    M  10 18     20 110
 5  50  31  41   7  24   0 0.06    T    0  5.7 14 350   M    M   6 18     20 360
 6  50  27  39   5  26   0 0.00  0.0    0  3.2 14 280   M    M   3 12     22 310
 7  50  28  39   4  26   0 0.06    M    0  3.8 15 330   M    M   6 18     18  10
 8  36  33  35   0  30   0 0.00  0.0    M  3.7  9 350   M    M  10 18     14 340
 9  41  31  36   1  29   0 0.00  0.0    0  3.2  9 220   M    M  10        13 220
10  42  19  31  -4  34   0 0.00  0.0    0 11.9 22 330   M    M   8 18     29 340
11  30  14  22 -14  43   0 0.00  0.0    0 10.1 21 320   M    M   0        25 320
12  38  13  26 -10  39   0 0.00  0.0    0  4.4 12 290   M    M   2        15 290
13  35  29  32  -4  33   0    M    M    M  7.8 17 220   M    M  10 1      24 210
14  40  31  36   0  29   0 0.00  0.0    M  5.8 10 190   M    M   8 1      13 230
15  48  35  42   5  23   0 0.64  0.0    0  5.9 14 110   M    M   9 18     17 110
16  51  30  41   4  24   0 0.03  0.0    0  6.4 15 310   M    M   6 18     20 310
17  59  28  44   7  21   0 0.00  0.0    0  3.6 13 190   M    M   0 1      16 210
18  49  35  42   5  23   0 0.00  0.0    0  7.0 13 350   M    M   3        17  80
19  50  31  41   3  24   0 0.00  0.0    0  5.0 12 360   M    M   2        16  10
20  57  28  43   5  22   0    T  0.0    0 12.5 24 190   M    M   2        32 220
21  55  38  47   9  18   0 0.02  0.0    0 10.8 24 250   M    M   5        32 250
22  62  31  47   9  18   0 0.00  0.0    0  5.7 20 290   M    M   1        25 250
23  70  36  53  14  12   0 0.01    M    0 12.3 32 290   M    M   3        41 280
24  46  30  38  -1  27   0    T    M    0 16.1 33 290   M    M   8        44 270
25  44  27  36  -3  29   0 0.00  0.0    0  7.6 24 310   M    M   1        32 300
26  65  33  49   9  16   0 0.00  0.0    0  9.7 26 200   M    M   0        38 210
27  52  36  44   4  21   0 0.00  0.0    0  4.6 12  20   M    M   2        16  50
28  69  39  54  14  11   0    T  0.0    0 13.2 24 170   M    M   7 3      35 180
29  67  44  56  16   9   0 0.06  0.0    0 16.9 38 260   M    M   1 3      48 260
================================================================================
SM 1484  903       684   0  1.88    T    223.7          M      130
================================================================================
AV 51.2 31.1                               7.7 FASTST   M    M   4    MAX(MPH)
                                 MISC ---->  # 38 260               # 48  260
================================================================================
NOTES:
# LAST OF SEVERAL OCCURRENCES

COLUMN 17 PEAK WIND IN M.P.H.

PRELIMINARY LOCAL CLIMATOLOGICAL DATA (WS FORM: F-6) , PAGE 2

                                          STATION:  JEFFERSON CITY
                                          MONTH:    FEBRUARY
                                          YEAR:     2012
                                          LATITUDE:   38 35 N
                                          LONGITUDE:  92 10 W

[TEMPERATURE DATA]      [PRECIPITATION DATA]       SYMBOLS USED IN COLUMN 16

AVERAGE MONTHLY: 41.2   TOTAL FOR MONTH:   1.88    1 = FOG OR MIST
DPTR FM NORMAL:   4.6   DPTR FM NORMAL:   -0.34    2 = FOG REDUCING VISIBILITY
HIGHEST:    70 ON 23    GRTST 24HR  0.99 ON  3- 4      TO 1/4 MILE OR LESS
LOWEST:     13 ON 12                               3 = THUNDER
                        SNOW, ICE PELLETS, HAIL    4 = ICE PELLETS
                        TOTAL MONTH:    T          5 = HAIL
                        GRTST 24HR    T  ON  5- 5  6 = FREEZING RAIN OR DRIZZLE
                        GRTST DEPTH:   0           7 = DUSTSTORM OR SANDSTORM:
                                                       VSBY 1/2 MILE OR LESS
                                                   8 = SMOKE OR HAZE
[NO. OF DAYS WITH]      [WEATHER - DAYS WITH]      9 = BLOWING SNOW
                                                   X = TORNADO
MAX 32 OR BELOW:   1    0.01 INCH OR MORE:   9
MAX 90 OR ABOVE:   0    0.10 INCH OR MORE:   2
MIN 32 OR BELOW:  17    0.50 INCH OR MORE:   2
MIN  0 OR BELOW:   0    1.00 INCH OR MORE:   0

[HDD (BASE 65) ]
TOTAL THIS MO.   684    CLEAR  (SCALE 0-3)  14
DPTR FM NORMAL  -111    PTCLDY (SCALE 4-7)   8
TOTAL FM JUL 1  3068    CLOUDY (SCALE 8-10)  7
DPTR FM NORMAL  -619

[CDD (BASE 65) ]
TOTAL THIS MO.     0
DPTR FM NORMAL     0    [PRESSURE DATA]
TOTAL FM JAN 1     0    HIGHEST SLP 30.66 ON 11
DPTR FM NORMAL     0    LOWEST  SLP 29.19 ON 23

[REMARKS]
#FINAL-02-12#
