000
CXUS53 KLSX 011615 CCA
CF6JEF

PRELIMINARY LOCAL CLIMATOLOGICAL DATA (WS FORM: F-6)

                                          STATION:   JEFFERSON CITY
                                          MONTH:     JANUARY
                                          YEAR:      2012
                                          LATITUDE:   38 35 N
                                          LONGITUDE:  92 10 W

  TEMPERATURE IN F:       :PCPN:    SNOW:  WIND      :SUNSHINE: SKY     :PK WND
================================================================================
1   2   3   4   5  6A  6B    7    8   9   10  11  12  13   14  15   16   17  18
                                     12Z  AVG MX 2MIN
DY MAX MIN AVG DEP HDD CDD  WTR  SNW DPTH SPD SPD DIR MIN PSBL S-S WX    SPD DR
================================================================================

 1  52  34  43  11  22   0    T  0.0    0 17.8 29 290   M    M   3        38 280
 2  36  23  30  -2  35   0 0.00  0.0    0 15.0 30 290   M    M   0        39 290
 3  46  14  30  -2  35   0 0.00  0.0    0  5.7 15 160   M    M   0        21 180
 4  51  30  41   9  24   0 0.00  0.0    0  5.2 20 290   M    M   0        23 290
 5  67  28  48  16  17   0 0.00  0.0    0  5.4 16 230   M    M   0        22 240
 6  69  41  55  23  10   0 0.00  0.0    0  7.5 21 260   M    M   0        26 260
 7  53  30  42  10  23   0 0.00  0.0    0  4.0  9  70   M    M   0        14 250
 8  43  25  34   2  31   0 0.00  0.0    0  1.8  7  40   M    M   5         9  40
 9  51  23  37   5  28   0 0.00  0.0    0  2.9 10 240   M    M   1 18     14 290
10  55  22  39   7  26   0 0.00  0.0    0  1.2  8 150   M    M   0 1      12 150
11  58  29  44  12  21   0 0.00  0.0    0  7.9 23 300   M    M   3 18     31 330
12  30  17  24  -8  41   0    M    M    M 18.5 31 290   M    M  10 18     38 290
13  28  14  21 -11  44   0    T    M    M  9.8 22 290   M    M   4        25 280
14  37  17  27  -5  38   0 0.00  0.0    M  6.9 20 300   M    M   4        25 300
15  54  20  37   5  28   0 0.00  0.0    M 10.4 23 150   M    M   0        30 170
16  71  43  57  25   8   0 0.07  0.0    0 12.0 38 300   M    M   2 3      53 300
17  50  20  35   3  30   0 0.17  0.0    0 14.0 30 290   M    M   6 138    36 290
18  37   9  23  -9  42   0 0.00  0.0    0  4.0 15 170   M    M   0        18 180
19  35  20  28  -4  37   0 0.00  0.0    0  6.1 17 360   M    M   0        23 350
20  32  17  25  -7  40   0 0.00  0.0    0  9.1 15 100   M    M   6        18 100
21  30  20  25  -7  40   0 0.00  0.0    0  6.9 21 120   M    M   8 8      24 110
22  56  30  43  11  22   0 0.00  0.0    0 12.7 25 170   M    M   9 1      32 160
23  56  26  41   9  24   0 0.00  0.0    0 14.1 33 280   M    M   6 8      44 270
24  50  20  35   3  30   0 0.00  0.0    0  3.5 10  60   M    M   0 1      15  70
25  41  34  38   6  27   0 0.08  0.0    0  6.5 16 120   M    M   7 18     21 110
26  46  34  40   7  25   0 0.02  0.0    0  4.9 14 290   M    M   7 18     17 290
27  46  27  37   4  28   0 0.08    M    0  4.8 14 300   M    M   4 1      17 310
28  45  28  37   4  28   0 0.01    M    M  9.4 20 290   M    M   1 1      24 290
29  51  29  40   7  25   0 0.00  0.0    0  5.8 16 240   M    M   1        21 230
30  69  33  51  18  14   0 0.00  0.0    0  8.6 25 210   M    M   0        33 200
31  64  49  57  24   8   0 0.00  0.0    0  7.1 17 210   M    M   5        26 210
================================================================================
SM 1509  806       851   0  0.43     0.0 249.5          M       92
================================================================================
AV 48.7 26.0                               8.0 FASTST   M    M   3    MAX(MPH)
                                 MISC ---->  # 38 300               # 53  300
================================================================================
NOTES:
# LAST OF SEVERAL OCCURRENCES

COLUMN 17 PEAK WIND IN M.P.H.

PRELIMINARY LOCAL CLIMATOLOGICAL DATA (WS FORM: F-6) , PAGE 2

                                          STATION:  JEFFERSON CITY
                                          MONTH:    JANUARY
                                          YEAR:     2012
                                          LATITUDE:   38 35 N
                                          LONGITUDE:  92 10 W

[TEMPERATURE DATA]      [PRECIPITATION DATA]       SYMBOLS USED IN COLUMN 16

AVERAGE MONTHLY: 37.3   TOTAL FOR MONTH:   0.43    1 = FOG OR MIST
DPTR FM NORMAL:   5.3   DPTR FM NORMAL:   -1.60    2 = FOG REDUCING VISIBILITY
HIGHEST:    71 ON 16    GRTST 24HR  M              TO 1/4 MILE OR LESS
LOWEST:      9 ON 18                               3 = THUNDER
                        SNOW, ICE PELLETS, HAIL    4 = ICE PELLETS
                        TOTAL MONTH:   M           5 = HAIL
                        GRTST 24HR     M           6 = FREEZING RAIN OR DRIZZLE
                        GRTST DEPTH:   M           7 = DUSTSTORM OR SANDSTORM:
                                                       VSBY 1/2 MILE OR LESS
                                                   8 = SMOKE OR HAZE
[NO. OF DAYS WITH]      [WEATHER - DAYS WITH]      9 = BLOWING SNOW
                                                   X = TORNADO
MAX 32 OR BELOW:   4    0.01 INCH OR MORE:   M
MAX 90 OR ABOVE:   0    0.10 INCH OR MORE:   M
MIN 32 OR BELOW:  24    0.50 INCH OR MORE:   M
MIN  0 OR BELOW:   0    1.00 INCH OR MORE:   M

[HDD (BASE 65) ]
TOTAL THIS MO.   851    CLEAR  (SCALE 0-3)  17
DPTR FM NORMAL  -172    PTCLDY (SCALE 4-7)  11
TOTAL FM JUL 1  2384    CLOUDY (SCALE 8-10)  3
DPTR FM NORMAL  -483

[CDD (BASE 65) ]
TOTAL THIS MO.     0
DPTR FM NORMAL     0    [PRESSURE DATA]
TOTAL FM JAN 1     0    HIGHEST SLP 30.54 ON  3
DPTR FM NORMAL     0    LOWEST  SLP 29.35 ON 22

[REMARKS]
#FINAL-01-12#
