000
CXUS53 KLSX 011500
CF6JEF
PRELIMINARY LOCAL CLIMATOLOGICAL DATA (WS FORM: F-6)
STATION: JEFFERSON CITY
MONTH: DECEMBER
YEAR: 2021
LATITUDE: 38 35 N
LONGITUDE: 92 10 W
TEMPERATURE IN F: :PCPN: SNOW: WIND :SUNSHINE: SKY :PK WND
================================================================================
1 2 3 4 5 6A 6B 7 8 9 10 11 12 13 14 15 16 17 18
12Z AVG MX 2MIN
DY MAX MIN AVG DEP HDD CDD WTR SNW DPTH SPD SPD DIR MIN PSBL S-S WX SPD DR
================================================================================
1 66 45 56 16 9 0 0.01 0.0 0 4.3 16 260 M M 2 24 260
2 73 41 57 17 8 0 0.00 0.0 0 2.4 12 270 M M 0 16 260
3 76 38 57 18 8 0 0.00 0.0 0 4.9 18 10 M M 0 28 360
4 56 40 48 9 17 0 0.00 0.0 0 7.6 15 100 M M 1 22 100
5 70 43 57 18 8 0 0.00 0.0 0 9.1 25 340 M M 6 36 340
6 51 31 41 3 24 0 0.00 0.0 0 10.4 24 320 M M 0 36 330
7 38 28 33 -5 32 0 0.00 0.0 0 6.5 13 120 M M 5 17 120
8 52 28 40 2 25 0 0.00 0.0 0 4.2 13 100 M M 0 8 16 100
9 69 38 54 16 11 0 0.00 0.0 0 7.4 22 210 M M 0 28 210
10 71 33 52 15 13 0 0.03 0.0 0 8.2 32 190 M M 5 1238 50 190
11 49 34 42 5 23 0 0.00 0.0 0 13.1 30 280 M M 4 43 280
12 57 32 45 8 20 0 0.00 0.0 0 7.4 16 170 M M 0 25 180
13 62 26 44 8 21 0 0.00 0.0 0 5.0 9 120 M M 0 15 170
14 71 38 55 19 10 0 0.00 0.0 0 8.5 17 170 M M 5 25 180
15 78 66 72 36 0 7 T 0.0 0 15.2 29 170 M M 6 8 43 190
16 66 28 47 11 18 0 0.03 0.0 0 7.5 21 260 M M 3 8 28 260
17 42 26 34 -1 31 0 0.14 0.0 0 6.9 20 110 M M 8 18 30 110
18 43 28 36 1 29 0 0.00 0.0 0 7.7 15 330 M M 3 1 23 300
19 39 20 30 -5 35 0 0.00 0.0 0 3.6 8 120 M M 0 8 10 160
20 53 22 38 3 27 0 0.00 0.0 0 5.2 12 230 M M 0 16 230
21 54 23 39 5 26 0 0.00 0.0 0 4.5 18 300 M M 0 18 26 310
22 51 23 37 3 28 0 0.00 0.0 0 5.2 10 110 M M 0 15 140
23 64 39 52 18 13 0 0.00 0.0 0 6.6 18 220 M M 1 1 26 210
24 76 44 60 26 5 0 0.00 0.0 0 10.3 26 210 M M 0 38 220
25 66 38 52 18 13 0 T 0.0 0 4.6 14 320 M M 2 18 18 320
26 65 34 50 17 15 0 0.00 0.0 0 7.4 17 110 M M 5 128 24 110
27 66 43 55 22 10 0 0.00 0.0 0 9.4 18 110 M M 0 8 24 290
28 53 39 46 13 19 0 1.95 0.0 0 7.9 24 70 M M 8 123 33 80
29 44 34 39 6 26 0 T 0.0 0 5.3 14 70 M M 5 18 21 80
30 47 33 40 7 25 0 0.00 M M 2.7 14 240 M M 7 1 18 240
31 66 32 49 17 16 0 0.00 M M 4.9 15 340 M M 3 128 22 330
================================================================================
SM 1834 1067 565 7 2.16 0.0 213.9 M 79
================================================================================
AV 59.2 34.4 6.9 FASTST M M 3 MAX(MPH)
MISC ----> 32 190 50 190
================================================================================
NOTES:
# LAST OF SEVERAL OCCURRENCES
COLUMN 17 PEAK WIND IN M.P.H.
PRELIMINARY LOCAL CLIMATOLOGICAL DATA (WS FORM: F-6) , PAGE 2
STATION: JEFFERSON CITY
MONTH: DECEMBER
YEAR: 2021
LATITUDE: 38 35 N
LONGITUDE: 92 10 W
[TEMPERATURE DATA] [PRECIPITATION DATA] SYMBOLS USED IN COLUMN 16
AVERAGE MONTHLY: 46.8 TOTAL FOR MONTH: 2.16 1 = FOG OR MIST
DPTR FM NORMAL: 11.0 DPTR FM NORMAL: 0.06 2 = FOG REDUCING VISIBILITY
HIGHEST: 78 ON 15 GRTST 24HR 1.95 ON 28-28 TO 1/4 MILE OR LESS
LOWEST: 20 ON 19 3 = THUNDER
SNOW, ICE PELLETS, HAIL 4 = ICE PELLETS
TOTAL MONTH: 0.0 INCH 5 = HAIL
GRTST 24HR 0.0 6 = FREEZING RAIN OR DRIZZLE
GRTST DEPTH: 0 7 = DUSTSTORM OR SANDSTORM:
VSBY 1/2 MILE OR LESS
8 = SMOKE OR HAZE
[NO. OF DAYS WITH] [WEATHER - DAYS WITH] 9 = BLOWING SNOW
X = TORNADO
MAX 32 OR BELOW: 0 0.01 INCH OR MORE: 5
MAX 90 OR ABOVE: 0 0.10 INCH OR MORE: 2
MIN 32 OR BELOW: 13 0.50 INCH OR MORE: 1
MIN 0 OR BELOW: 0 1.00 INCH OR MORE: 1
[HDD (BASE 65) ]
TOTAL THIS MO. 565 CLEAR (SCALE 0-3) 19
DPTR FM NORMAL -340 PTCLDY (SCALE 4-7) 11
TOTAL FM JUL 1 1256 CLOUDY (SCALE 8-10) 1
DPTR FM NORMAL -542
[CDD (BASE 65) ]
TOTAL THIS MO. 7
DPTR FM NORMAL 7 [PRESSURE DATA]
TOTAL FM JAN 1 1760 HIGHEST SLP 30.43 ON 19
DPTR FM NORMAL 305 LOWEST SLP 29.35 ON 10
[REMARKS]
#FINAL-12-21#