000
CXUS53 KLSX 311600
CF6JEF
PRELIMINARY LOCAL CLIMATOLOGICAL DATA (WS FORM: F-6)

                                          STATION:   JEFFERSON CITY MO
                                          MONTH:     DECEMBER
                                          YEAR:      2011
                                          LATITUDE:   38 35 N
                                          LONGITUDE:  92 10 W

  TEMPERATURE IN F:       :PCPN:    SNOW:  WIND      :SUNSHINE: SKY     :PK WND
================================================================================
1   2   3   4   5  6A  6B    7    8   9   10  11  12  13   14  15   16   17  18
                                     12Z  AVG MX 2MIN
DY MAX MIN AVG DEP HDD CDD  WTR  SNW DPTH SPD SPD DIR MIN PSBL S-S WX    SPD DR
================================================================================

 1  58  31  45   6  20   0 0.00  0.0    0  5.3 16 350   M    M   1 8      23 350
 2  49  35  42   4  23   0 0.00  0.0    0  5.2 12 120   M    M   8        15 130
 3  62  46  54  16  11   0 0.51  0.0    0  9.5 23 160   M    M   8 1      38  90
 4  58  35  47   9  18   0 0.00  0.0    0  9.1 21 270   M    M  10        25 270
 5  35  29  32  -5  33   0 0.00  0.0    0  9.5 16  10   M    M  10        23 340
 6  29  25  27 -10  38   0    T    M    M  6.9 13 330   M    M  10 18     16 330
 7  39  19  29  -7  36   0 0.00  0.0    0  4.6 13 220   M    M   2        16 220
 8  44  22  33  -3  32   0 0.00  0.0    0  1.9  8  30   M    M   3        35 340
 9  39  24  32  -4  33   0 0.00  0.0    0  4.7 13  10   M    M   7 8      20 350
10  41  18  30  -6  35   0 0.00  0.0    0  3.2 10 180   M    M   1        13 160
11  51  22  37   2  28   0 0.00  0.0    0  5.7 12 200   M    M   0        13 150
12  48  29  39   4  26   0    T  0.0    0  4.9 13 220   M    M   8        18 220
13  50  41  46  11  19   0 0.52  0.0    0  5.4 12 100   M    M   8 1      14 100
14  62  49  56  22   9   0 0.27  0.0    0  8.8 16 180   M    M   9 13     23 180
15  61  30  46  12  19   0    M    M    M  9.0 21 280   M    M   6 1      24 290
16  40  25  33  -1  32   0 0.00  0.0    0  2.5 10 300   M    M   0        14 290
17  51  24  38   4  27   0 0.00  0.0    0  2.4 12 270   M    M   0 1      15 270
18  60  26  43   9  22   0 0.00  0.0    0  5.4 14 200   M    M   3        20 190
19  57  43  50  17  15   0 1.47  0.0    0  5.1 15 210   M    M  10 1      20 210
20  49  43  46  13  19   0 0.37  0.0    0  5.9 16  70   M    M  10 1      21  80
21  46  32  39   6  26   0 0.01  0.0    0  8.0 20 270   M    M   4        23 290
22  38  30  34   1  31   0 0.00  0.0    0  6.1 15 350   M    M   6 18     18 340
23  38  31  35   2  30   0 0.00  0.0    0  5.6 13 330   M    M   6        16 260
24  49  24  37   5  28   0 0.00  0.0    0  2.7 13 250   M    M   0        16 240
25  52  27  40   8  25   0 0.00  0.0    0  2.6 15 290   M    M   0        18 290
26  39  20  30  -2  35   0 0.11    M    0  3.8 15 130   M    M   6 1      16 130
27  47  33  40   8  25   0 0.01  0.0    0  8.0 28 280   M    M   2 1      32 290
28  54  27  41   9  24   0 0.00  0.0    0  3.2 15 200   M    M   0        21 220
29  62  33  48  16  17   0    T  0.0    0  5.3 15 240   M    M   2        17 240
30  57  36  47  15  18   0    T    M    0 13.7 33 280   M    M   5        41 280
================================================================================
SM 1465  909       754   0  3.27     0.0 174.0          M      145
================================================================================
AV 48.8 30.3                               5.8 FASTST   M    M   5    MAX(MPH)
                                 MISC ---->  # 33 280               # 41  280
================================================================================
NOTES:
# LAST OF SEVERAL OCCURRENCES

COLUMN 17 PEAK WIND IN M.P.H.

PRELIMINARY LOCAL CLIMATOLOGICAL DATA (WS FORM: F-6) , PAGE 2

                                          STATION:  JEFFERSON CITY MO
                                          MONTH:    DECEMBER
                                          YEAR:     2011
                                          LATITUDE:   38 35 N
                                          LONGITUDE:  92 10 W

[TEMPERATURE DATA]      [PRECIPITATION DATA]       SYMBOLS USED IN COLUMN 16

AVERAGE MONTHLY: 39.6   TOTAL FOR MONTH:   3.27    1 = FOG OR MIST
DPTR FM NORMAL:   5.1   DPTR FM NORMAL:    0.73    2 = FOG REDUCING VISIBILITY
HIGHEST:    62 ON 29,14 GRTST 24HR  1.82 ON 19-20      TO 1/4 MILE OR LESS
LOWEST:     18 ON 10                               3 = THUNDER
                        SNOW, ICE PELLETS, HAIL    4 = ICE PELLETS
                        TOTAL MONTH:   0.0 INCH    5 = HAIL
                        GRTST 24HR     0.0         6 = FREEZING RAIN OR DRIZZLE
                        GRTST DEPTH:   0           7 = DUSTSTORM OR SANDSTORM:
                                                       VSBY 1/2 MILE OR LESS
                                                   8 = SMOKE OR HAZE
[NO. OF DAYS WITH]      [WEATHER - DAYS WITH]      9 = BLOWING SNOW
                                                   X = TORNADO
MAX 32 OR BELOW:   1    0.01 INCH OR MORE:   8
MAX 90 OR ABOVE:   0    0.10 INCH OR MORE:   6
MIN 32 OR BELOW:  20    0.50 INCH OR MORE:   3
MIN  0 OR BELOW:   0    1.00 INCH OR MORE:   1

[HDD (BASE 65) ]
TOTAL THIS MO.   754    CLEAR  (SCALE 0-3)  13
DPTR FM NORMAL  -161    PTCLDY (SCALE 4-7)  10
TOTAL FM JUL 1  1517    CLOUDY (SCALE 8-10)  7
DPTR FM NORMAL  -294

[CDD (BASE 65) ]
TOTAL THIS MO.     0
DPTR FM NORMAL     0    [PRESSURE DATA]
TOTAL FM JAN 1  1815    HIGHEST SLP M ON M
DPTR FM NORMAL   459    LOWEST  SLP 29.55 ON 30

[REMARKS]
