000
CXUS53 KLSX 011602
CF6JEF
PRELIMINARY LOCAL CLIMATOLOGICAL DATA (WS FORM: F-6)

                                          STATION:   JEFFERSON CITY
                                          MONTH:     MARCH
                                          YEAR:      2012
                                          LATITUDE:   38 35 N
                                          LONGITUDE:  92 10 W

  TEMPERATURE IN F:       :PCPN:    SNOW:  WIND      :SUNSHINE: SKY     :PK WND
================================================================================
1   2   3   4   5  6A  6B    7    8   9   10  11  12  13   14  15   16   17  18
                                     12Z  AVG MX 2MIN
DY MAX MIN AVG DEP HDD CDD  WTR  SNW DPTH SPD SPD DIR MIN PSBL S-S WX    SPD DR
================================================================================

 1  74  29  52  11  13   0 0.00  0.0    0  7.3 24 150   M    M   0        31 200
 2  60  35  48   7  17   0 0.30  0.0    0 10.0 30 270   M    M   5 138    37 280
 3  46  30  38  -3  27   0 0.00  0.0    0 10.0 23 300   M    M   2        30 300
 4  58  26  42   0  23   0    T  0.0    0  6.2 24 350   M    M   7        31 320
 5  57  24  41  -1  24   0 0.00  0.0    0  7.4 17 160   M    M   1        24 140
 6  76  49  63  21   2   0 0.00  0.0    0 15.9 33 180   M    M   0        45 180
 7  72  62  67  25   0   2 0.00  0.0    0 14.3 26 180   M    M   6        39 170
 8  69  31  50   7  15   0 0.32    M    0  7.5 25 300   M    M   5 18     31 310
 9  59  28  44   1  21   0 0.00  0.0    0  4.0 13 350   M    M   0        16 360
10  67  29  48   4  17   0 0.00  0.0    0  6.1 17 170   M    M   0        24 150
11  59  41  50   6  15   0 0.44  0.0    0 11.0 23 140   M    M   6 1      29 140
12  80  53  67  23   0   2 0.00  0.0    0  8.4 24 230   M    M   2        33 220
13  83  43  63  18   2   0 0.00  0.0    0  4.9 13 170   M    M   0 1      17 170
14  85  60  73  28   0   8 0.00  0.0    0  9.1 23 240   M    M   3        33 240
15  82  62  72  27   0   7 0.17  0.0    0  6.5 17 110   M    M   4 13     21 110
16  82  57  70  24   0   5 0.00  0.0    0  6.6 16 150   M    M   2        21 160
17  72  58  65  19   0   0 1.00  0.0    0  7.6 25 240   M    M   3 13     31 220
18  79  54  67  21   0   2    T  0.0    0 10.0 18 180   M    M   2 1      25 160
19  81  62  72  25   0   7    T  0.0    0 12.1 30 170   M    M   5        37 180
20  79  59  69  22   0   4 0.92  0.0    0  9.7 31 150   M    M   8 18     41 140
21  72  58  65  18   0   0 0.62  0.0    0  8.3 25 200   M    M   9 1      33 130
22  70  51  61  13   4   0 0.14  0.0    0  8.0 29 190   M    M   5        37 200
23  59  52  56   8   9   0 0.53  0.0    0  5.9 16 200   M    M   8 18     22 200
24  69  51  60  12   5   0    T  0.0    0  5.0 17 290   M    M   6 1      22 290
25  78  51  65  16   0   0 0.00  0.0    0  2.5 10  40   M    M   3 12     12  40
26  79  51  65  16   0   0 0.00  0.0    0  7.2 15 100   M    M   1 1      20 100
27  84  60  72  22   0   7 0.00  0.0    0  8.8 21 230   M    M   1        28 220
28  83  60  72  22   0   7 0.90  0.0    0  4.8 20  90   M    M   3 38     24  90
29  76  60  68  18   0   3 0.56  0.0    0  8.8 24 280   M    M   4 138    33 280
30  79  62  71  20   0   6 0.00  0.0    0  5.2 14 270   M    M   3        16 290
31  83  53  68  17   0   3 0.00  0.0    0  4.5 18  50   M    M   0 1      24  50
================================================================================
SM 2252 1501       194  63  5.90     0.0 243.6          M      104
================================================================================
AV 72.6 48.4                               7.9 FASTST   M    M   3    MAX(MPH)
                                 MISC ---->  # 33 180               # 45  180
================================================================================
NOTES:
# LAST OF SEVERAL OCCURRENCES

COLUMN 17 PEAK WIND IN M.P.H.

PRELIMINARY LOCAL CLIMATOLOGICAL DATA (WS FORM: F-6) , PAGE 2

                                          STATION:  JEFFERSON CITY
                                          MONTH:    MARCH
                                          YEAR:     2012
                                          LATITUDE:   38 35 N
                                          LONGITUDE:  92 10 W

[TEMPERATURE DATA]      [PRECIPITATION DATA]       SYMBOLS USED IN COLUMN 16

AVERAGE MONTHLY: 60.5   TOTAL FOR MONTH:   5.90    1 = FOG OR MIST
DPTR FM NORMAL:  14.8   DPTR FM NORMAL:    2.84    2 = FOG REDUCING VISIBILITY
HIGHEST:    85 ON 14    GRTST 24HR  1.46 ON 28-29      TO 1/4 MILE OR LESS
LOWEST:     24 ON  5                               3 = THUNDER
                        SNOW, ICE PELLETS, HAIL    4 = ICE PELLETS
                        TOTAL MONTH:   0.0 INCH    5 = HAIL
                        GRTST 24HR     0.0         6 = FREEZING RAIN OR DRIZZLE
                        GRTST DEPTH:   0           7 = DUSTSTORM OR SANDSTORM:
                                                       VSBY 1/2 MILE OR LESS
                                                   8 = SMOKE OR HAZE
[NO. OF DAYS WITH]      [WEATHER - DAYS WITH]      9 = BLOWING SNOW
                                                   X = TORNADO
MAX 32 OR BELOW:   0    0.01 INCH OR MORE:  11
MAX 90 OR ABOVE:   0    0.10 INCH OR MORE:  11
MIN 32 OR BELOW:   7    0.50 INCH OR MORE:   6
MIN  0 OR BELOW:   0    1.00 INCH OR MORE:   1

[HDD (BASE 65) ]
TOTAL THIS MO.   194    CLEAR  (SCALE 0-3)  18
DPTR FM NORMAL  -408    PTCLDY (SCALE 4-7)  12
TOTAL FM JUL 1  3262    CLOUDY (SCALE 8-10)  1
DPTR FM NORMAL -1002

[CDD (BASE 65) ]
TOTAL THIS MO.    63
DPTR FM NORMAL    59    [PRESSURE DATA]
TOTAL FM JAN 1    63    HIGHEST SLP 30.55 ON  9
DPTR FM NORMAL    59    LOWEST  SLP 29.34 ON  2

[REMARKS]
#FINAL-03-12#
