000
CXUS53 KLSX 011600
CF6JEF
PRELIMINARY LOCAL CLIMATOLOGICAL DATA (WS FORM: F-6)

                                          STATION:   JEFFERSON CITY
                                          MONTH:     JUNE
                                          YEAR:      2014
                                          LATITUDE:   38 35 N
                                          LONGITUDE:  92 10 W

  TEMPERATURE IN F:       :PCPN:    SNOW:  WIND      :SUNSHINE: SKY     :PK WND
================================================================================
1   2   3   4   5  6A  6B    7    8   9   10  11  12  13   14  15   16   17  18
                                     12Z  AVG MX 2MIN
DY MAX MIN AVG DEP HDD CDD  WTR  SNW DPTH SPD SPD DIR MIN PSBL S-S WX    SPD DR
================================================================================

 1  86  68  77   7   0  12 0.00  0.0    0 10.1 22 170   M    M   3        30 160
 2  85  71  78   8   0  13    T  0.0    0  7.9 23 170   M    M   5        30 170
 3  89  67  78   7   0  13 0.00  0.0    0  5.4 14 150   M    M   1        18 180
 4  83  68  76   5   0  11 0.47  0.0    0  6.3 29  10   M    M   5 138    38 300
 5  71  66  69  -2   0   4 0.10  0.0    0  6.3 20 100   M    M   9 13     25 120
 6  79  67  73   1   0   8 0.00  0.0    0  4.7 10  80   M    M   7 1      14  90
 7  78  65  72   0   0   7 0.41  0.0    0  9.8 26 240   M    M   7 13     34 240
 8  73  60  67  -5   0   2 0.00  0.0    0  3.6 10  60   M    M   2 1      14 330
 9  74  62  68  -4   0   3 1.38  0.0    0 10.1 20  70   M    M   6 1      30  90
10  75  63  69  -4   0   4 0.27  0.0    0  5.3 13 130   M    M   8 13     17  90
11  73  62  68  -5   0   3 0.01  0.0    0  4.5 12 300   M    M   7 1      14 290
12  70  59  65  -8   0   0 0.24  0.0    0  3.2 16 230   M    M   7 12     20 220
13  77  54  66  -8   0   1 0.00  0.0    0  3.8 10  60   M    M   2 12     16  50
14  80  52  66  -8   0   1 0.00  0.0    0 11.4 22 150   M    M   0        27 150
15  83  67  75   1   0  10 0.14  0.0    0  6.9 18 260   M    M   5 1      25 270
16  90  68  79   5   0  14    T  0.0    0  9.9 22 170   M    M   4        28 170
17  90  75  83   8   0  18 0.00  0.0    0 11.1 22 180   M    M   1 8      29 180
18  91  76  84   9   0  19 0.00  0.0    0  9.1 17 180   M    M   1        23 180
19  89  72  81   6   0  16 0.01  0.0    0  6.4 22 180   M    M   1 3      33 180
20  92  70  81   5   0  16 0.00  0.0    0  4.6 14 270   M    M   3        18 270
21  91  69  80   4   0  15 0.01  0.0    0  6.3 25  10   M    M   1 13     35 360
22  90  70  80   4   0  15 0.27  0.0    0  5.4 23 300   M    M   1 13     28 310
23  83  69  76   0   0  11 0.13  0.0    0  4.6 14 150   M    M   4 13     17 290
24  85  68  77   1   0  12 0.00  0.0    0  5.2 15 290   M    M   2        19 290
25  88  65  77   0   0  12    T  0.0    0  2.3  8 210   M    M   2        13 260
26  88  66  77   0   0  12 0.00  0.0    0  5.3 13 170   M    M   1 1      20 210
27  88  69  79   2   0  14 0.00  0.0    0  8.5 16 170   M    M   1        21 170
28  86  71  79   2   0  14 0.11  0.0    0  8.7 22 200   M    M   4 138    33 180
29  87  70  79   2   0  14 0.00  0.0    0  7.0 16 160   M    M   5 3      23 160
30  92  74  83   5   0  18 0.06  0.0    0  9.4 21 350   M    M   3 3      27 190
================================================================================
SM 2506 2003         0 312  3.61     0.0 203.1          M      108
================================================================================
AV 83.5 66.8                               6.8 FASTST   M    M   4    MAX(MPH)
                                 MISC ---->  # 29  10               # 38  300
================================================================================
NOTES:
# LAST OF SEVERAL OCCURRENCES

COLUMN 17 PEAK WIND IN M.P.H.

PRELIMINARY LOCAL CLIMATOLOGICAL DATA (WS FORM: F-6) , PAGE 2

                                          STATION:  JEFFERSON CITY
                                          MONTH:    JUNE
                                          YEAR:     2014
                                          LATITUDE:   38 35 N
                                          LONGITUDE:  92 10 W

[TEMPERATURE DATA]      [PRECIPITATION DATA]       SYMBOLS USED IN COLUMN 16

AVERAGE MONTHLY: 75.2   TOTAL FOR MONTH:   3.61    1 = FOG OR MIST
DPTR FM NORMAL:   1.1   DPTR FM NORMAL:   -0.95    2 = FOG REDUCING VISIBILITY
HIGHEST:    92 ON 30,20 GRTST 24HR  1.42 ON  9-10      TO 1/4 MILE OR LESS
LOWEST:     52 ON 14                               3 = THUNDER
                        SNOW, ICE PELLETS, HAIL    4 = ICE PELLETS
                        TOTAL MONTH:   0.0 INCH    5 = HAIL
                        GRTST 24HR     0.0         6 = FREEZING RAIN OR DRIZZLE
                        GRTST DEPTH:   0           7 = DUSTSTORM OR SANDSTORM:
                                                       VSBY 1/2 MILE OR LESS
                                                   8 = SMOKE OR HAZE
[NO. OF DAYS WITH]      [WEATHER - DAYS WITH]      9 = BLOWING SNOW
                                                   X = TORNADO
MAX 32 OR BELOW:   0    0.01 INCH OR MORE:  14
MAX 90 OR ABOVE:   7    0.10 INCH OR MORE:  10
MIN 32 OR BELOW:   0    0.50 INCH OR MORE:   1
MIN  0 OR BELOW:   0    1.00 INCH OR MORE:   1

[HDD (BASE 65) ]
TOTAL THIS MO.     0    CLEAR  (SCALE 0-3)  15
DPTR FM NORMAL    -7    PTCLDY (SCALE 4-7)  14
TOTAL FM JUL 1  5416    CLOUDY (SCALE 8-10)  1
DPTR FM NORMAL   768

[CDD (BASE 65) ]
TOTAL THIS MO.   312
DPTR FM NORMAL    32    [PRESSURE DATA]
TOTAL FM JAN 1   494    HIGHEST SLP 30.06 ON 13
DPTR FM NORMAL    86    LOWEST  SLP 29.64 ON 10

[REMARKS]
#FINAL-06-14#
