098
CXUS53 KLSX 020943
CF6JEF
PRELIMINARY LOCAL CLIMATOLOGICAL DATA (WS FORM: F-6)

                                          STATION:   JEFFERSON CITY
                                          MONTH:     MARCH
                                          YEAR:      2017
                                          LATITUDE:   38 35 N
                                          LONGITUDE:  92 10 W

  TEMPERATURE IN F:       :PCPN:    SNOW:  WIND      :SUNSHINE: SKY     :PK WND
================================================================================
1   2   3   4   5  6A  6B    7    8   9   10  11  12  13   14  15   16   17  18
                                     12Z  AVG MX 2MIN
DY MAX MIN AVG DEP HDD CDD  WTR  SNW DPTH SPD SPD DIR MIN PSBL S-S WX    SPD DR
================================================================================

 1  65  34  50   9  15   0 0.41  0.0    0 13.7 28 300   M    M   6 13     38 320
 2  55  27  41   0  24   0 0.00  0.0    0  6.7 28 280   M    M   2        33 290
 3  51  25  38  -3  27   0 0.00  0.0    0  7.3 18 120   M    M   0        24 120
 4  71  42  57  15   8   0 0.00  0.0    0  9.5 25 220   M    M   0        34 220
 5  62  53  58  16   7   0 0.00  0.0    0 12.5 23 170   M    M   8        30 170
 6  74  51  63  21   2   0 0.39  0.0    0 17.6 40 290   M    M   7 13     52 290
 7  58  40  49   7  16   0 0.04  0.0    0 11.8 31 270   M    M   2 3      45 250
 8  67  36  52   9  13   0 0.00  0.0    0  5.8 21 230   M    M   0        26 210
 9  75  35  55  12  10   0 0.31  0.0    0  5.5 24 130   M    M   1 38     31 240
10  46  33  40  -4  25   0 0.00  0.0    0  9.1 16 350   M    M   2        23  20
11  38  30  34 -10  31   0 0.07    M    0  4.7 15  50   M    M   9 18     21  60
12  46  29  38  -6  27   0 0.02  0.0    0  6.8 20 200   M    M   5        25 190
13  42  33  38  -7  27   0 0.10  0.0    0  9.9 22 290   M    M  10 18     27 290
14  34  25  30 -15  35   0    T    M    0  7.7 15 360   M    M   8        19 360
15  42  16  29 -16  36   0 0.00  0.0    0  2.6  8 230   M    M   2        10 140
16  64  35  50   4  15   0 0.00  0.0    0 11.1 21 170   M    M   6        27 160
17  77  47  62  16   3   0 0.00  0.0    0  7.0 17 330   M    M   6        21 330
18  64  40  52   6  13   0 0.00  0.0    0  7.5 17 290   M    M   0        23 280
19  62  37  50   3  15   0 0.06    M    0 11.5 22 120   M    M   5 3      25 120
20  87  56  72  25   0   7 0.00  0.0    0  7.2 17  20   M    M   0        24  10
21  64  48  56   9   9   0 0.21    M    0  7.0 21  90   M    M   4 38     28  80
22  56  40  48   0  17   0 0.00  0.0    0 10.4 22 120   M    M   2        27 110
23  81  46  64  16   1   0    T  0.0    0 13.3 23 190   M    M   4        30 200
24  77  59  68  20   0   3 0.66  0.0    0 10.2 26 190   M    M   4 1      35 200
25  63  52  58   9   7   0 0.53  0.0    0  6.6 17 240   M    M   8 13     29 250
26  63  51  57   8   8   0 0.01  0.0    0  6.5 14 270   M    M   7 1      18 270
27  58  53  56   6   9   0 0.43  0.0    0  5.4 13  60   M    M  10 18     16  70
28  61  53  57   7   8   0 0.00  0.0    0  7.0 14  90   M    M  10 1      20 100
29  68  53  61  11   4   0 1.66  0.0    0 13.3 25 280   M    M   8 13     33 280
30  64  50  57   6   8   0 0.12  0.0    0  7.9 17 290   M    M  10 1      21 250
31  53  46  50  -1  15   0    T    M    0  8.5 16 300   M    M   9 18     21 290
================================================================================
SM 1888 1275       435  10  5.02     0.0 271.6          M      155
================================================================================
AV 60.9 41.1                               8.8 FASTST   M    M   5    MAX(MPH)
                                 MISC ---->  # 40 290               # 52  290
================================================================================
NOTES:
# LAST OF SEVERAL OCCURRENCES

COLUMN 17 PEAK WIND IN M.P.H.

PRELIMINARY LOCAL CLIMATOLOGICAL DATA (WS FORM: F-6) , PAGE 2

                                          STATION:  JEFFERSON CITY
                                          MONTH:    MARCH
                                          YEAR:     2017
                                          LATITUDE:   38 35 N
                                          LONGITUDE:  92 10 W

[TEMPERATURE DATA]      [PRECIPITATION DATA]       SYMBOLS USED IN COLUMN 16

AVERAGE MONTHLY: 51.0   TOTAL FOR MONTH:   5.02    1 = FOG OR MIST
DPTR FM NORMAL:   5.3   DPTR FM NORMAL:    1.96    2 = FOG REDUCING VISIBILITY
HIGHEST:    87 ON 20    GRTST 24HR  1.66 ON 29-29      TO 1/4 MILE OR LESS
LOWEST:     16 ON 15                               3 = THUNDER
                        SNOW, ICE PELLETS, HAIL    4 = ICE PELLETS
                        TOTAL MONTH:   0.0 INCH    5 = HAIL
                        GRTST 24HR     0.0         6 = FREEZING RAIN OR DRIZZLE
                        GRTST DEPTH:   0           7 = DUSTSTORM OR SANDSTORM:
                                                       VSBY 1/2 MILE OR LESS
                                                   8 = SMOKE OR HAZE
[NO. OF DAYS WITH]      [WEATHER - DAYS WITH]      9 = BLOWING SNOW
                                                   X = TORNADO
MAX 32 OR BELOW:   0    0.01 INCH OR MORE:  15
MAX 90 OR ABOVE:   0    0.10 INCH OR MORE:  10
MIN 32 OR BELOW:   6    0.50 INCH OR MORE:   3
MIN  0 OR BELOW:   0    1.00 INCH OR MORE:   1

[HDD (BASE 65) ]
TOTAL THIS MO.   435    CLEAR  (SCALE 0-3)  11
DPTR FM NORMAL  -167    PTCLDY (SCALE 4-7)  12
TOTAL FM JUL 1  3471    CLOUDY (SCALE 8-10)  8
DPTR FM NORMAL  -793

[CDD (BASE 65) ]
TOTAL THIS MO.    10
DPTR FM NORMAL     6    [PRESSURE DATA]
TOTAL FM JAN 1    17    HIGHEST SLP 30.66 ON  3
DPTR FM NORMAL    13    LOWEST  SLP 29.47 ON  1

[REMARKS]
#FINAL-03-17#
