000
CXUS53 KLSX 011600
CF6JEF
PRELIMINARY LOCAL CLIMATOLOGICAL DATA (WS FORM: F-6)

                                          STATION:   JEFFERSON CITY
                                          MONTH:     AUGUST
                                          YEAR:      2017
                                          LATITUDE:   38 35 N
                                          LONGITUDE:  92 10 W

  TEMPERATURE IN F:       :PCPN:    SNOW:  WIND      :SUNSHINE: SKY     :PK WND
================================================================================
1   2   3   4   5  6A  6B    7    8   9   10  11  12  13   14  15   16   17  18
                                     12Z  AVG MX 2MIN
DY MAX MIN AVG DEP HDD CDD  WTR  SNW DPTH SPD SPD DIR MIN PSBL S-S WX    SPD DR
================================================================================

 1  85  69  77  -1   0  12    T  0.0    0  3.3 12 290   M    M   7        13 310
 2  89  67  78   0   0  13 0.00  0.0    0  2.8 12 300   M    M   1 1      16 290
 3  89  66  78   0   0  13 0.14  0.0    0  5.4 21 320   M    M   1 13     27 300
 4  77  58  68 -10   0   3 0.00  0.0    0  5.7 14 330   M    M   1        18 330
 5  72  53  63 -15   2   0 1.36  0.0    0  6.9 16 140   M    M   6 13     22 140
 6  76  66  71  -7   0   6 0.37  0.0    0  5.7 16 180   M    M   9 13     21 180
 7  82  64  73  -5   0   8 0.00  0.0    0  4.5 14  10   M    M   5 1      18  10
 8  82  61  72  -6   0   7 0.00  0.0    0  3.7 12  50   M    M   1        17  70
 9  83  60  72  -6   0   7 0.00  0.0    0  3.3 10 110   M    M   4        14 130
10  85  68  77  -1   0  12 0.03  0.0    0  3.9 16 170   M    M   5 13     21 160
11  83  69  76  -2   0  11 0.36  0.0    0  4.5 13  10   M    M   4 123    16  10
12  81  60  71  -6   0   6 0.00  0.0    0  2.4 10 360   M    M   1 8      14  40
13  80  56  68  -9   0   3 0.00  0.0    0  3.6 12 110   M    M   4        16 140
14  79  67  73  -4   0   8 0.00  0.0    0  3.6 10 150   M    M   8 12     13 110
15  88  65  77   0   0  12 0.00  0.0    0  3.4  9 140   M    M   5 12     12 110
16  84  69  77   0   0  12 2.17  0.0    0  7.1 32 260   M    M   6 138    48 250
17  83  66  75  -2   0  10 0.01  0.0    0  6.4 18 280   M    M   4 1      23 270
18  84  60  72  -4   0   7    T  0.0    0  3.3 21 250   M    M   1 138    29 350
19  91  68  80   4   0  15 0.00  0.0    0  1.5 12 270   M    M   0 8      15 280
20  90  68  79   3   0  14 0.00  0.0    0  5.2 17 340   M    M   1 3      22 350
21  91  71  81   5   0  16 0.00  0.0    0  4.3 13 210   M    M   0 38     17 220
22  82  64  73  -3   0   8 1.18  0.0    0  7.8 15 300   M    M   4 1238   21 290
23  79  56  68  -8   0   3 0.00  0.0    0  3.2 13 360   M    M   0 18     17  10
24  80  57  69  -6   0   4 0.00  0.0    0  3.3 12 110   M    M   2 128    15 110
25  80  59  70  -5   0   5 0.00  0.0    0  5.5 15 130   M    M   0 1      19 140
26  84  59  72  -3   0   7 0.00  0.0    0  2.7  9 120   M    M   1        13 140
27  82  60  71  -4   0   6 0.04  0.0    0  4.3 17  10   M    M   2 13     23  30
28  83  63  73  -1   0   8 0.00  0.0    0  3.7 16  10   M    M   4 12     22  10
29  81  60  71  -3   0   6 0.00  0.0    0  2.9  8  80   M    M   3        12  40
30  83  59  71  -3   0   6 0.00  0.0    0  5.0 13  40   M    M   2        18  60
31  80  61  71  -3   0   6 0.00  0.0    0  6.2 17  80   M    M   0        24  70
================================================================================
SM 2568 1949         2 254  5.66     0.0 135.1          M       92
================================================================================
AV 82.8 62.9                               4.4 FASTST   M    M   3    MAX(MPH)
                                 MISC ---->  # 32 260               # 48  250
================================================================================
NOTES:
# LAST OF SEVERAL OCCURRENCES

COLUMN 17 PEAK WIND IN M.P.H.

PRELIMINARY LOCAL CLIMATOLOGICAL DATA (WS FORM: F-6) , PAGE 2

                                          STATION:  JEFFERSON CITY
                                          MONTH:    AUGUST
                                          YEAR:     2017
                                          LATITUDE:   38 35 N
                                          LONGITUDE:  92 10 W

[TEMPERATURE DATA]      [PRECIPITATION DATA]       SYMBOLS USED IN COLUMN 16

AVERAGE MONTHLY: 72.9   TOTAL FOR MONTH:   5.66    1 = FOG OR MIST
DPTR FM NORMAL:  -3.6   DPTR FM NORMAL:    1.40    2 = FOG REDUCING VISIBILITY
HIGHEST:    91 ON 21,19 GRTST 24HR  2.17 ON 16-16      TO 1/4 MILE OR LESS
LOWEST:     53 ON  5                               3 = THUNDER
                        SNOW, ICE PELLETS, HAIL    4 = ICE PELLETS
                        TOTAL MONTH:   0.0 INCH    5 = HAIL
                        GRTST 24HR     0.0         6 = FREEZING RAIN OR DRIZZLE
                        GRTST DEPTH:   0           7 = DUSTSTORM OR SANDSTORM:
                                                       VSBY 1/2 MILE OR LESS
                                                   8 = SMOKE OR HAZE
[NO. OF DAYS WITH]      [WEATHER - DAYS WITH]      9 = BLOWING SNOW
                                                   X = TORNADO
MAX 32 OR BELOW:   0    0.01 INCH OR MORE:   9
MAX 90 OR ABOVE:   3    0.10 INCH OR MORE:   6
MIN 32 OR BELOW:   0    0.50 INCH OR MORE:   3
MIN  0 OR BELOW:   0    1.00 INCH OR MORE:   3

[HDD (BASE 65) ]
TOTAL THIS MO.     2    CLEAR  (SCALE 0-3)  17
DPTR FM NORMAL     0    PTCLDY (SCALE 4-7)  13
TOTAL FM JUL 1     2    CLOUDY (SCALE 8-10)  1
DPTR FM NORMAL     0

[CDD (BASE 65) ]
TOTAL THIS MO.   254
DPTR FM NORMAL  -104    [PRESSURE DATA]
TOTAL FM JAN 1  1295    HIGHEST SLP 30.17 ON 26
DPTR FM NORMAL   110    LOWEST  SLP 29.78 ON 14

[REMARKS]
#FINAL-08-17#
