000
CXUS53 KLSX 011600
CF6JEF
PRELIMINARY LOCAL CLIMATOLOGICAL DATA (WS FORM: F-6)

                                          STATION:   JEFFERSON CITY
                                          MONTH:     FEBRUARY
                                          YEAR:      2014
                                          LATITUDE:   38 35 N
                                          LONGITUDE:  92 10 W

  TEMPERATURE IN F:       :PCPN:    SNOW:  WIND      :SUNSHINE: SKY     :PK WND
================================================================================
1   2   3   4   5  6A  6B    7    8   9   10  11  12  13   14  15   16   17  18
                                     12Z  AVG MX 2MIN
DY MAX MIN AVG DEP HDD CDD  WTR  SNW DPTH SPD SPD DIR MIN PSBL S-S WX    SPD DR
================================================================================

 1  32  26  29  -5  36   0    T    M    0  6.2 21 300   M    M  10 168    28 300
 2  26  10  18 -16  47   0    M    M    M  5.9 14 350   M    M   2 1      20 360
 3  30   2  16 -18  49   0 0.00  0.0    M  2.1 12  80   M    M   0        15  80
 4  26  19  23 -11  42   0    M    M    0  8.2 17  70   M    M   9 18     23  80
 5  19   4  12 -22  53   0    M    M    M 10.6 20 300   M    M   8        25 310
 6  11  -6   3 -31  62   0 0.00  0.0    M  4.3 10 290   M    M   1        12 290
 7  17 -10   4 -31  61   0    T    M    M  2.5  7  70   M    M   8 1       8  70
 8  30  16  23 -12  42   0    T    M    M  3.7  9 220   M    M   9        12 220
 9  29  16  23 -12  42   0    M    M    M  5.8 16  10   M    M  10 18     21  20
10  19   6  13 -22  52   0 0.00  0.0    M  6.7 14 340   M    M   2        17  10
11  21  -5   8 -28  57   0 0.00    M    M  3.7 10 130   M    M   0        12 140
12  37   0  19 -17  46   0 0.29    M    M  3.5  9 300   M    M   0        12 300
13  47  12  30  -6  35   0 0.00  0.0    M  4.9 21 270   M    M   0 1      28 270
14  38  19  29  -7  36   0 0.01    M    M  7.1 21 340   M    M   5 18     26 330
15  34  10  22 -15  43   0    T    M    M  3.4 16 130   M    M   5        20 130
16  35  23  29  -8  36   0 0.00  0.0    M  8.2 15 110   M    M   5        21 310
17  50  32  41   4  24   0 0.08  0.0    M  9.5 28 290   M    M   5 18     38 290
18  66  36  51  14  14   0 0.00  0.0    M  8.7 25 200   M    M   0        35 200
19  54  30  42   4  23   0    T  0.0    0  6.1 18 110   M    M   2        25 100
20  76  39  58  20   7   0    M  0.0    0 17.1 41 260   M    M   6        55 240
21  58  33  46   8  19   0 0.00  0.0    0 12.2 28 280   M    M   1        35 290
22  58  25  42   4  23   0 0.00  0.0    0  5.2 17 350   M    M   4        21 350
23  38  26  32  -7  33   0 0.00  0.0    0  8.3 16  10   M    M   5        21 360
24  38  18  28 -11  37   0 0.00  0.0    0  5.1 14  40   M    M   3        21  70
25  31  19  25 -14  40   0    T    M    0  8.9 18 330   M    M   7 1      23 300
26  27   9  18 -22  47   0 0.00  0.0    0  9.4 20 270   M    M   1        24 330
27  31  18  25 -15  40   0 0.00  0.0    0  5.8 17  10   M    M   0        23 360
28  50  20  35  -5  30   0 0.00  0.0    0 10.1 18 150   M    M   3        25 150
================================================================================
SM 1028  447      1076   0  0.38     0.0 193.2          M      111
================================================================================
AV 36.7 16.0                               6.9 FASTST   M    M   4    MAX(MPH)
                                 MISC ---->  # 41 260               # 55  240
================================================================================
NOTES:
# LAST OF SEVERAL OCCURRENCES

COLUMN 17 PEAK WIND IN M.P.H.

PRELIMINARY LOCAL CLIMATOLOGICAL DATA (WS FORM: F-6) , PAGE 2

                                          STATION:  JEFFERSON CITY
                                          MONTH:    FEBRUARY
                                          YEAR:     2014
                                          LATITUDE:   38 35 N
                                          LONGITUDE:  92 10 W

[TEMPERATURE DATA]      [PRECIPITATION DATA]       SYMBOLS USED IN COLUMN 16

AVERAGE MONTHLY: 26.3   TOTAL FOR MONTH:   0.38    1 = FOG OR MIST
DPTR FM NORMAL: -10.3   DPTR FM NORMAL:   -1.84    2 = FOG REDUCING VISIBILITY
HIGHEST:    76 ON 20    GRTST 24HR  0.56 ON 12-13      TO 1/4 MILE OR LESS
LOWEST:    -10 ON  7                               3 = THUNDER
                        SNOW, ICE PELLETS, HAIL    4 = ICE PELLETS
                        TOTAL MONTH:   0.0 INCH    5 = HAIL
                        GRTST 24HR     0.0         6 = FREEZING RAIN OR DRIZZLE
                        GRTST DEPTH:   0           7 = DUSTSTORM OR SANDSTORM:
                                                       VSBY 1/2 MILE OR LESS
                                                   8 = SMOKE OR HAZE
[NO. OF DAYS WITH]      [WEATHER - DAYS WITH]      9 = BLOWING SNOW
                                                   X = TORNADO
MAX 32 OR BELOW:  14    0.01 INCH OR MORE:   3
MAX 90 OR ABOVE:   0    0.10 INCH OR MORE:   1
MIN 32 OR BELOW:  25    0.50 INCH OR MORE:   0
MIN  0 OR BELOW:   4    1.00 INCH OR MORE:   0

[HDD (BASE 65) ]
TOTAL THIS MO.  1076    CLEAR  (SCALE 0-3)  13
DPTR FM NORMAL   281    PTCLDY (SCALE 4-7)  10
TOTAL FM JUL 1  4295    CLOUDY (SCALE 8-10)  5
DPTR FM NORMAL   633

[CDD (BASE 65) ]
TOTAL THIS MO.     0
DPTR FM NORMAL     0    [PRESSURE DATA]
TOTAL FM JAN 1     0    HIGHEST SLP 30.68 ON  6
DPTR FM NORMAL     0    LOWEST  SLP 29.19 ON 20

[REMARKS]
#FINAL-02-14#
