000
CXUS53 KLSX 011500
CF6JEF
PRELIMINARY LOCAL CLIMATOLOGICAL DATA (WS FORM: F-6)
STATION: JEFFERSON CITY
MONTH: FEBRUARY
YEAR: 2024
LATITUDE: 38 35 N
LONGITUDE: 92 10 W
TEMPERATURE IN F: :PCPN: SNOW: WIND :SUNSHINE: SKY :PK WND
================================================================================
1 2 3 4 5 6A 6B 7 8 9 10 11 12 13 14 15 16 17 18
12Z AVG MX 2MIN
DY MAX MIN AVG DEP HDD CDD WTR SNW DPTH SPD SPD DIR MIN PSBL S-S WX SPD DR
================================================================================
1 70 34 52 19 13 0 T M 0 5.0 16 210 M M 2 21 210
2 65 41 53 20 12 0 0.00 0.0 0 7.5 18 80 M M 3 18 25 80
3 62 43 53 20 12 0 0.00 0.0 0 11.0 17 80 M M 6 18 23 80
4 55 42 49 15 16 0 0.01 0.0 0 6.6 16 80 M M 4 22 80
5 59 29 44 10 21 0 0.00 0.0 0 3.5 10 60 M M 0 14 330
6 59 25 42 8 23 0 0.00 0.0 0 3.5 12 130 M M 0 12 130
7 66 33 50 16 15 0 0.00 0.0 0 9.5 23 150 M M 0 30 150
8 73 47 60 26 5 0 0.00 0.0 0 11.9 33 230 M M 1 46 190
9 69 36 53 18 12 0 0.00 0.0 0 4.6 15 210 M M 1 20 200
10 51 27 39 4 26 0 0.00 0.0 0 5.6 14 350 M M 0 19 330
11 44 25 35 0 30 0 0.00 0.0 0 4.2 12 350 M M 1 17 360
12 51 29 40 4 25 0 0.00 0.0 0 4.9 18 330 M M 5 23 340
13 65 23 44 8 21 0 0.00 0.0 0 4.8 20 270 M M 1 25 260
14 66 29 48 12 17 0 0.00 0.0 0 4.4 14 150 M M 0 19 180
15 55 42 49 13 16 0 0.00 M M 9.0 21 300 M M 3 30 290
16 42 24 33 -4 32 0 M M M 9.2 20 360 M M 8 1248 26 360
17 28 17 23 -14 42 0 M M M 7.7 16 350 M M 3 22 10
18 54 21 38 1 27 0 0.00 0.0 M 4.7 15 240 M M 0 23 260
19 58 21 40 2 25 0 0.00 0.0 M 4.7 14 160 M M 1 19 160
20 66 27 47 9 18 0 0.00 0.0 0 3.9 15 250 M M 0 19 210
21 74 32 53 15 12 0 0.00 0.0 0 5.9 13 150 M M 0 17 170
22 69 41 55 16 10 0 0.00 0.0 0 7.2 22 360 M M 2 29 340
23 65 39 52 13 13 0 0.00 0.0 0 8.5 26 300 M M 2 37 300
24 53 32 43 4 22 0 0.00 0.0 0 6.1 17 360 M M 0 24 360
25 75 39 57 17 8 0 0.00 M M 4.6 13 240 M M 0 20 260
26 82 33 58 18 7 0 0.00 M M 7.7 22 200 M M 0 29 170
27 83 35 59 19 6 0 T M M 12.9 29 290 M M 2 3 42 220
28 38 22 30 -10 35 0 T M M 11.0 26 300 M M 2 1 37 310
29 56 19 38 -3 27 0 0.00 M M 7.9 17 150 M M 0 24 150
================================================================================
SM 1753 907 548 0 0.01 0.0 198.0 M 47
================================================================================
AV 60.4 31.3 6.8 FASTST M M 2 MAX(MPH)
MISC ----> 33 230 46 190
================================================================================
NOTES:
# LAST OF SEVERAL OCCURRENCES
COLUMN 17 PEAK WIND IN M.P.H.
PRELIMINARY LOCAL CLIMATOLOGICAL DATA (WS FORM: F-6) , PAGE 2
STATION: JEFFERSON CITY
MONTH: FEBRUARY
YEAR: 2024
LATITUDE: 38 35 N
LONGITUDE: 92 10 W
[TEMPERATURE DATA] [PRECIPITATION DATA] SYMBOLS USED IN COLUMN 16
AVERAGE MONTHLY: 45.9 TOTAL FOR MONTH: 0.01 1 = FOG OR MIST
DPTR FM NORMAL: 9.4 DPTR FM NORMAL: -1.86 2 = FOG REDUCING VISIBILITY
HIGHEST: 83 ON 27 GRTST 24HR 0.09 ON 16-16 TO 1/4 MILE OR LESS
LOWEST: 17 ON 17 3 = THUNDER
SNOW, ICE PELLETS, HAIL 4 = ICE PELLETS
TOTAL MONTH: 0.0 INCH 5 = HAIL
GRTST 24HR 0.0 6 = FREEZING RAIN OR DRIZZLE
GRTST DEPTH: 0 7 = DUSTSTORM OR SANDSTORM:
VSBY 1/2 MILE OR LESS
8 = SMOKE OR HAZE
[NO. OF DAYS WITH] [WEATHER - DAYS WITH] 9 = BLOWING SNOW
X = TORNADO
MAX 32 OR BELOW: 1 0.01 INCH OR MORE: 1
MAX 90 OR ABOVE: 0 0.10 INCH OR MORE: 0
MIN 32 OR BELOW: 16 0.50 INCH OR MORE: 0
MIN 0 OR BELOW: 0 1.00 INCH OR MORE: 0
[HDD (BASE 65) ]
TOTAL THIS MO. 548 CLEAR (SCALE 0-3) 25
DPTR FM NORMAL -252 PTCLDY (SCALE 4-7) 4
TOTAL FM JUL 1 3038 CLOUDY (SCALE 8-10) 0
DPTR FM NORMAL -636
[CDD (BASE 65) ]
TOTAL THIS MO. 0
DPTR FM NORMAL 0 [PRESSURE DATA]
TOTAL FM JAN 1 0 HIGHEST SLP 30.47 ON 29
DPTR FM NORMAL 0 LOWEST SLP 29.24 ON 27
[REMARKS]
#FINAL-02-24#