000
CXUS53 KLSX 011600
CF6JEF
PRELIMINARY LOCAL CLIMATOLOGICAL DATA (WS FORM: F-6)

                                          STATION:   JEFFERSON CITY MO
                                          MONTH:     NOVEMBER
                                          YEAR:      2011
                                          LATITUDE:   38 35 N
                                          LONGITUDE:  92 10 W

  TEMPERATURE IN F:       :PCPN:    SNOW:  WIND      :SUNSHINE: SKY     :PK WND
================================================================================
1   2   3   4   5  6A  6B    7    8   9   10  11  12  13   14  15   16   17  18
                                     12Z  AVG MX 2MIN
DY MAX MIN AVG DEP HDD CDD  WTR  SNW DPTH SPD SPD DIR MIN PSBL S-S WX    SPD DR
================================================================================

 1  77  40  59   7   6   0 0.00  0.0    0  8.4 20 180   M    M   0 8      26 160
 2  76  47  62  10   3   0 0.27  0.0    0 10.8 25 310   M    M   5 1      33  30
 3  48  38  43  -8  22   0 1.06  0.0    0 11.1 21 340   M    M  10 1      33 310
 4  59  42  51   0  14   0 0.00  0.0    0  6.0 13 140   M    M   5        15 130
 5  61  44  53   3  12   0 0.00  0.0    0 11.5 20 160   M    M   5        24 160
 6  66  55  61  11   4   0 0.01  0.0    0 11.1 22 180   M    M   8 1      29 190
 7  64  55  60  10   5   0 0.67  0.0    0  6.5 14 110   M    M   9 1      16 100
 8  63  59  61  12   4   0 0.72  0.0    0  4.0 21 100   M    M   9 13     25 100
 9  60  40  50   1  15   0 0.20  0.0    0 13.4 29 270   M    M   3 18     37 280
10  49  27  38 -10  27   0 0.00  0.0    0  7.7 28 290   M    M   0        35 290
11  70  27  49   1  16   0 0.00  0.0    0  7.1 25 220   M    M   0        32 220
12  63  41  52   5  13   0 0.00  0.0    0 12.0 24 190   M    M   0        31 200
13  75  48  62  15   3   0 0.00  0.0    0 10.3 31 250   M    M   0        40 270
14  73  46  60  14   5   0 0.00  0.0    0  6.1 28 240   M    M   0        37 250
15  69  40  55   9  10   0 0.00  0.0    0  6.2 21 360   M    M   1 8      26  10
16  51  35  43  -3  22   0 0.00  0.0    0  6.0 18  10   M    M   3        25  10
17  49  29  39  -6  26   0 0.00  0.0    0  4.4 14 210   M    M   1        17 200
18  60  31  46   2  19   0 0.00  0.0    0 11.8 25 170   M    M   1        33 170
19  69  47  58  14   7   0 0.00  0.0    0 12.3 26 200   M    M   9        33 210
20  47  36  42  -2  23   0 0.01  0.0    0  6.0 15 330   M    M   9 18     20 350
21  47  40  44   1  21   0 0.02  0.0    0  2.4  9  90   M    M  10 12     13  70
22  51  45  48   5  17   0 0.24  0.0    0  8.1 15 320   M    M  10 18     20 320
23  48  40  44   2  21   0 0.00  0.0    0  4.7 10 140   M    M   9 128    13 140
24  65  38  52  10  13   0 0.00  0.0    0  7.4 14 180   M    M   4 1      17 170
25  68  45  57  16   8   0 0.00  0.0    0 11.0 21 200   M    M   0        26 190
26  61  42  52  11  13   0 0.73  0.0    0 11.5 23 290   M    M  10 1      29 290
27  42  37  40   0  25   0 0.00  0.0    0 10.4 18 340   M    M  10        24 320
28  37  32  35  -5  30   0 0.00  0.0    0  7.7 18 350   M    M   9        23 340
29  49  29  39  -1  26   0 0.00  0.0    0  9.3 20 340   M    M   0        26 340
30  48  21  35  -4  30   0 0.00  0.0    0  3.1 10 100   M    M   0        13 110
================================================================================
SM 1765 1196       460   0  3.93     0.0 248.3          M      140
================================================================================
AV 58.8 39.9                               8.3 FASTST   M    M   5    MAX(MPH)
                                 MISC ---->  # 31 250               # 40  270
================================================================================
NOTES:
# LAST OF SEVERAL OCCURRENCES

COLUMN 17 PEAK WIND IN M.P.H.

PRELIMINARY LOCAL CLIMATOLOGICAL DATA (WS FORM: F-6) , PAGE 2

                                          STATION:  JEFFERSON CITY MO
                                          MONTH:    NOVEMBER
                                          YEAR:     2011
                                          LATITUDE:   38 35 N
                                          LONGITUDE:  92 10 W

[TEMPERATURE DATA]      [PRECIPITATION DATA]       SYMBOLS USED IN COLUMN 16

AVERAGE MONTHLY: 49.3   TOTAL FOR MONTH:   3.93    1 = FOG OR MIST
DPTR FM NORMAL:   3.8   DPTR FM NORMAL:    0.13    2 = FOG REDUCING VISIBILITY
HIGHEST:    77 ON  1    GRTST 24HR  1.33 ON  2- 3      TO 1/4 MILE OR LESS
LOWEST:     21 ON 30                               3 = THUNDER
                        SNOW, ICE PELLETS, HAIL    4 = ICE PELLETS
                        TOTAL MONTH:   0.0 INCH    5 = HAIL
                        GRTST 24HR     0.0         6 = FREEZING RAIN OR DRIZZLE
                        GRTST DEPTH:   0           7 = DUSTSTORM OR SANDSTORM:
                                                       VSBY 1/2 MILE OR LESS
                                                   8 = SMOKE OR HAZE
[NO. OF DAYS WITH]      [WEATHER - DAYS WITH]      9 = BLOWING SNOW
                                                   X = TORNADO
MAX 32 OR BELOW:   0    0.01 INCH OR MORE:  10
MAX 90 OR ABOVE:   0    0.10 INCH OR MORE:   7
MIN 32 OR BELOW:   7    0.50 INCH OR MORE:   4
MIN  0 OR BELOW:   0    1.00 INCH OR MORE:   1

[HDD (BASE 65) ]
TOTAL THIS MO.   460    CLEAR  (SCALE 0-3)  13
DPTR FM NORMAL  -123    PTCLDY (SCALE 4-7)   6
TOTAL FM JUL 1   763    CLOUDY (SCALE 8-10) 11
DPTR FM NORMAL  -133

[CDD (BASE 65) ]
TOTAL THIS MO.     0
DPTR FM NORMAL    -2    [PRESSURE DATA]
TOTAL FM JAN 1  1815    HIGHEST SLP 30.39 ON 17
DPTR FM NORMAL   459    LOWEST  SLP 29.43 ON 13

[REMARKS]
#FINAL-11-11#
