000
CXUS53 KLSX 011600
CF6JEF
PRELIMINARY LOCAL CLIMATOLOGICAL DATA (WS FORM: F-6)

                                          STATION:   JEFFERSON CITY MO
                                          MONTH:     OCTOBER
                                          YEAR:      2011
                                          LATITUDE:   38 35 N
                                          LONGITUDE:  92 10 W

  TEMPERATURE IN F:       :PCPN:    SNOW:  WIND      :SUNSHINE: SKY     :PK WND
================================================================================
1   2   3   4   5  6A  6B    7    8   9   10  11  12  13   14  15   16   17  18
                                     12Z  AVG MX 2MIN
DY MAX MIN AVG DEP HDD CDD  WTR  SNW DPTH SPD SPD DIR MIN PSBL S-S WX    SPD DR
================================================================================

 1  69  43  56  -6   9   0 0.00  0.0    0  2.5 10  50   M    M   0        15  50
 2  73  36  55  -7  10   0 0.00  0.0    0  0.9  7 210   M    M   0 12     22 210
 3  79  37  58  -4   7   0 0.00  0.0    0  0.7  8 110   M    M   1 12     26  60
 4  83  43  63   2   2   0 0.00  0.0    0  2.2  9 140   M    M   0        13 130
 5  83  45  64   3   1   0 0.00  0.0    0  5.5 14 140   M    M   0        21 170
 6  85  48  67   6   0   2 0.00  0.0    0  7.5 18 130   M    M   0        24 150
 7  86  58  72  12   0   7 0.00  0.0    0 10.4 21 180   M    M   0        28 160
 8  85  58  72  12   0   7 0.00  0.0    0  8.4 15 120   M    M   0        22 160
 9  83  53  68   8   0   3 0.00  0.0    0  6.7 17 120   M    M   0 1      30 150
10  80  51  66   6   0   1 0.00  0.0    0  4.3 10 120   M    M   3 8      15 240
11  80  57  69  10   0   4    T  0.0    0  3.9 10 190   M    M   4 8      20 160
12  73  60  67   8   0   2 0.25  0.0    0  6.3 17 290   M    M   5 13     20 290
13  75  53  64   6   1   0 0.00  0.0    0  8.1 24 290   M    M   1 8      32 290
14  71  45  58   0   7   0 0.00  0.0    0  6.3 23 290   M    M   1        32 290
15  73  39  56  -2   9   0 0.00  0.0    0  2.8 12 180   M    M   0 8      15 180
16  82  48  65   7   0   0 0.00  0.0    0  6.2 23 270   M    M   0 8      29 280
17  58  40  49  -8  16   0 0.76  0.0    0  4.5 15  40   M    M   7 13     22  50
18  54  45  50  -7  15   0 0.06  0.0    0  7.9 16 310   M    M   9 1      24 330
19  48  42  45 -12  20   0    T  0.0    0 10.1 17 300   M    M  10        28 300
20  56  37  47  -9  18   0 0.00  0.0    0  8.7 20 290   M    M   1        26 290
21  65  33  49  -7  16   0 0.00  0.0    0  0.7  9 250   M    M   0        17 230
22  75  37  56   0   9   0 0.00  0.0    0  0.8  8 270   M    M   0        12 270
23  77  50  64   9   1   0 0.00  0.0    0  2.9 16 240   M    M   2        22 250
24  78  46  62   7   3   0 0.00  0.0    0  3.9 10 160   M    M   0 12     13 160
25  85  58  72  17   0   7 0.00  0.0    0 11.3 28 200   M    M   2        40 210
26  73  50  62   8   3   0 0.03  0.0    0  5.6 14 360   M    M   7 138    20 330
27  57  42  50  -4  15   0 0.00  0.0    0  4.8 12 320   M    M   5        15  50
28  61  32  47  -7  18   0 0.00  0.0    0  4.1 12 260   M    M   2 12     20 260
29  65  30  48  -5  17   0 0.00  0.0    0  3.0 13 210   M    M   0        15 200
30  66  41  54   1  11   0    T  0.0    0  7.6 24 240   M    M   2        31 270
31  67  35  51  -1  14   0 0.00  0.0    0  2.8  9 130   M    M   0        13 230
================================================================================
SM 2245 1392       222  33  1.10     0.0 161.4          M       62
================================================================================
AV 72.4 44.9                               5.2 FASTST   M    M   2    MAX(MPH)
                                 MISC ---->  # 28 200               # 40  210
================================================================================
NOTES:
# LAST OF SEVERAL OCCURRENCES

COLUMN 17 PEAK WIND IN M.P.H.

PRELIMINARY LOCAL CLIMATOLOGICAL DATA (WS FORM: F-6) , PAGE 2

                                          STATION:  JEFFERSON CITY MO
                                          MONTH:    OCTOBER
                                          YEAR:     2011
                                          LATITUDE:   38 35 N
                                          LONGITUDE:  92 10 W

[TEMPERATURE DATA]      [PRECIPITATION DATA]       SYMBOLS USED IN COLUMN 16

AVERAGE MONTHLY: 58.7   TOTAL FOR MONTH:   1.10    1 = FOG OR MIST
DPTR FM NORMAL:   1.2   DPTR FM NORMAL:   -2.44    2 = FOG REDUCING VISIBILITY
HIGHEST:    86 ON  7    GRTST 24HR  0.81 ON 17-18      TO 1/4 MILE OR LESS
LOWEST:     30 ON 29                               3 = THUNDER
                        SNOW, ICE PELLETS, HAIL    4 = ICE PELLETS
                        TOTAL MONTH:   0.0 INCH    5 = HAIL
                        GRTST 24HR     0.0         6 = FREEZING RAIN OR DRIZZLE
                        GRTST DEPTH:   0           7 = DUSTSTORM OR SANDSTORM:
                                                       VSBY 1/2 MILE OR LESS
                                                   8 = SMOKE OR HAZE
[NO. OF DAYS WITH]      [WEATHER - DAYS WITH]      9 = BLOWING SNOW
                                                   X = TORNADO
MAX 32 OR BELOW:   0    0.01 INCH OR MORE:   4
MAX 90 OR ABOVE:   0    0.10 INCH OR MORE:   2
MIN 32 OR BELOW:   2    0.50 INCH OR MORE:   1
MIN  0 OR BELOW:   0    1.00 INCH OR MORE:   0

[HDD (BASE 65) ]
TOTAL THIS MO.   222    CLEAR  (SCALE 0-3)  23
DPTR FM NORMAL   -41    PTCLDY (SCALE 4-7)   6
TOTAL FM JUL 1   303    CLOUDY (SCALE 8-10)  2
DPTR FM NORMAL   -10

[CDD (BASE 65) ]
TOTAL THIS MO.    33
DPTR FM NORMAL     3    [PRESSURE DATA]
TOTAL FM JAN 1  1815    HIGHEST SLP 30.31 ON  1
DPTR FM NORMAL   461    LOWEST  SLP 29.60 ON 12

[REMARKS]
#FINAL-10-11#
