000
CXUS53 KLSX 041959 RRA
CF6JEF

PRELIMINARY LOCAL CLIMATOLOGICAL DATA (WS FORM: F-6)

                                          STATION:   JEFFERSON CITY MO
                                          MONTH:     SEPTEMBER
                                          YEAR:      2011
                                          LATITUDE:   38 35 N
                                          LONGITUDE:  92 10 W

  TEMPERATURE IN F:       :PCPN:    SNOW:  WIND      :SUNSHINE: SKY     :PK WND
================================================================================
1   2   3   4   5  6A  6B    7    8   9   10  11  12  13   14  15   16   17  18
                                     12Z  AVG MX 2MIN
DY MAX MIN AVG DEP HDD CDD  WTR  SNW DPTH SPD SPD DIR MIN PSBL S-S WX    SPD DR
================================================================================

 1  98  77  88  15   0  23 0.00  0.0    0  6.8 13 160   M    M   0 8      18 170
 2  96  73  85  12   0  20 0.00  0.0    0  4.4 12 220   M    M   0 18     16 260
 3  94  71  83  11   0  18 0.23  0.0    0  5.7 18 310   M    M   0 138    26 310
 4  77  60  69  -3   0   4 1.26  0.0    0  7.5 17 340   M    M   5 13     25  10
 5  73  55  64  -8   1   0 0.00  0.0    0  7.9 21 360   M    M   1        24 350
 6  75  48  62 -10   3   0 0.00  0.0    0  5.7 13 360   M    M   0        17  20
 7  76  48  62  -9   3   0 0.00  0.0    0  5.0 13 350   M    M   0        16 340
 8  80  48  64  -7   1   0 0.00  0.0    0  5.7 16 350   M    M   0 18     23 350
 9  80  59  70   0   0   5 0.02  0.0    0  4.7 17 330   M    M   7 18     24 330
10  77  62  70   0   0   5    T  0.0    0  1.5  9  20   M    M   7 138    13  20
11  83  58  71   1   0   6 0.00  0.0    0  1.4  8 280   M    M   4 128    12 300
12  87  55  71   2   0   6 0.00  0.0    0  3.1 13 230   M    M   0 128    16 220
13  92  60  76   7   0  11 0.15  0.0    0  3.8 15  60   M    M   0 3      21  70
14  66  51  59 -10   6   0 1.19  0.0    0  4.0 17  70   M    M   6 138    25  70
15  61  43  52 -16  13   0 0.00  0.0    0  3.8 15  80   M    M   1        18 100
16  64  52  58 -10   7   0 0.04  0.0    0  3.4 10  60   M    M  10        14  60
17  60  54  57 -11   8   0 0.13  0.0    0  7.3 15 130   M    M  10 138    18 110
18  71  58  65  -2   0   0 0.12  0.0    0  6.1 16 140   M    M   8 13     22 140
19  74  54  64  -3   1   0 0.02  0.0    0  4.6 12 300   M    M   6 128    17 340
20  81  50  66   0   0   1 0.00  0.0    0  2.0  9 150   M    M   3 12     12 160
21  75  56  66   0   0   1 0.03  0.0    0  4.7 14 290   M    M   2 18     18 290
22  68  52  60  -6   5   0 0.00  0.0    0  1.9  8 280   M    M   1 18     10 210
23  70  50  60  -5   5   0 0.01  0.0    0  1.9 13  50   M    M   7 1      15  70
24  67  48  58  -7   7   0 0.00  0.0    0  3.1 14  50   M    M   1        20  40
25  69  40  55  -9  10   0 0.00  0.0    0  2.6 13 350   M    M   1        18 340
26  72  44  58  -6   7   0 0.00  0.0    0  7.7 24 280   M    M   2 1      31 270
27  73  54  64   0   1   0 0.00  0.0    0  5.5 14 290   M    M   6        18 290
28  82  55  69   5   0   4    T  0.0    0  2.6 12 300   M    M   3 1      17 300
29  84  52  68   5   0   3 0.00  0.0    0  5.8 22 340   M    M   2 12     28 320
30  73  50  62  -1   3   0 0.00  0.0    0  5.8 18 290   M    M   0        24 290
================================================================================
SM 2298 1637        81 107  3.20     0.0 136.0          M       93
================================================================================
AV 76.6 54.6                               4.5 FASTST   M    M   3    MAX(MPH)
                                 MISC ---->  # 24 280               # 31  270
================================================================================
NOTES:
# LAST OF SEVERAL OCCURRENCES

COLUMN 17 PEAK WIND IN M.P.H.

PRELIMINARY LOCAL CLIMATOLOGICAL DATA (WS FORM: F-6) , PAGE 2

                                          STATION:  JEFFERSON CITY MO
                                          MONTH:    SEPTEMBER
                                          YEAR:     2011
                                          LATITUDE:   38 35 N
                                          LONGITUDE:  92 10 W

[TEMPERATURE DATA]      [PRECIPITATION DATA]       SYMBOLS USED IN COLUMN 16

AVERAGE MONTHLY: 65.6   TOTAL FOR MONTH:   3.20    1 = FOG OR MIST
DPTR FM NORMAL:  -2.5   DPTR FM NORMAL:   -1.11    2 = FOG REDUCING VISIBILITY
HIGHEST:    98 ON  1    GRTST 24HR  1.49 ON  3- 4      TO 1/4 MILE OR LESS
LOWEST:     40 ON 25                               3 = THUNDER
                        SNOW, ICE PELLETS, HAIL    4 = ICE PELLETS
                        TOTAL MONTH:   0.0 INCH    5 = HAIL
                        GRTST 24HR     0.0         6 = FREEZING RAIN OR DRIZZLE
                        GRTST DEPTH:   0           7 = DUSTSTORM OR SANDSTORM:
                                                       VSBY 1/2 MILE OR LESS
                                                   8 = SMOKE OR HAZE
[NO. OF DAYS WITH]      [WEATHER - DAYS WITH]      9 = BLOWING SNOW
                                                   X = TORNADO
MAX 32 OR BELOW:   0    0.01 INCH OR MORE:  11
MAX 90 OR ABOVE:   4    0.10 INCH OR MORE:   6
MIN 32 OR BELOW:   0    0.50 INCH OR MORE:   2
MIN  0 OR BELOW:   0    1.00 INCH OR MORE:   2

[HDD (BASE 65) ]
TOTAL THIS MO.    81    CLEAR  (SCALE 0-3)  18
DPTR FM NORMAL    33    PTCLDY (SCALE 4-7)   9
TOTAL FM JUL 1    81    CLOUDY (SCALE 8-10)  3
DPTR FM NORMAL    31

[CDD (BASE 65) ]
TOTAL THIS MO.   107
DPTR FM NORMAL   -32    [PRESSURE DATA]
TOTAL FM JAN 1  1782    HIGHEST SLP 30.36 ON 15
DPTR FM NORMAL   458    LOWEST  SLP 29.75 ON 27

[REMARKS]
#FINAL-09-11#
