000
CXUS53 KLSX 011600
CF6JEF
PRELIMINARY LOCAL CLIMATOLOGICAL DATA (WS FORM: F-6)

                                          STATION:   JEFFERSON CITY MO
                                          MONTH:     AUGUST
                                          YEAR:      2011
                                          LATITUDE:   38 35 N
                                          LONGITUDE:  92 10 W

  TEMPERATURE IN F:       :PCPN:    SNOW:  WIND      :SUNSHINE: SKY     :PK WND
================================================================================
1   2   3   4   5  6A  6B    7    8   9   10  11  12  13   14  15   16   17  18
                                     12Z  AVG MX 2MIN
DY MAX MIN AVG DEP HDD CDD  WTR  SNW DPTH SPD SPD DIR MIN PSBL S-S WX    SPD DR
================================================================================

 1 100  75  88  10   0  23 0.00  0.0    0  5.5 10 110   M    M   0 18     16 160
 2 109  81  95  17   0  30 0.00  0.0    0  4.8 15 220   M    M   1 8      22 220
 3  96  80  88  10   0  23 0.00  0.0    0  5.5 13  60   M    M   0        18  70
 4  87  77  82   4   0  17 0.09  0.0    0  5.0 22 260   M    M   2 13     26 260
 5  83  74  79   1   0  14 0.27  0.0    0  4.6 21 260   M    M   2 13     30 250
 6  91  76  84   6   0  19 0.01  0.0    0  3.8 13 290   M    M   1 138    16  90
 7  97  71  84   6   0  19 0.12  0.0    0  4.7 39 300   M    M   1 138    53 310
 8  84  71  78   0   0  13    T  0.0    0  5.6 17 250   M    M   1 3      22 250
 9  91  69  80   2   0  15 0.00  0.0    0  4.5 13 290   M    M   0 1      25 250
10  82  66  74  -4   0   9 0.06  0.0    0  2.4 12 110   M    M   2 138    18 220
11  86  63  75  -3   0  10 0.00  0.0    0  2.7  9  90   M    M   1        22 210
12  86  65  76  -1   0  11 0.13  0.0    0  5.4 18 280   M    M   2 138    29 280
13  89  70  80   3   0  15 0.00  0.0    0  6.8 15 290   M    M   2 8      20 300
14  85  64  75  -2   0  10 0.00  0.0    0  2.6 10 350   M    M   2        15  10
15  80  62  71  -6   0   6 0.00  0.0    0  2.9 13 210   M    M   1 12     16 210
16  76  64  70  -7   0   5 0.64  0.0    0  5.9 17 140   M    M   5 13     22 140
17  87  70  79   2   0  14 0.00  0.0    0  2.8  9  10   M    M   4 18     13 340
18  92  67  80   4   0  15 0.00  0.0    0  3.1 13 130   M    M   3 1238   17 140
19  91  69  80   4   0  15 1.40  0.0    0  3.1 30 300   M    M   3 13     43 280
20  86  69  78   2   0  13 0.13  0.0    0  5.3 22  90   M    M   1 38     30 100
21  89  69  79   3   0  14 0.00  0.0    0  2.9  9 280   M    M   2 12     14 300
22  86  69  78   2   0  13 0.00  0.0    0  2.6 12 120   M    M   0 1      26 150
23  91  72  82   6   0  17 0.00  0.0    0  6.3 17 180   M    M   1 18     23 190
24  94  79  87  12   0  22 0.00  0.0    0  7.7 17 220   M    M   2 8      24 220
25  88  64  76   1   0  11 0.00  0.0    0  2.9 10  10   M    M   0        16 350
26  90  60  75   0   0  10 0.00  0.0    0  1.2  8 160   M    M   0        14 140
27  90  66  78   3   0  13 0.00  0.0    0  4.5 15 290   M    M   0 1      23 220
28  88  61  75   1   0  10    T  0.0    0  1.8 13  80   M    M   2 3      16  80
29  85  65  75   1   0  10 0.00  0.0    0  5.8 12 120   M    M   2 8      15 100
30  85  65  75   1   0  10 0.03  0.0    0  7.8 17 140   M    M   3        23 150
31  95  70  83   9   0  18 0.00  0.0    0  6.8 14 180   M    M   1        17 140
================================================================================
SM 2759 2143         0 444  2.88     0.0 137.3          M       47
================================================================================
AV 89.0 69.1                               4.4 FASTST   M    M   2    MAX(MPH)
                                 MISC ---->  # 39 300               # 53  310
================================================================================
NOTES:
# LAST OF SEVERAL OCCURRENCES

COLUMN 17 PEAK WIND IN M.P.H.

PRELIMINARY LOCAL CLIMATOLOGICAL DATA (WS FORM: F-6) , PAGE 2

                                          STATION:  JEFFERSON CITY MO
                                          MONTH:    AUGUST
                                          YEAR:     2011
                                          LATITUDE:   38 35 N
                                          LONGITUDE:  92 10 W

[TEMPERATURE DATA]      [PRECIPITATION DATA]       SYMBOLS USED IN COLUMN 16

AVERAGE MONTHLY: 79.1   TOTAL FOR MONTH:   2.88    1 = FOG OR MIST
DPTR FM NORMAL:   2.6   DPTR FM NORMAL:   -1.38    2 = FOG REDUCING VISIBILITY
HIGHEST:   109 ON  2    GRTST 24HR  1.41 ON 18-19      TO 1/4 MILE OR LESS
LOWEST:     60 ON 26                               3 = THUNDER
                        SNOW, ICE PELLETS, HAIL    4 = ICE PELLETS
                        TOTAL MONTH:   0.0 INCH    5 = HAIL
                        GRTST 24HR     0.0         6 = FREEZING RAIN OR DRIZZLE
                        GRTST DEPTH:   0           7 = DUSTSTORM OR SANDSTORM:
                                                       VSBY 1/2 MILE OR LESS
                                                   8 = SMOKE OR HAZE
[NO. OF DAYS WITH]      [WEATHER - DAYS WITH]      9 = BLOWING SNOW
                                                   X = TORNADO
MAX 32 OR BELOW:   0    0.01 INCH OR MORE:  10
MAX 90 OR ABOVE:  13    0.10 INCH OR MORE:   6
MIN 32 OR BELOW:   0    0.50 INCH OR MORE:   2
MIN  0 OR BELOW:   0    1.00 INCH OR MORE:   1

[HDD (BASE 65) ]
TOTAL THIS MO.     0    CLEAR  (SCALE 0-3)  29
DPTR FM NORMAL    -2    PTCLDY (SCALE 4-7)   2
TOTAL FM JUL 1     0    CLOUDY (SCALE 8-10)  0
DPTR FM NORMAL    -2

[CDD (BASE 65) ]
TOTAL THIS MO.   444
DPTR FM NORMAL    86    [PRESSURE DATA]
TOTAL FM JAN 1  1675    HIGHEST SLP 30.05 ON 26
DPTR FM NORMAL   490    LOWEST  SLP 29.68 ON  2

[REMARKS]
#FINAL-08-11#
