000
CXUS53 KLSX 211525
CF6JEF
PRELIMINARY LOCAL CLIMATOLOGICAL DATA (WS FORM: F-6)
STATION: JEFFERSON CITY
MONTH: MAY
YEAR: 2021
LATITUDE: 38 35 N
LONGITUDE: 92 10 W
TEMPERATURE IN F: :PCPN: SNOW: WIND :SUNSHINE: SKY :PK WND
================================================================================
1 2 3 4 5 6A 6B 7 8 9 10 11 12 13 14 15 16 17 18
12Z AVG MX 2MIN
DY MAX MIN AVG DEP HDD CDD WTR SNW DPTH SPD SPD DIR MIN PSBL S-S WX SPD DR
================================================================================
1 M M M M M M 0.00 0.0 0 10.8 17 210 M M 0 23 240
2 M M M M M M M 0.0 0 9.0 17 160 M M 7 23 160
3 M M M M M M M 0.0 0 9.6 17 330 M M 3 M M
4 M M M M M M M 0.0 0 10.1 17 340 M M 7 23 340
5 M M M M M M M 0.0 0 3.2 9 250 M M 0 M M
6 M M M M M M M 0.0 0 10.9 17 330 M M 3 23 330
7 75 M M M M M 0.00 0.0 0 6.6 22 260 M M 5 32 270
8 72 57 65 2 0 0 T 0.0 0 12.1 23 110 M M 7 30 100
9 64 44 54 -10 11 0 0.71 0.0 0 8.3 28 300 M M 9 13 39 290
10 M M M M M M 0.00 0.0 0 2.0 8 10 M M 1 8 12 190
11 M M M M M M T 0.0 0 5.3 18 90 M M 6 8 25 80
12 68 45 57 -8 8 0 0.00 0.0 0 8.3 17 100 M M 2 24 80
13 70 39 55 -10 10 0 0.00 0.0 0 2.8 13 130 M M 0 17 140
14 75 42 59 -6 6 0 0.00 0.0 0 6.2 15 140 M M 2 21 160
15 63 56 60 -6 5 0 0.12 0.0 0 4.6 12 120 M M 9 16 120
16 77 54 66 0 0 1 0.22 0.0 0 7.3 18 260 M M 7 3 30 300
17 74 63 69 3 0 4 0.78 0.0 0 9.3 17 130 M M 9 18 22 140
18 77 65 71 4 0 6 0.08 0.0 0 9.6 20 120 M M 10 138 26 140
19 77 68 73 6 0 8 0.01 0.0 0 9.6 22 150 M M 10 32 140
20 81 67 74 7 0 9 0.03 0.0 0 8.8 21 160 M M 8 32 160
21 75 69 72 4 0 7 0.04 0.0 0 4.1 14 190 M M 5 20 190
22 80 68 74 6 0 9 0.41 0.0 0 3.4 10 140 M M 6 1 16 120
23 87 64 76 8 0 11 0.00 0.0 0 3.9 9 230 M M 2 1 14 190
24 86 63 75 6 0 10 0.00 0.0 0 4.6 14 200 M M 1 20 180
25 75 67 71 2 0 6 0.55 0.0 0 4.9 22 220 M M 8 1 34 210
26 87 67 77 8 0 12 T 0.0 0 3.4 9 270 M M 4 1 12 280
27 75 66 71 1 0 6 0.38 0.0 0 5.7 16 310 M M 4 13 26 290
28 68 51 60 -10 5 0 0.01 0.0 0 10.0 17 330 M M 10 18 25 300
29 68 49 59 -11 6 0 0.00 0.0 0 6.6 14 30 M M 5 8 21 50
30 72 44 58 -13 7 0 0.00 0.0 0 2.4 12 150 M M 2 12 16 80
31 76 58 67 -4 0 2 T 0.0 0 3.6 9 30 M M 4 15 200
================================================================================
SM 1722 1266 58 91 3.34 0.0 207.0 M 156
================================================================================
AV 74.9 57.5 6.7 FASTST M M 5 MAX(MPH)
MISC ----> 28 300 39 290
================================================================================
NOTES:
# LAST OF SEVERAL OCCURRENCES
COLUMN 17 PEAK WIND IN M.P.H.
PRELIMINARY LOCAL CLIMATOLOGICAL DATA (WS FORM: F-6) , PAGE 2
STATION: JEFFERSON CITY
MONTH: MAY
YEAR: 2021
LATITUDE: 38 35 N
LONGITUDE: 92 10 W
[TEMPERATURE DATA] [PRECIPITATION DATA] SYMBOLS USED IN COLUMN 16
AVERAGE MONTHLY: 66.2 TOTAL FOR MONTH: 3.34 1 = FOG OR MIST
DPTR FM NORMAL: 0.2 DPTR FM NORMAL: -1.55 2 = FOG REDUCING VISIBILITY
HIGHEST: 87 ON 26,23 GRTST 24HR 0.86 ON 17-18 TO 1/4 MILE OR LESS
LOWEST: 39 ON 13 3 = THUNDER
SNOW, ICE PELLETS, HAIL 4 = ICE PELLETS
TOTAL MONTH: 0.0 INCH 5 = HAIL
GRTST 24HR 0.0 6 = FREEZING RAIN OR DRIZZLE
GRTST DEPTH: 0 7 = DUSTSTORM OR SANDSTORM:
VSBY 1/2 MILE OR LESS
8 = SMOKE OR HAZE
[NO. OF DAYS WITH] [WEATHER - DAYS WITH] 9 = BLOWING SNOW
X = TORNADO
MAX 32 OR BELOW: 0 0.01 INCH OR MORE: 12
MAX 90 OR ABOVE: 0 0.10 INCH OR MORE: 7
MIN 32 OR BELOW: 0 0.50 INCH OR MORE: 3
MIN 0 OR BELOW: 0 1.00 INCH OR MORE: 0
[HDD (BASE 65) ]
TOTAL THIS MO. 58 CLEAR (SCALE 0-3) 11
DPTR FM NORMAL -30 PTCLDY (SCALE 4-7) 14
TOTAL FM JUL 1 4363 CLOUDY (SCALE 8-10) 6
DPTR FM NORMAL -220
[CDD (BASE 65) ]
TOTAL THIS MO. 91
DPTR FM NORMAL -28 [PRESSURE DATA]
TOTAL FM JAN 1 118 HIGHEST SLP 30.41 ON 13
DPTR FM NORMAL -35 LOWEST SLP 29.37 ON 9
[REMARKS]
#FINAL-05-21#