000
CXUS53 KLSX 011600
CF6JEF
PRELIMINARY LOCAL CLIMATOLOGICAL DATA (WS FORM: F-6)

                                          STATION:   JEFFERSON CITY MO
                                          MONTH:     JUNE
                                          YEAR:      2011
                                          LATITUDE:   38 35 N
                                          LONGITUDE:  92 10 W

  TEMPERATURE IN F:       :PCPN:    SNOW:  WIND      :SUNSHINE: SKY     :PK WND
================================================================================
1   2   3   4   5  6A  6B    7    8   9   10  11  12  13   14  15   16   17  18
                                     12Z  AVG MX 2MIN
DY MAX MIN AVG DEP HDD CDD  WTR  SNW DPTH SPD SPD DIR MIN PSBL S-S WX    SPD DR
================================================================================

 1  89  58  74   M   0   9 0.00  0.0    0  3.5 12 110   M    M   1 12     15 110
 2  91  73  82   M   0  17 0.00  0.0    0  5.8 13 170   M    M   0        16 160
 3  95  72  84   M   0  19 0.00  0.0    0  7.2 17 240   M    M   1        23 220
 4  96  75  86   M   0  21 0.00  0.0    0  6.4 16 270   M    M   1 8      22 250
 5  92  71  82   M   0  17 0.00  0.0    0  3.5 13 200   M    M   0 18     15 180
 6  96  73  85   M   0  20 0.00  0.0    0  6.8 15 180   M    M   1        20 200
 7  96  74  85   M   0  20 0.00  0.0    0  7.4 20 190   M    M   0 8      24 200
 8  95  74  85   M   0  20 0.00  0.0    0  8.8 20 200   M    M   1        26 210
 9  94  73  84   M   0  19 0.00  0.0    0  7.4 20 140   M    M   1        24 140
10  92  75  84   M   0  19    T  0.0    0  8.4 20 190   M    M   2 3      25 200
11  77  61  69   M   0   4    T  0.0    0  6.6 15 180   M    M   5 3      22 340
12  79  60  70   M   0   5 0.00  0.0    0  6.5 16 100   M    M   5 8      20 100
13  74  65  70   M   0   5 0.35  0.0    0  9.0 22 140   M    M   4 138    26  60
14  85  66  76   M   0  11 0.01  0.0    0 12.8 23 120   M    M   1 18     32 100
15  87  63  75   M   0  10 0.09  0.0    0  9.2 28 230   M    M   2 13     39 250
16  85  62  74   M   0   9 0.07  0.0    0  5.1 15 250   M    M   0        22 190
17  85  69  77   M   0  12 0.28  0.0    0  7.2 33 120   M    M   5 13     39 120
18  88  69  79   M   0  14 1.03  0.0    0  8.0 25 180   M    M   3 138    36 180
19  89  69  79   M   0  14 0.23  0.0    0  7.3 33 170   M    M   3 1      43 180
20  91  78  85   M   0  20 0.00  0.0    0 10.4 21 160   M    M   1        26 160
21  87  67  77   M   0  12 0.07  0.0    0 11.8 39 270   M    M   4 3      47 280
22  83  67  75   M   0  10 0.00  0.0    0 12.1 26 260   M    M   4        37 260
23  81  63  72   M   0   7 0.00  0.0    0 11.5 28 270   M    M   2        36 260
24  85  60  73   M   0   8 0.00  0.0    0  2.9  9 150   M    M   1        14  90
25  82  71  77   M   0  12 0.24  0.0    0  7.5 24 170   M    M   3 13     30 160
26  93  72  83   M   0  18 0.00  0.0    0  5.8 16 120   M    M   4 1      21 140
27  85  66  76   M   0  11 1.19    M    M  6.6 31 120   M    M   6 13     36 130
28  83  68  76   M   0  11 0.00    M    M  3.9 13  50   M    M   2        23 330
29  89  66  78   M   0  13 0.00  0.0    0  6.9 14 120   M    M   2        23 130
30  94  73  84   M   0  19 0.00  0.0    0  7.1 13 160   M    M   1        24 270
================================================================================
SM 2638 2053         0 406  3.56     0.0 223.4          M       66
================================================================================
AV 87.9 68.4                               7.4 FASTST   M    M   2    MAX(MPH)
                                 MISC ---->  # 39 270               # 47  280
================================================================================
NOTES:
# LAST OF SEVERAL OCCURRENCES

COLUMN 17 PEAK WIND IN M.P.H.

PRELIMINARY LOCAL CLIMATOLOGICAL DATA (WS FORM: F-6) , PAGE 2

                                          STATION:  JEFFERSON CITY MO
                                          MONTH:    JUNE
                                          YEAR:     2011
                                          LATITUDE:   38 35 N
                                          LONGITUDE:  92 10 W

[TEMPERATURE DATA]      [PRECIPITATION DATA]       SYMBOLS USED IN COLUMN 16

AVERAGE MONTHLY: 78.2   TOTAL FOR MONTH:   3.56    1 = FOG OR MIST
DPTR FM NORMAL:     M   DPTR FM NORMAL:       M    2 = FOG REDUCING VISIBILITY
HIGHEST:    96 ON  7, 6 GRTST 24HR  1.25 ON 18-19      TO 1/4 MILE OR LESS
LOWEST:     58 ON  1                               3 = THUNDER
                        SNOW, ICE PELLETS, HAIL    4 = ICE PELLETS
                        TOTAL MONTH:   0.0 INCH    5 = HAIL
                        GRTST 24HR     0.0         6 = FREEZING RAIN OR DRIZZLE
                        GRTST DEPTH:   0           7 = DUSTSTORM OR SANDSTORM:
                                                       VSBY 1/2 MILE OR LESS
                                                   8 = SMOKE OR HAZE
[NO. OF DAYS WITH]      [WEATHER - DAYS WITH]      9 = BLOWING SNOW
                                                   X = TORNADO
MAX 32 OR BELOW:   0    0.01 INCH OR MORE:  10
MAX 90 OR ABOVE:  12    0.10 INCH OR MORE:   6
MIN 32 OR BELOW:   0    0.50 INCH OR MORE:   2
MIN  0 OR BELOW:   0    1.00 INCH OR MORE:   2

[HDD (BASE 65) ]
TOTAL THIS MO.     0    CLEAR  (SCALE 0-3)  21
DPTR FM NORMAL     M    PTCLDY (SCALE 4-7)   9
TOTAL FM JUL 1  4712    CLOUDY (SCALE 8-10)  0
DPTR FM NORMAL     M

[CDD (BASE 65) ]
TOTAL THIS MO.   406
DPTR FM NORMAL     M    [PRESSURE DATA]
TOTAL FM JAN 1   610    HIGHEST SLP 30.27 ON  1
DPTR FM NORMAL     M    LOWEST  SLP 29.53 ON 21

[REMARKS]
#FINAL-06-11#
