000
CXUS53 KLSX 011600
CF6JEF
PRELIMINARY LOCAL CLIMATOLOGICAL DATA (WS FORM: F-6)

                                          STATION:   JEFFERSON CITY MO
                                          MONTH:     MAY
                                          YEAR:      2011
                                          LATITUDE:   38 35 N
                                          LONGITUDE:  92 10 W

  TEMPERATURE IN F:       :PCPN:    SNOW:  WIND      :SUNSHINE: SKY     :PK WND
================================================================================
1   2   3   4   5  6A  6B    7    8   9   10  11  12  13   14  15   16   17  18
                                     12Z  AVG MX 2MIN
DY MAX MIN AVG DEP HDD CDD  WTR  SNW DPTH SPD SPD DIR MIN PSBL S-S WX    SPD DR
================================================================================

 1  62  45  54   M  11   0 0.36  0.0    0  5.7 18 340   M    M   4 1      25 340
 2  59  45  52   M  13   0 0.00  0.0    0  3.2  9 340   M    M   5        12 360
 3  62  38  50   M  15   0 0.00  0.0    0  7.5 21 300   M    M   2 12     28 330
 4  69  34  52   M  13   0 0.00  0.0    0  5.0 13 110   M    M   0        17 140
 5  69  47  58   M   7   0 0.22  0.0    0  6.1 17 310   M    M   4 123    25 280
 6  73  43  58   M   7   0 0.00  0.0    0  3.6 15 200   M    M   2 12     17 200
 7  81  56  69   M   0   4 0.71  0.0    0  4.8 16 220   M    M   2 13     23 170
 8  88  54  71   M   0   6 0.00  0.0    0  7.8 20 110   M    M   3 12     26 120
 9  91  68  80   M   0  15    T  0.0    0 10.1 23 150   M    M   0 13     32 160
10  88  74  81   M   0  16 0.00  0.0    0  7.1 17 210   M    M   0 3      24 200
11  91  70  81   M   0  16 0.00  0.0    0  7.6 17 180   M    M   0 18     23 200
12  87  61  74   M   0   9 0.62  0.0    0  8.1 26 310   M    M   2 13     33 310
13  67  54  61   M   4   0 0.15  0.0    0  7.3 22  80   M    M   8 13     26 310
14  57  51  54   M  11   0 0.02  0.0    0 11.9 20 300   M    M  10 18     26 300
15  54  49  52   M  13   0 0.15  0.0    0  9.9 17 340   M    M  10 1      23 350
16  64  45  55   M  10   0 0.00  0.0    0  6.0 15 350   M    M   1        25 340
17  67  40  54   M  11   0 0.00  0.0    0  4.1 13  10   M    M   1 12     20 330
18  71  43  57   M   8   0    T  0.0    0  2.9  9 180   M    M   4 1      14 120
19  64  57  61   M   4   0 0.80  0.0    0  8.5 17 120   M    M   9 1      24 120
20  74  59  67   M   0   2 0.86  0.0    0  7.6 24 130   M    M   5 13     30 140
21  84  62  73   M   0   8    T  0.0    0  8.6 16 160   M    M   3        21 150
22  87  64  76   M   0  11 0.18  0.0    0  9.1 23 240   M    M   5 13     35 250
23  76  62  69   M   0   4 0.18  0.0    0  4.6 26 170   M    M   1 3      40 230
24  84  60  72   M   0   7    T  0.0    0  7.6 15 140   M    M   3 3      20 130
25  77  62  70   M   0   5 0.73  0.0    0  8.4 33 250   M    M   6 13     47 260
26  63  53  58   M   7   0 0.02  0.0    0  7.7 23 340   M    M  10 1      30 320
27  65  52  59   M   6   0 0.01  0.0    0  7.3 20 130   M    M   8 1      23 130
28  72  60  66   M   0   1 0.16  0.0    0  5.9 16 110   M    M   9 138    20 120
29  92  66  79   M   0  14 0.00  0.0    0 10.4 22 160   M    M   2 1      30 170
30  90  73  82   M   0  17 0.00  0.0    0 11.9 22 160   M    M   0        29 160
31  88  65  77   M   0  12 0.01  0.0    0  8.0 18 210   M    M   3 3      25 220
================================================================================
SM 2316 1712       140 147  5.18     0.0 224.3          M      122
================================================================================
AV 74.7 55.2                               7.2 FASTST   M    M   4    MAX(MPH)
                                 MISC ---->  # 33 250               # 47  260
================================================================================
NOTES:
# LAST OF SEVERAL OCCURRENCES

COLUMN 17 PEAK WIND IN M.P.H.

PRELIMINARY LOCAL CLIMATOLOGICAL DATA (WS FORM: F-6) , PAGE 2

                                          STATION:  JEFFERSON CITY MO
                                          MONTH:    MAY
                                          YEAR:     2011
                                          LATITUDE:   38 35 N
                                          LONGITUDE:  92 10 W

[TEMPERATURE DATA]      [PRECIPITATION DATA]       SYMBOLS USED IN COLUMN 16

AVERAGE MONTHLY: 65.0   TOTAL FOR MONTH:   5.18    1 = FOG OR MIST
DPTR FM NORMAL:     M   DPTR FM NORMAL:       M    2 = FOG REDUCING VISIBILITY
HIGHEST:    92 ON 29    GRTST 24HR  0.86 ON 20-20      TO 1/4 MILE OR LESS
LOWEST:     34 ON  4                               3 = THUNDER
                        SNOW, ICE PELLETS, HAIL    4 = ICE PELLETS
                        TOTAL MONTH:   0.0 INCH    5 = HAIL
                        GRTST 24HR     0.0         6 = FREEZING RAIN OR DRIZZLE
                        GRTST DEPTH:   0           7 = DUSTSTORM OR SANDSTORM:
                                                       VSBY 1/2 MILE OR LESS
                                                   8 = SMOKE OR HAZE
[NO. OF DAYS WITH]      [WEATHER - DAYS WITH]      9 = BLOWING SNOW
                                                   X = TORNADO
MAX 32 OR BELOW:   0    0.01 INCH OR MORE:  16
MAX 90 OR ABOVE:   4    0.10 INCH OR MORE:  12
MIN 32 OR BELOW:   0    0.50 INCH OR MORE:   5
MIN  0 OR BELOW:   0    1.00 INCH OR MORE:   0

[HDD (BASE 65) ]
TOTAL THIS MO.   140    CLEAR  (SCALE 0-3)  16
DPTR FM NORMAL     M    PTCLDY (SCALE 4-7)  10
TOTAL FM JUL 1  4712    CLOUDY (SCALE 8-10)  5
DPTR FM NORMAL     M

[CDD (BASE 65) ]
TOTAL THIS MO.   147
DPTR FM NORMAL     M    [PRESSURE DATA]
TOTAL FM JAN 1   204    HIGHEST SLP 30.40 ON  4
DPTR FM NORMAL     M    LOWEST  SLP 29.39 ON 25

[REMARKS]
#FINAL-05-11#
