000
CXUS53 KLSX 011637
CF6JEF
PRELIMINARY LOCAL CLIMATOLOGICAL DATA (WS FORM: F-6)

                                          STATION:   JEFFERSON CITY MO
                                          MONTH:     MARCH
                                          YEAR:      2011
                                          LATITUDE:   38 35 N
                                          LONGITUDE:  92 10 W

  TEMPERATURE IN F:       :PCPN:    SNOW:  WIND      :SUNSHINE: SKY     :PK WND
================================================================================
1   2   3   4   5  6A  6B    7    8   9   10  11  12  13   14  15   16   17  18
                                     12Z  AVG MX 2MIN
DY MAX MIN AVG DEP HDD CDD  WTR  SNW DPTH SPD SPD DIR MIN PSBL S-S WX    SPD DR
================================================================================

 1  65  26  46   M  19   0 0.00  0.0    0  5.7 16 270   M    M   0        22 250
 2  55  33  44   M  21   0 0.00  0.0    0  6.7 16  70   M    M   0        21  80
 3  69  35  52   M  13   0 0.00  0.0    0  8.5 17 170   M    M   1        23 180
 4  72  43  58   M   7   0 1.36  0.0    0  9.2 44 290   M    M   8 138    53 290
 5  43  31  37   M  28   0 0.01  0.0    0 10.3 20 330   M    M   9 18     26 320
 6  46  31  39   M  26   0 0.00  0.0    0  6.9 13 110   M    M   5        15 140
 7  48  34  41   M  24   0 0.00  0.0    0 10.1 18  70   M    M   6        22  80
 8  47  40  44   M  21   0 0.90  0.0    0  9.7 22 110   M    M  10 1      30 100
 9  47  36  42   M  23   0 0.03  0.0    0 13.9 22 290   M    M  10 18     28 280
10  44  30  37   M  28   0 0.00  0.0    0 10.7 20 290   M    M   6 18     26 310
11  69  27  48   M  17   0 0.00  0.0    0  6.5 20 190   M    M   0 1      26 190
12  61  37  49   M  16   0 0.00  0.0    0  6.3 15 290   M    M   1        18 290
13  48  35  42   M  23   0 0.24    M    0  5.7 15  70   M    M   3 1      21  50
14  36  33  35   M  30   0 1.20    M    M  6.1 17  50   M    M   9 1      25  50
15  50  34  42   M  23   0 0.01    M    M  5.0 14 280   M    M   4 1      20 250
16  71  33  52   M  13   0 0.00  0.0    0  6.6 17 200   M    M   0        22 200
17  78  54  66   M   0   1 0.00  0.0    0 10.2 26 230   M    M   4        35 240
18  69  47  58   M   7   0    T  0.0    0  6.4 22  20   M    M  10        26 360
19  60  44  52   M  13   0 0.46  0.0    0  8.8 18 130   M    M   3 13     23 120
20  82  47  65   M   0   0 0.01  0.0    0 10.4 24 210   M    M   2        32 210
21  82  59  71   M   0   6 0.00  0.0    0  5.2 14 180   M    M   2        17 200
22  73  62  68   M   0   3 0.02  0.0    0 11.7 24 210   M    M   1        31 190
23  72  41  57   M   8   0 0.00  0.0    0 15.4 32 290   M    M   3        43 280
24  46  34  40   M  25   0 0.00  0.0    0  9.0 22 320   M    M   6        29 320
25  39  34  37   M  28   0999.00   M    M  9.3 17 120   M    M  10 18     22 100
26  38  32  35   M  30   0 0.22    M    0  9.2 20  70   M    M  10 123    26  50
27  40  29  35   M  30   0    T    T    M  6.5 14 120   M    M   6        18  50
28  48  34  41   M  24   0    T    T    0  7.9 15  80   M    M   6        20  90
29  44  38  41   M  24   0 0.06    M    0  6.8 15  80   M    M  10 1      20  80
30  45  35  40   M  25   0 0.12    M    0  3.9 10 300   M    M   9 18     15 110
31  51  36  44   M  21   0 0.00  0.0    0  1.3 10 180   M    M   8 18     13 260
================================================================================
SM 1738 1164       567  101003.64   T    249.9          M      162
================================================================================
AV 56.1 37.5                               8.1 FASTST   M    M   5    MAX(MPH)
                                 MISC ---->  # 44 290               # 53  290
================================================================================
NOTES:
# LAST OF SEVERAL OCCURRENCES

COLUMN 17 PEAK WIND IN M.P.H.

PRELIMINARY LOCAL CLIMATOLOGICAL DATA (WS FORM: F-6) , PAGE 2

                                          STATION:  JEFFERSON CITY MO
                                          MONTH:    MARCH
                                          YEAR:     2011
                                          LATITUDE:   38 35 N
                                          LONGITUDE:  92 10 W

[TEMPERATURE DATA]      [PRECIPITATION DATA]       SYMBOLS USED IN COLUMN 16

AVERAGE MONTHLY: 46.8   TOTAL FOR MONTH:1003.64    1 = FOG OR MIST
DPTR FM NORMAL:     M   DPTR FM NORMAL:       M    2 = FOG REDUCING VISIBILITY
HIGHEST:    82 ON 21,20 GRTST 24HR 999.00ON 25-25      TO 1/4 MILE OR LESS
LOWEST:     26 ON  1                               3 = THUNDER
                        SNOW, ICE PELLETS, HAIL    4 = ICE PELLETS
                        TOTAL MONTH:    T          5 = HAIL
                        GRTST 24HR    T  ON 28-28  6 = FREEZING RAIN OR DRIZZLE
                        GRTST DEPTH:   0           7 = DUSTSTORM OR SANDSTORM:
                                                       VSBY 1/2 MILE OR LESS
                                                   8 = SMOKE OR HAZE
[NO. OF DAYS WITH]      [WEATHER - DAYS WITH]      9 = BLOWING SNOW
                                                   X = TORNADO
MAX 32 OR BELOW:   0    0.01 INCH OR MORE:  14
MAX 90 OR ABOVE:   0    0.10 INCH OR MORE:   8
MIN 32 OR BELOW:   7    0.50 INCH OR MORE:   4
MIN  0 OR BELOW:   0    1.00 INCH OR MORE:   3

[HDD (BASE 65) ]
TOTAL THIS MO.   567    CLEAR  (SCALE 0-3)  10
DPTR FM NORMAL     M    PTCLDY (SCALE 4-7)  11
TOTAL FM JUL 1  4393    CLOUDY (SCALE 8-10) 10
DPTR FM NORMAL     M

[CDD (BASE 65) ]
TOTAL THIS MO.    10
DPTR FM NORMAL     M    [PRESSURE DATA]
TOTAL FM JAN 1    13    HIGHEST SLP 30.39 ON  2
DPTR FM NORMAL     M    LOWEST  SLP 29.46 ON 23

[REMARKS]
#FINAL-03-11#
