000
CXUS53 KLSX 012223
CF6JEF
PRELIMINARY LOCAL CLIMATOLOGICAL DATA (WS FORM: F-6)

                                          STATION:   JEFFERSON CITY MO
                                          MONTH:     FEBRUARY
                                          YEAR:      2011
                                          LATITUDE:   38 35 N
                                          LONGITUDE:  92 10 W

  TEMPERATURE IN F:       :PCPN:    SNOW:  WIND      :SUNSHINE: SKY     :PK WND
================================================================================
1   2   3   4   5  6A  6B    7    8   9   10  11  12  13   14  15   16   17  18
                                     12Z  AVG MX 2MIN
DY MAX MIN AVG DEP HDD CDD  WTR  SNW DPTH SPD SPD DIR MIN PSBL S-S WX    SPD DR
================================================================================

 1  28  18  23   M  42   0    M    M    M 13.0 32 350   M    M  10 12      M  M
 2  18  -2   8   M  57   0    T    M    M 11.5 22 300   M    M   6 1      29 300
 3  22 -11   6   M  59   0 0.00  0.0    M  1.3  7 340   M    M   0 128     7 340
 4  27  -5  11   M  54   0 0.00  0.0    M  1.6  8 120   M    M   6 128    10  60
 5  41  22  32   M  33   0    M    M    M  4.6 10 170   M    M   6 1      13 150
 6  40  34  37   M  28   0 0.00  0.0    M  5.7 13 360   M    M  10 18     16 350
 7  34  19  27   M  38   0 0.00  0.0    M 10.7 20 290   M    M  10        23 290
 8  19   6  13   M  52   0 0.00  0.0    M  6.2 13  30   M    M   4        17  30
 9  18  -1   9   M  56   0 0.00  0.0    M  4.5 10 290   M    M   6 1      13 300
10  31 -12  10   M  55   0 0.00  0.0    M  6.4 18 220   M    M   0 128    25 250
11  43   4  24   M  41   0 0.00  0.0    M  5.8 16 270   M    M   1        20 270
12  52  16  34   M  31   0 0.00  0.0    M  4.3 20 210   M    M   0 18     28 230
13  62  22  42   M  23   0 0.00  0.0    M  4.8 18 210   M    M   0        25 210
14  48  28  38   M  27   0 0.00  0.0    M  5.2 12 310   M    M   0        16 340
15  57  31  44   M  21   0 0.00  0.0    0  7.7 17 140   M    M   3        21 140
16  73  35  54   M  11   0 0.00  0.0    0  6.7 18 190   M    M   5        26 210
17  77  58  68   M   0   3 0.00  0.0    0 11.7 29 250   M    M   3        39 250
18  63  40  52   M  13   0 0.00  0.0    0  6.0 13  60   M    M   2        17  50
19  51  38  45   M  20   0 0.13  0.0    0 11.3 21 120   M    M   8        26 110
20  68  42  55   M  10   0 0.01  0.0    0  9.6 22 230   M    M   8        28 220
21  59  30  45   M  20   0 0.48  0.0    0 10.4 18 290   M    M   8 1      23 310
22  40  24  32   M  33   0 0.00  0.0    0  7.0 15 310   M    M   1        21 290
23  52  31  42   M  23   0 0.11    M    0  9.2 18 130   M    M   9 16     24 130
24  47  33  40   M  25   0 0.79    M    0  8.1 16 360   M    M   9 16     25  60
25  34  30  32   M  33   0    T    M    M  5.0 16 350   M    M  10 18     21 360
26  43  31  37   M  28   0 0.00  0.0    M  4.2  9 310   M    M  10 18     12 150
27  68  38  53   M  12   0 0.64  0.0    0 10.0 37 320   M    M  10 138    48 340
28  46  29  38   M  27   0 0.01  0.0    0  8.2 18 330   M    M   3 13     25  40
================================================================================
SM 1261  628       872   3  2.17     0.0 200.7          M      148
================================================================================
AV 45.0 22.4                               7.2 FASTST   M    M   5    MAX(MPH)
                                 MISC ---->  # 37 320               # 48  340
================================================================================
NOTES:
# LAST OF SEVERAL OCCURRENCES

COLUMN 17 PEAK WIND IN M.P.H.

PRELIMINARY LOCAL CLIMATOLOGICAL DATA (WS FORM: F-6) , PAGE 2

                                          STATION:  JEFFERSON CITY MO
                                          MONTH:    FEBRUARY
                                          YEAR:     2011
                                          LATITUDE:   38 35 N
                                          LONGITUDE:  92 10 W

[TEMPERATURE DATA]      [PRECIPITATION DATA]       SYMBOLS USED IN COLUMN 16

AVERAGE MONTHLY: 33.7   TOTAL FOR MONTH:   2.17    1 = FOG OR MIST
DPTR FM NORMAL:     M   DPTR FM NORMAL:       M    2 = FOG REDUCING VISIBILITY
HIGHEST:    77 ON 17    GRTST 24HR  0.79 ON 24-24      TO 1/4 MILE OR LESS
LOWEST:    -12 ON 10                               3 = THUNDER
                        SNOW, ICE PELLETS, HAIL    4 = ICE PELLETS
                        TOTAL MONTH:   0.0 INCH    5 = HAIL
                        GRTST 24HR     0.0         6 = FREEZING RAIN OR DRIZZLE
                        GRTST DEPTH:   0           7 = DUSTSTORM OR SANDSTORM:
                                                       VSBY 1/2 MILE OR LESS
                                                   8 = SMOKE OR HAZE
[NO. OF DAYS WITH]      [WEATHER - DAYS WITH]      9 = BLOWING SNOW
                                                   X = TORNADO
MAX 32 OR BELOW:   7    0.01 INCH OR MORE:   7
MAX 90 OR ABOVE:   0    0.10 INCH OR MORE:   5
MIN 32 OR BELOW:  20    0.50 INCH OR MORE:   2
MIN  0 OR BELOW:   5    1.00 INCH OR MORE:   0

[HDD (BASE 65) ]
TOTAL THIS MO.   872    CLEAR  (SCALE 0-3)   8
DPTR FM NORMAL     M    PTCLDY (SCALE 4-7)  11
TOTAL FM JUL 1  3826    CLOUDY (SCALE 8-10)  9
DPTR FM NORMAL     M

[CDD (BASE 65) ]
TOTAL THIS MO.     3
DPTR FM NORMAL     M    [PRESSURE DATA]
TOTAL FM JAN 1     3    HIGHEST SLP 30.68 ON  3
DPTR FM NORMAL     M    LOWEST  SLP 29.41 ON 27

[REMARKS]
#FINAL-02-11#
