000
CXUS53 KLSX 011600
CF6JEF
PRELIMINARY LOCAL CLIMATOLOGICAL DATA (WS FORM: F-6)

                                          STATION:   JEFFERSON CITY
                                          MONTH:     APRIL
                                          YEAR:      2014
                                          LATITUDE:   38 35 N
                                          LONGITUDE:  92 10 W

  TEMPERATURE IN F:       :PCPN:    SNOW:  WIND      :SUNSHINE: SKY     :PK WND
================================================================================
1   2   3   4   5  6A  6B    7    8   9   10  11  12  13   14  15   16   17  18
                                     12Z  AVG MX 2MIN
DY MAX MIN AVG DEP HDD CDD  WTR  SNW DPTH SPD SPD DIR MIN PSBL S-S WX    SPD DR
================================================================================

 1  58  34  46  -5  19   0 0.16  0.0    0  9.0 22 300   M    M   5 3      28 260
 2  55  45  50  -2  15   0 2.33  0.0    0 11.9 31 100   M    M   9 138    41  90
 3  65  53  59   7   6   0 2.87  0.0    0 10.7 28 140   M    M   5 138    37 330
 4  53  40  47  -5  18   0 0.00  0.0    0 17.5 33 290   M    M   9        40 300
 5  57  35  46  -7  19   0 0.00  0.0    0  4.2 12  50   M    M   2        16 120
 6  62  41  52  -1  13   0 0.00  0.0    0  7.8 15 100   M    M   0        21  70
 7  63  47  55   1  10   0    T  0.0    0  6.8 17 310   M    M   7        23 300
 8  59  39  49  -5  16   0 0.11  0.0    0  7.8 30 340   M    M   5 3      39 340
 9  70  32  51  -3  14   0 0.00  0.0    0  6.1 16 170   M    M   0        24 260
10  78  55  67  12   0   2 0.00  0.0    0  9.3 23 250   M    M   0        32 270
11  75  43  59   4   6   0 0.00  0.0    0  5.0 13 130   M    M   0        16 110
12  83  53  68  13   0   3 0.00  0.0    0 12.2 24 210   M    M   1        33 180
13  73  51  62   6   3   0 0.52  0.0    0 12.3 36 280   M    M   7 13     45 280
14  51  32  42 -14  23   0 0.05    M    0 12.7 22 320   M    M   6 1      29 310
15  50  28  39 -17  26   0 0.00  0.0    0  4.7 14 310   M    M   0        18 320
16  62  37  50  -7  15   0 0.00  0.0    0 14.3 28 140   M    M   0        38 140
17  58  44  51  -6  14   0 0.00  0.0    0  5.8 15 310   M    M   2        19 310
18  71  39  55  -2  10   0 0.00  0.0    0  3.5 10 160   M    M   1 18     14 110
19  78  42  60   2   5   0 0.00  0.0    0  6.9 16 200   M    M   0        21 160
20  81  50  66   8   0   1 0.00  0.0    0  5.9 16 180   M    M   0        22 170
21  72  58  65   7   0   0 0.07  0.0    0  5.6 16 270   M    M   7 1      27 210
22  71  44  58   0   7   0 0.00  0.0    0  6.8 16 330   M    M   0        21 330
23  70  40  55  -4  10   0 0.00  0.0    0  9.7 18 120   M    M   3 8      23 120
24  77  52  65   6   0   0 0.46  0.0    0 10.3 37 240   M    M   3 138    57 270
25  77  47  62   3   3   0 0.00  0.0    0  5.9 17 220   M    M   0        23 220
26  77  48  63   3   2   0 0.01  0.0    0 10.0 21 140   M    M   1 3      26 120
27  79  59  69   9   0   4 1.16  0.0    0 15.0 32 250   M    M   6 13     46 250
28  71  56  64   4   1   0 0.19    M    0 14.7 29 250   M    M   4 13     38 230
29  57  48  53  -7  12   0    T    M    0 13.7 23 220   M    M   9 1      30 220
30  55  43  49 -12  16   0 0.01  0.0    0 11.8 23 300   M    M  10 1      31 290
================================================================================
SM 2008 1335       283  10  7.94     0.0 277.9          M      102
================================================================================
AV 66.9 44.5                               9.3 FASTST   M    M   3    MAX(MPH)
                                 MISC ---->  # 37 240               # 57  270
================================================================================
NOTES:
# LAST OF SEVERAL OCCURRENCES

COLUMN 17 PEAK WIND IN M.P.H.

PRELIMINARY LOCAL CLIMATOLOGICAL DATA (WS FORM: F-6) , PAGE 2

                                          STATION:  JEFFERSON CITY
                                          MONTH:    APRIL
                                          YEAR:     2014
                                          LATITUDE:   38 35 N
                                          LONGITUDE:  92 10 W

[TEMPERATURE DATA]      [PRECIPITATION DATA]       SYMBOLS USED IN COLUMN 16

AVERAGE MONTHLY: 55.7   TOTAL FOR MONTH:   7.94    1 = FOG OR MIST
DPTR FM NORMAL:  -0.6   DPTR FM NORMAL:    3.67    2 = FOG REDUCING VISIBILITY
HIGHEST:    83 ON 12    GRTST 24HR  3.42 ON  2- 3      TO 1/4 MILE OR LESS
LOWEST:     28 ON 15                               3 = THUNDER
                        SNOW, ICE PELLETS, HAIL    4 = ICE PELLETS
                        TOTAL MONTH:   0.0 INCH    5 = HAIL
                        GRTST 24HR     0.0         6 = FREEZING RAIN OR DRIZZLE
                        GRTST DEPTH:   0           7 = DUSTSTORM OR SANDSTORM:
                                                       VSBY 1/2 MILE OR LESS
                                                   8 = SMOKE OR HAZE
[NO. OF DAYS WITH]      [WEATHER - DAYS WITH]      9 = BLOWING SNOW
                                                   X = TORNADO
MAX 32 OR BELOW:   0    0.01 INCH OR MORE:  12
MAX 90 OR ABOVE:   0    0.10 INCH OR MORE:   8
MIN 32 OR BELOW:   3    0.50 INCH OR MORE:   4
MIN  0 OR BELOW:   0    1.00 INCH OR MORE:   3

[HDD (BASE 65) ]
TOTAL THIS MO.   283    CLEAR  (SCALE 0-3)  16
DPTR FM NORMAL    -4    PTCLDY (SCALE 4-7)  10
TOTAL FM JUL 1  5308    CLOUDY (SCALE 8-10)  4
DPTR FM NORMAL   757

[CDD (BASE 65) ]
TOTAL THIS MO.    10
DPTR FM NORMAL   -16    [PRESSURE DATA]
TOTAL FM JAN 1    10    HIGHEST SLP 30.30 ON 18
DPTR FM NORMAL   -20    LOWEST  SLP 29.32 ON 28

[REMARKS]
#FINAL-04-14#
