000
CXUS53 KLSX 011600
CF6JEF
PRELIMINARY LOCAL CLIMATOLOGICAL DATA (WS FORM: F-6)

                                          STATION:   JEFFERSON CITY
                                          MONTH:     JANUARY
                                          YEAR:      2014
                                          LATITUDE:   38 35 N
                                          LONGITUDE:  92 10 W

  TEMPERATURE IN F:       :PCPN:    SNOW:  WIND      :SUNSHINE: SKY     :PK WND
================================================================================
1   2   3   4   5  6A  6B    7    8   9   10  11  12  13   14  15   16   17  18
                                     12Z  AVG MX 2MIN
DY MAX MIN AVG DEP HDD CDD  WTR  SNW DPTH SPD SPD DIR MIN PSBL S-S WX    SPD DR
================================================================================

 1  46  17  32   0  33   0    M    M    0  7.2 18  20   M    M   3 18     23  10
 2  17   2  10 -22  55   0    T    M    M  9.6 17 290   M    M   4 1      20 300
 3  34  -3  16 -16  49   0 0.00  0.0    M  9.0 18 140   M    M   0 1      26 160
 4  46  25  36   4  29   0 0.00  0.0    M  8.4 16 360   M    M   4 18     22 360
 5  25   2  14 -18  51   0    M    M    M 12.7 26 330   M    M   9 1268   38 320
 6   2 -10  -4 -36  69   0 0.00  0.0    M 10.9 23 290   M    M   1        28 300
 7  38 -14  12 -20  53   0 0.00  0.0    M  4.1 14 240   M    M   2        18 250
 8  34  18  26  -6  39   0    T    M    M  3.3 12  70   M    M   3        16  80
 9  34  19  27  -5  38   0    M    M    M  5.3  9  70   M    M  10 18     13  70
10  47  33  40   8  25   0 0.13  0.0    M  8.2 17 290   M    M  10 13     22 280
11  48  29  39   7  26   0 0.03  0.0    M  9.5 21 270   M    M   5 18     25 270
12  66  26  46  14  19   0 0.00  0.0    0 10.2 26 180   M    M   0        36 190
13  53  25  39   7  26   0 0.00  0.0    0  6.4 10 290   M    M   1        13 290
14  46  24  35   3  30   0 0.00  0.0    0 11.2 30 290   M    M   2        37 290
15  31  23  27  -5  38   0    T    M    0  6.8 14 290   M    M   6 1      16 270
16  48  20  34   2  31   0    T    M    0 13.2 36 300   M    M   7        47 290
17  28  15  22 -10  43   0    T    M    M 11.8 26 300   M    M   5        33 290
18  48  15  32   0  33   0 0.03    M    0 12.5 33 290   M    M   8 8      45 290
19  56  22  39   7  26   0 0.00  0.0    0  7.4 21 220   M    M   1        26 220
20  53  26  40   8  25   0    T    M    0  6.1 29 310   M    M   1        36 310
21  32   9  21 -11  44   0    M    M    M  9.3 29 320   M    M   6 8      40 310
22  35  13  24  -8  41   0 0.00  0.0    M 11.7 23 330   M    M   6        32 330
23  16   2   9 -23  56   0 0.00  0.0    0  8.8 20 320   M    M   0        25 330
24  40   3  22 -10  43   0 0.00  0.0    0 11.6 28 220   M    M   2        37 230
25  47  19  33   1  32   0    T  0.0    0 11.0 28 290   M    M   4        37 300
26  58  22  40   7  25   0 0.00  0.0    0 12.5 32 340   M    M   1        49 330
27  24   8  16 -17  49   0 0.00  0.0    0 12.9 25 340   M    M   2        38 330
28  20   2  11 -22  54   0 0.00  0.0    0  3.3 14 300   M    M   0 8      17 280
29  39   2  21 -12  44   0 0.00  0.0    0  6.6 17 200   M    M   0        23 200
30  49  26  38   5  27   0 0.00  0.0    0 10.6 25 220   M    M   4        36 220
31  37  27  32  -1  33   0 0.00  0.0    0  6.4 15  10   M    M   9 16     20  20
================================================================================
SM 1197  447      1186   0  0.19     0.0 278.5          M      116
================================================================================
AV 38.6 14.4                               9.0 FASTST   M    M   4    MAX(MPH)
                                 MISC ---->  # 36 300               # 49  330
================================================================================
NOTES:
# LAST OF SEVERAL OCCURRENCES

COLUMN 17 PEAK WIND IN M.P.H.

PRELIMINARY LOCAL CLIMATOLOGICAL DATA (WS FORM: F-6) , PAGE 2

                                          STATION:  JEFFERSON CITY
                                          MONTH:    JANUARY
                                          YEAR:     2014
                                          LATITUDE:   38 35 N
                                          LONGITUDE:  92 10 W

[TEMPERATURE DATA]      [PRECIPITATION DATA]       SYMBOLS USED IN COLUMN 16

AVERAGE MONTHLY: 26.5   TOTAL FOR MONTH:   0.19    1 = FOG OR MIST
DPTR FM NORMAL:  -5.5   DPTR FM NORMAL:   -1.84    2 = FOG REDUCING VISIBILITY
HIGHEST:    66 ON 12    GRTST 24HR  0.16 ON 10-11      TO 1/4 MILE OR LESS
LOWEST:    -14 ON  7                               3 = THUNDER
                        SNOW, ICE PELLETS, HAIL    4 = ICE PELLETS
                        TOTAL MONTH:   0.0 INCH    5 = HAIL
                        GRTST 24HR     0.0         6 = FREEZING RAIN OR DRIZZLE
                        GRTST DEPTH:   0           7 = DUSTSTORM OR SANDSTORM:
                                                       VSBY 1/2 MILE OR LESS
                                                   8 = SMOKE OR HAZE
[NO. OF DAYS WITH]      [WEATHER - DAYS WITH]      9 = BLOWING SNOW
                                                   X = TORNADO
MAX 32 OR BELOW:   9    0.01 INCH OR MORE:   3
MAX 90 OR ABOVE:   0    0.10 INCH OR MORE:   1
MIN 32 OR BELOW:  30    0.50 INCH OR MORE:   0
MIN  0 OR BELOW:   3    1.00 INCH OR MORE:   0

[HDD (BASE 65) ]
TOTAL THIS MO.  1186    CLEAR  (SCALE 0-3)  15
DPTR FM NORMAL   163    PTCLDY (SCALE 4-7)  12
TOTAL FM JUL 1  3219    CLOUDY (SCALE 8-10)  4
DPTR FM NORMAL   352

[CDD (BASE 65) ]
TOTAL THIS MO.     0
DPTR FM NORMAL     0    [PRESSURE DATA]
TOTAL FM JAN 1     0    HIGHEST SLP 30.80 ON 23
DPTR FM NORMAL     0    LOWEST  SLP 29.53 ON 10

[REMARKS]
#FINAL-01-14#
