000
CXUS53 KLSX 011600
CF6JEF
PRELIMINARY LOCAL CLIMATOLOGICAL DATA (WS FORM: F-6)

                                          STATION:   JEFFERSON CITY
                                          MONTH:     FEBRUARY
                                          YEAR:      2016
                                          LATITUDE:   38 35 N
                                          LONGITUDE:  92 10 W

  TEMPERATURE IN F:       :PCPN:    SNOW:  WIND      :SUNSHINE: SKY     :PK WND
================================================================================
1   2   3   4   5  6A  6B    7    8   9   10  11  12  13   14  15   16   17  18
                                     12Z  AVG MX 2MIN
DY MAX MIN AVG DEP HDD CDD  WTR  SNW DPTH SPD SPD DIR MIN PSBL S-S WX    SPD DR
================================================================================

 1  55  36  46  12  19   0 0.00  0.0    0  7.4 18 100   M    M   4        24 120
 2  66  40  53  19  12   0    T  0.0    0 16.8 30 220   M    M   5        36 210
 3  40  29  35   1  30   0    T    M    0 17.2 28 280   M    M  10        39 250
 4  43  21  32  -2  33   0 0.00  0.0    0  6.1 17 280   M    M   1        23 280
 5  44  21  33  -1  32   0 0.00  0.0    0  1.1 10 130   M    M   1        13 100
 6  55  24  40   6  25   0 0.00  0.0    0  5.4 20 230   M    M   2        23 240
 7  53  36  45  10  20   0    T  0.0    0 12.2 31 300   M    M   2        37 300
 8  39  24  32  -3  33   0    T    M    0 18.8 32 310   M    M  10 1      47 320
 9  28  19  24 -11  41   0    T    M    0 15.8 26 290   M    M   7        37 300
10  28  14  21 -14  44   0    M    M    0  5.7 14 100   M    M   4 1      18 110
11  37  23  30  -6  35   0    T    M    M  6.1 12 100   M    M   7 1      15 130
12  37  20  29  -7  36   0 0.00  0.0    M  9.3 21 310   M    M   5        29 310
13  24  14  19 -17  46   0 0.00  0.0    M  8.1 16 120   M    M   8        21 110
14  34  22  28  -8  37   0    T    M    M 10.8 22 140   M    M  10 16     27 130
15  46  28  37   0  28   0 0.00  0.0    M  2.5 10 170   M    M   8 12     12 120
16  43  28  36  -1  29   0 0.39    M    0  7.7 16 350   M    M   9 16     20  70
17  52  28  40   3  25   0 0.00  0.0    0  3.8 12 160   M    M   2 12     14 120
18  69  34  52  15  13   0 0.00  0.0    0 14.3 26 160   M    M   0        33 180
19  71  43  57  19   8   0 0.00  0.0    0 11.7 29 270   M    M   0        36 270
20  76  34  55  17  10   0 0.00  0.0    0  4.0 17  10   M    M   3 8      24  10
21  58  37  48  10  17   0 0.00  0.0    0  7.5 17 300   M    M   2        23 280
22  54  29  42   4  23   0 0.00  0.0    0  4.5 13  70   M    M   0 1      16  70
23  48  31  40   1  25   0 0.09    M    0  5.6 16 360   M    M   4        23  20
24  43  38  41   2  24   0    T    M    0 13.8 23 340   M    M   9 18     31 350
25  44  31  38  -1  27   0 0.00  0.0    0 10.9 18 340   M    M   7        26 330
26  47  29  38  -2  27   0 0.00  0.0    0  5.6 13 220   M    M   5        16 220
27  68  24  46   6  19   0 0.00  0.0    0  5.8 18 220   M    M   0        23 210
28  71  42  57  17   8   0 0.00  0.0    0 14.1 32 240   M    M   2        42 210
29  68  28  48   8  17   0 0.00  0.0    0  6.2 16 200   M    M   0        19 160
================================================================================
SM 1441  827       743   0  0.48     0.0 258.8          M      127
================================================================================
AV 49.7 28.5                               8.9 FASTST   M    M   4    MAX(MPH)
                                 MISC ---->  # 32 310               # 47  320
================================================================================
NOTES:
# LAST OF SEVERAL OCCURRENCES

COLUMN 17 PEAK WIND IN M.P.H.

PRELIMINARY LOCAL CLIMATOLOGICAL DATA (WS FORM: F-6) , PAGE 2

                                          STATION:  JEFFERSON CITY
                                          MONTH:    FEBRUARY
                                          YEAR:     2016
                                          LATITUDE:   38 35 N
                                          LONGITUDE:  92 10 W

[TEMPERATURE DATA]      [PRECIPITATION DATA]       SYMBOLS USED IN COLUMN 16

AVERAGE MONTHLY: 39.1   TOTAL FOR MONTH:   0.48    1 = FOG OR MIST
DPTR FM NORMAL:   2.5   DPTR FM NORMAL:   -1.74    2 = FOG REDUCING VISIBILITY
HIGHEST:    76 ON 20    GRTST 24HR  0.39 ON 16-16      TO 1/4 MILE OR LESS
LOWEST:     14 ON 13,10                            3 = THUNDER
                        SNOW, ICE PELLETS, HAIL    4 = ICE PELLETS
                        TOTAL MONTH:   0.0 INCH    5 = HAIL
                        GRTST 24HR     0.0         6 = FREEZING RAIN OR DRIZZLE
                        GRTST DEPTH:   0           7 = DUSTSTORM OR SANDSTORM:
                                                       VSBY 1/2 MILE OR LESS
                                                   8 = SMOKE OR HAZE
[NO. OF DAYS WITH]      [WEATHER - DAYS WITH]      9 = BLOWING SNOW
                                                   X = TORNADO
MAX 32 OR BELOW:   3    0.01 INCH OR MORE:   2
MAX 90 OR ABOVE:   0    0.10 INCH OR MORE:   1
MIN 32 OR BELOW:  20    0.50 INCH OR MORE:   0
MIN  0 OR BELOW:   0    1.00 INCH OR MORE:   0

[HDD (BASE 65) ]
TOTAL THIS MO.   743    CLEAR  (SCALE 0-3)  12
DPTR FM NORMAL   -52    PTCLDY (SCALE 4-7)  11
TOTAL FM JUL 1  3158    CLOUDY (SCALE 8-10)  6
DPTR FM NORMAL  -529

[CDD (BASE 65) ]
TOTAL THIS MO.     0
DPTR FM NORMAL     0    [PRESSURE DATA]
TOTAL FM JAN 1     0    HIGHEST SLP 30.67 ON 13
DPTR FM NORMAL     0    LOWEST  SLP 29.37 ON  2

[REMARKS]
#FINAL-02-16#
