000
CXUS53 KLSX 011600
CF6JEF
PRELIMINARY LOCAL CLIMATOLOGICAL DATA (WS FORM: F-6)

                                          STATION:   JEFFERSON CITY
                                          MONTH:     MAY
                                          YEAR:      2014
                                          LATITUDE:   38 35 N
                                          LONGITUDE:  92 10 W

  TEMPERATURE IN F:       :PCPN:    SNOW:  WIND      :SUNSHINE: SKY     :PK WND
================================================================================
1   2   3   4   5  6A  6B    7    8   9   10  11  12  13   14  15   16   17  18
                                     12Z  AVG MX 2MIN
DY MAX MIN AVG DEP HDD CDD  WTR  SNW DPTH SPD SPD DIR MIN PSBL S-S WX    SPD DR
================================================================================

 1  54  42  48 -13  17   0 0.00  0.0    0 11.7 21 270   M    M   8        28 250
 2  64  47  56  -5   9   0 0.00  0.0    0  7.2 18 260   M    M   7        24 270
 3  78  50  64   2   1   0 0.00  0.0    0  2.3 10 330   M    M   2        14 190
 4  89  47  68   6   0   3 0.00  0.0    0  6.7 16  70   M    M   0        22  80
 5  91  56  74  12   0   9 0.00  0.0    0  5.7 16  70   M    M   0        22  60
 6  92  57  75  13   0  10 0.00  0.0    0 10.2 22 140   M    M   0 8      33 170
 7  89  66  78  15   0  13 0.00  0.0    0 10.1 21 180   M    M   0        25 200
 8  82  65  74  11   0   9 0.38  0.0    0 10.3 24 160   M    M   3 13     30 210
 9  76  54  65   2   0   0 0.27  0.0    0  7.4 16 260   M    M   3 1      23 340
10  84  50  67   3   0   2 0.00  0.0    0  8.5 18  60   M    M   0 13     25  50
11  87  65  76  12   0  11 0.00  0.0    0 13.3 22 170   M    M   3        30 170
12  88  58  73   9   0   8 1.22  0.0    0 11.8 24 250   M    M   4 13     32 250
13  58  50  54 -10  11   0 0.01  0.0    0  8.4 20 290   M    M   8 1      23 290
14  52  47  50 -15  15   0 0.06  0.0    0  5.9 16  10   M    M   7        20 350
15  60  41  51 -14  14   0 0.01  0.0    0  7.7 25 290   M    M   3        32 280
16  59  36  48 -17  17   0 0.00  0.0    0  6.0 18 290   M    M   2        23 300
17  64  36  50 -16  15   0 0.00  0.0    0  2.1  9 270   M    M   0 12     13 340
18  71  41  56 -10   9   0 0.00  0.0    0  7.3 16 130   M    M   0        22 160
19  81  53  67   1   0   2 0.00  0.0    0 13.4 28 160   M    M   2        35 140
20  87  62  75   9   0  10 0.00  0.0    0  8.9 22 180   M    M   0        29 180
21  86  65  76   9   0  11 0.00  0.0    0  5.4 14 210   M    M   1        17 210
22  83  63  73   6   0   8 0.00  0.0    0  6.2 18  30   M    M   4        24  30
23  83  58  71   4   0   6 0.00  0.0    0  4.7 13  50   M    M   0 3      16  40
24  69  60  65  -3   0   0 0.52  0.0    0  6.1 15 120   M    M   6 1      18 100
25  85  63  74   6   0   9 0.00  0.0    0  4.1 10 130   M    M   2 1      13 190
26  84  65  75   7   0  10 0.95  0.0    0  5.2 28 250   M    M   4 138    40 280
27  82  64  73   5   0   8 0.02  0.0    0  3.6 15 230   M    M   3        18 230
28  85  64  75   6   0  10 0.00  0.0    0  2.9 10 140   M    M   1 1      15 150
29  84  65  75   6   0  10 0.00  0.0    0  7.2 17 130   M    M   2 1      22 130
30  85  67  76   7   0  11 0.00  0.0    0  7.1 20  70   M    M   2 3      26  70
31  87  67  77   7   0  12 0.00  0.0    0  6.0 17 120   M    M   2 13     22 100
================================================================================
SM 2419 1724       108 172  3.44     0.0 223.4          M       79
================================================================================
AV 78.0 55.6                               7.2 FASTST   M    M   3    MAX(MPH)
                                 MISC ---->  # 28 160               # 40  280
================================================================================
NOTES:
# LAST OF SEVERAL OCCURRENCES

COLUMN 17 PEAK WIND IN M.P.H.

PRELIMINARY LOCAL CLIMATOLOGICAL DATA (WS FORM: F-6) , PAGE 2

                                          STATION:  JEFFERSON CITY
                                          MONTH:    MAY
                                          YEAR:     2014
                                          LATITUDE:   38 35 N
                                          LONGITUDE:  92 10 W

[TEMPERATURE DATA]      [PRECIPITATION DATA]       SYMBOLS USED IN COLUMN 16

AVERAGE MONTHLY: 66.8   TOTAL FOR MONTH:   3.44    1 = FOG OR MIST
DPTR FM NORMAL:   1.6   DPTR FM NORMAL:   -1.54    2 = FOG REDUCING VISIBILITY
HIGHEST:    92 ON  6    GRTST 24HR  1.23 ON 12-13      TO 1/4 MILE OR LESS
LOWEST:     36 ON 17,16                            3 = THUNDER
                        SNOW, ICE PELLETS, HAIL    4 = ICE PELLETS
                        TOTAL MONTH:   0.0 INCH    5 = HAIL
                        GRTST 24HR     0.0         6 = FREEZING RAIN OR DRIZZLE
                        GRTST DEPTH:   0           7 = DUSTSTORM OR SANDSTORM:
                                                       VSBY 1/2 MILE OR LESS
                                                   8 = SMOKE OR HAZE
[NO. OF DAYS WITH]      [WEATHER - DAYS WITH]      9 = BLOWING SNOW
                                                   X = TORNADO
MAX 32 OR BELOW:   0    0.01 INCH OR MORE:   9
MAX 90 OR ABOVE:   2    0.10 INCH OR MORE:   5
MIN 32 OR BELOW:   0    0.50 INCH OR MORE:   3
MIN  0 OR BELOW:   0    1.00 INCH OR MORE:   1

[HDD (BASE 65) ]
TOTAL THIS MO.   108    CLEAR  (SCALE 0-3)  23
DPTR FM NORMAL    18    PTCLDY (SCALE 4-7)   7
TOTAL FM JUL 1  5416    CLOUDY (SCALE 8-10)  1
DPTR FM NORMAL   775

[CDD (BASE 65) ]
TOTAL THIS MO.   172
DPTR FM NORMAL    74    [PRESSURE DATA]
TOTAL FM JAN 1   182    HIGHEST SLP 30.23 ON 18
DPTR FM NORMAL    54    LOWEST  SLP 29.55 ON  6

[REMARKS]
#FINAL-05-14#
