000
CXUS53 KLSX 011600
CF6JEF
PRELIMINARY LOCAL CLIMATOLOGICAL DATA (WS FORM: F-6)

                                          STATION:   JEFFERSON CITY
                                          MONTH:     NOVEMBER
                                          YEAR:      2015
                                          LATITUDE:   38 35 N
                                          LONGITUDE:  92 10 W

  TEMPERATURE IN F:       :PCPN:    SNOW:  WIND      :SUNSHINE: SKY     :PK WND
================================================================================
1   2   3   4   5  6A  6B    7    8   9   10  11  12  13   14  15   16   17  18
                                     12Z  AVG MX 2MIN
DY MAX MIN AVG DEP HDD CDD  WTR  SNW DPTH SPD SPD DIR MIN PSBL S-S WX    SPD DR
================================================================================

 1  70  37  54   2  11   0 0.00  0.0    0  2.3  9 160   M    M   4 12     11 150
 2  71  39  55   3  10   0 0.00  0.0    0  2.4  9 150   M    M   1 12     10 150
 3  74  39  57   6   8   0 0.00  0.0    0  5.5 14 140   M    M   3 12     16 140
 4  69  51  60   9   5   0 0.00  0.0    0  6.2 15 180   M    M   6        19 200
 5  68  55  62  12   3   0 0.56  0.0    0  9.1 25 300   M    M   6 1      32 300
 6  62  39  51   1  14   0 0.00  0.0    0  4.4 22 290   M    M   1        28 300
 7  60  34  47  -3  18   0 0.00  0.0    0  3.6 15 350   M    M   0 12     19 340
 8  57  30  44  -5  21   0 0.00  0.0    0  1.0  8 120   M    M   0        13 130
 9  60  28  44  -5  21   0 0.00  0.0    0  2.1  8 170   M    M   0        12 170
10  70  29  50   2  15   0 0.00  0.0    0  6.8 15 140   M    M   0        19 120
11  72  48  60  12   5   0 0.03  0.0    0 15.5 35 250   M    M   5        51 250
12  60  40  50   3  15   0 0.00  0.0    0 14.2 32 280   M    M   3        40 270
13  60  31  46  -1  19   0 0.00  0.0    0  3.4 15 300   M    M   0        20 300
14  68  30  49   3  16   0 0.00  0.0    0  6.5 22 240   M    M   0        26 240
15  63  33  48   2  17   0 0.00  0.0    0  8.5 18 160   M    M   3        23 150
16  57  48  53   7  12   0 0.90  0.0    0  9.7 15 110   M    M  10 1      20 170
17  66  55  61  16   4   0 3.67  0.0    0 11.3 22 210   M    M  10 1      29 200
18  61  45  53   9  12   0 0.00  0.0    0 11.6 28 210   M    M   5        37 190
19  52  32  42  -2  23   0    T  0.0    0  7.7 21 270   M    M   2        24 290
20  53  27  40  -4  25   0 0.06  0.0    0  7.2 21 130   M    M   5        24 130
21  45  23  34  -9  31   0 0.25    M    0 11.8 25 340   M    M   5 1      34 300
22  47  23  35  -8  30   0 0.00  0.0    0  5.7 16 240   M    M   1        21 210
23  61  28  45   3  20   0 0.00  0.0    0  1.8 12 280   M    M   0        16 250
24  65  30  48   6  17   0 0.00  0.0    0  8.6 20 170   M    M   0        26 200
25  60  49  55  14  10   0 0.00  0.0    0 13.8 22 150   M    M   8        28 160
26  71  47  59  18   6   0 0.33  0.0    0 13.7 24 300   M    M   8 1      31 150
27  47  37  42   2  23   0 1.63  0.0    0  8.2 21 300   M    M  10 1      27 300
28  38  35  37  -3  28   0    T  0.0    0  5.7 14  10   M    M  10 1      19  30
29  39  37  38  -2  27   0 0.34  0.0    0  3.8 12  80   M    M  10 1      16  80
30  48  38  43   4  22   0 0.21  0.0    0  7.0 22 270   M    M   9 1      27 270
================================================================================
SM 1794 1117       488   0  7.98     0.0 219.1          M      125
================================================================================
AV 59.8 37.2                               7.3 FASTST   M    M   4    MAX(MPH)
                                 MISC ---->  # 35 250               # 51  250
================================================================================
NOTES:
# LAST OF SEVERAL OCCURRENCES

COLUMN 17 PEAK WIND IN M.P.H.

PRELIMINARY LOCAL CLIMATOLOGICAL DATA (WS FORM: F-6) , PAGE 2

                                          STATION:  JEFFERSON CITY
                                          MONTH:    NOVEMBER
                                          YEAR:     2015
                                          LATITUDE:   38 35 N
                                          LONGITUDE:  92 10 W

[TEMPERATURE DATA]      [PRECIPITATION DATA]       SYMBOLS USED IN COLUMN 16

AVERAGE MONTHLY: 48.5   TOTAL FOR MONTH:   7.98    1 = FOG OR MIST
DPTR FM NORMAL:   2.9   DPTR FM NORMAL:    4.18    2 = FOG REDUCING VISIBILITY
HIGHEST:    74 ON  3    GRTST 24HR  3.80 ON 16-17      TO 1/4 MILE OR LESS
LOWEST:     23 ON 22,21                            3 = THUNDER
                        SNOW, ICE PELLETS, HAIL    4 = ICE PELLETS
                        TOTAL MONTH:   0.0 INCH    5 = HAIL
                        GRTST 24HR     0.0         6 = FREEZING RAIN OR DRIZZLE
                        GRTST DEPTH:   0           7 = DUSTSTORM OR SANDSTORM:
                                                       VSBY 1/2 MILE OR LESS
                                                   8 = SMOKE OR HAZE
[NO. OF DAYS WITH]      [WEATHER - DAYS WITH]      9 = BLOWING SNOW
                                                   X = TORNADO
MAX 32 OR BELOW:   0    0.01 INCH OR MORE:  10
MAX 90 OR ABOVE:   0    0.10 INCH OR MORE:   8
MIN 32 OR BELOW:  11    0.50 INCH OR MORE:   4
MIN  0 OR BELOW:   0    1.00 INCH OR MORE:   2

[HDD (BASE 65) ]
TOTAL THIS MO.   488    CLEAR  (SCALE 0-3)  14
DPTR FM NORMAL   -95    PTCLDY (SCALE 4-7)   8
TOTAL FM JUL 1   726    CLOUDY (SCALE 8-10)  8
DPTR FM NORMAL  -170

[CDD (BASE 65) ]
TOTAL THIS MO.     0
DPTR FM NORMAL    -2    [PRESSURE DATA]
TOTAL FM JAN 1  1463    HIGHEST SLP 30.44 ON  8
DPTR FM NORMAL   107    LOWEST  SLP 29.36 ON 11

[REMARKS]
#FINAL-11-15#
