000
CXUS53 KLSX 011600
CF6JEF
PRELIMINARY LOCAL CLIMATOLOGICAL DATA (WS FORM: F-6)

                                          STATION:   JEFFERSON CITY MO
                                          MONTH:     JANUARY
                                          YEAR:      2011
                                          LATITUDE:   38 35 N
                                          LONGITUDE:  92 10 W

  TEMPERATURE IN F:       :PCPN:    SNOW:  WIND      :SUNSHINE: SKY     :PK WND
================================================================================
1   2   3   4   5  6A  6B    7    8   9   10  11  12  13   14  15   16   17  18
                                     12Z  AVG MX 2MIN
DY MAX MIN AVG DEP HDD CDD  WTR  SNW DPTH SPD SPD DIR MIN PSBL S-S WX    SPD DR
================================================================================

 1  30  20  25   M  40   0 0.00  0.0    0 12.0 22 280   M    M   2        25 270
 2  38  15  27   M  38   0 0.00  0.0    0  4.1 12 220   M    M   0        16 220
 3  49  24  37   M  28   0 0.00  0.0    0  3.7 13 150   M    M   0        17 150
 4  37  22  30   M  35   0 0.00  0.0    0  3.8 13 290   M    M   0        16 310
 5  48  24  36   M  29   0 0.00  0.0    0  4.3 13 270   M    M   2        17 250
 6  46  26  36   M  29   0 0.00  0.0    0  4.8 18 270   M    M   3        23 300
 7  40  28  34   M  31   0    T    M    0 11.0 26 310   M    M   9 18     38 310
 8  29  16  23   M  42   0    T    M    M  8.2 21 330   M    M   3        25 320
 9  29  19  24   M  41   0 0.00  0.0    0  9.8 14 120   M    M   9        18 110
10  29  26  28   M  37   0    M    M    0  5.8 14 110   M    M  10 1      16 100
11  27  10  19   M  46   0    T    M    M 17.5 28 280   M    M  10 18     33 280
12  17   3  10   M  55   0    T    M    M  9.5 20 290   M    M   5 8      23 280
13  31  -4  14   M  51   0 0.00  0.0    M  3.4  9 170   M    M   2 18     13 160
14  38  17  28   M  37   0 0.00  0.0    M  1.7  7 330   M    M   2        10 330
15  37  23  30   M  35   0 0.00  0.0    M  6.8 14 290   M    M   2 8      17 320
16  31  21  26   M  39   0 0.00  0.0    M  4.4 10 110   M    M   7        14 110
17  46  27  37   M  28   0    T  0.0    M  6.5 13 170   M    M   8 18     18 160
18  42  25  34   M  31   0 0.01    M    M  8.3 16 300   M    M  10 18     21 310
19  27  21  24   M  41   0    M    M    M  6.6 12  10   M    M   7 1      16  10
20  25   8  17   M  48   0 0.02    M    M  5.9 15 360   M    M   6 1      17 360
21  22  -2  10   M  55   0    T    M    M  4.6 10  90   M    M   6 18     13 100
22  33  21  27   M  38   0 0.00  0.0    M  2.6  8 100   M    M   7 18     10 100
23  29  24  27   M  38   0    T    M    M  7.6 16  90   M    M  10 8      21 100
24  33  17  25   M  40   0 0.00  0.0    M  4.7 12 250   M    M   6 18     14 350
25  37  11  24   M  41   0 0.00  0.0    M  1.9 10 290   M    M   2 18     13 310
26  36   9  23   M  42   0 0.00  0.0    M  1.6  8 310   M    M   3 128     9 310
27  44  16  30   M  35   0 0.00  0.0    M  4.5 20 280   M    M   3 128    23 260
28  49  19  34   M  31   0 0.00  0.0    M  1.5  8 100   M    M   1 12     10 310
29  48  25  37   M  28   0 0.00  0.0    M  2.6 13  40   M    M   0 12     18  30
30  37  29  33   M  32   0 0.00  0.0    M  6.9 14  10   M    M   7 18     18  10
31  32  28  30   M  35   0 0.12  0.0    M  7.7 14 100   M    M  10 168    20  80
================================================================================
SM 1096  568      1176   0  0.15     0.0 184.3          M      152
================================================================================
AV 35.4 18.3                               5.9 FASTST   M    M   5    MAX(MPH)
                                 MISC ---->  # 28 280               # 38  310
================================================================================
NOTES:
# LAST OF SEVERAL OCCURRENCES

COLUMN 17 PEAK WIND IN M.P.H.

PRELIMINARY LOCAL CLIMATOLOGICAL DATA (WS FORM: F-6) , PAGE 2

                                          STATION:  JEFFERSON CITY MO
                                          MONTH:    JANUARY
                                          YEAR:     2011
                                          LATITUDE:   38 35 N
                                          LONGITUDE:  92 10 W

[TEMPERATURE DATA]      [PRECIPITATION DATA]       SYMBOLS USED IN COLUMN 16

AVERAGE MONTHLY: 26.8   TOTAL FOR MONTH:   0.15    1 = FOG OR MIST
DPTR FM NORMAL:     M   DPTR FM NORMAL:       M    2 = FOG REDUCING VISIBILITY
HIGHEST:    49 ON 28, 3 GRTST 24HR  0.86 ON 31- 1      TO 1/4 MILE OR LESS
LOWEST:     -4 ON 13                               3 = THUNDER
                        SNOW, ICE PELLETS, HAIL    4 = ICE PELLETS
                        TOTAL MONTH:   0.0 INCH    5 = HAIL
                        GRTST 24HR     0.0         6 = FREEZING RAIN OR DRIZZLE
                        GRTST DEPTH:   0           7 = DUSTSTORM OR SANDSTORM:
                                                       VSBY 1/2 MILE OR LESS
                                                   8 = SMOKE OR HAZE
[NO. OF DAYS WITH]      [WEATHER - DAYS WITH]      9 = BLOWING SNOW
                                                   X = TORNADO
MAX 32 OR BELOW:  13    0.01 INCH OR MORE:   3
MAX 90 OR ABOVE:   0    0.10 INCH OR MORE:   1
MIN 32 OR BELOW:  31    0.50 INCH OR MORE:   0
MIN  0 OR BELOW:   2    1.00 INCH OR MORE:   0

[HDD (BASE 65) ]
TOTAL THIS MO.  1176    CLEAR  (SCALE 0-3)  15
DPTR FM NORMAL     M    PTCLDY (SCALE 4-7)   9
TOTAL FM JUL 1  2954    CLOUDY (SCALE 8-10)  7
DPTR FM NORMAL     M

[CDD (BASE 65) ]
TOTAL THIS MO.     0
DPTR FM NORMAL     M    [PRESSURE DATA]
TOTAL FM JAN 1     0    HIGHEST SLP M ON M
DPTR FM NORMAL     M    LOWEST  SLP 29.51 ON  7

[REMARKS]
#FINAL-01-11#
