000
CXUS53 KLSX 011600
CF6JEF
PRELIMINARY LOCAL CLIMATOLOGICAL DATA (WS FORM: F-6)

                                          STATION:   JEFFERSON CITY MO
                                          MONTH:     APRIL
                                          YEAR:      2011
                                          LATITUDE:   38 35 N
                                          LONGITUDE:  92 10 W

  TEMPERATURE IN F:       :PCPN:    SNOW:  WIND      :SUNSHINE: SKY     :PK WND
================================================================================
1   2   3   4   5  6A  6B    7    8   9   10  11  12  13   14  15   16   17  18
                                     12Z  AVG MX 2MIN
DY MAX MIN AVG DEP HDD CDD  WTR  SNW DPTH SPD SPD DIR MIN PSBL S-S WX    SPD DR
================================================================================

 1  63  34  49   M  16   0 0.00  0.0    0  7.7 25 270   M    M   5 18     32 270
 2  71  33  52   M  13   0 0.00  0.0    0  3.7 20 260   M    M   0         M 999
 3  93  53  73   M   0   8 0.17  0.0    0 15.6 35 220   M    M   1 13     48 250
 4  64  41  53   M  12   0 0.26  0.0    0 14.4 32 290   M    M   8 13     40 290
 5  68  31  50   M  15   0 0.00  0.0    0  7.3 23 240   M    M   1        31 230
 6  77  52  65   M   0   0 0.00  0.0    0  8.8 23 230   M    M   0        30 240
 7  70  52  61   M   4   0 0.00  0.0    0  8.3 21  80   M    M   3        28  80
 8  80  59  70   M   0   5 0.26  0.0    0  4.1 13 100   M    M   5 13     18  80
 9  91  61  76   M   0  11 0.00  0.0    0  9.4 21 170   M    M   2 138    30 180
10  86  68  77   M   0  12 0.07  0.0    0 12.1 31 220   M    M   4 3      41 220
11  68  53  61   M   4   0 0.00  0.0    0  7.9 20 310   M    M   2        26 300
12  72  45  59   M   6   0 0.00  0.0    0  2.6 10 210   M    M   0        13 200
13  78  47  63   M   2   0 0.00  0.0    0  5.5 13  80   M    M   0        16 100
14  79  54  67   M   0   2 0.00  0.0    0 13.3 23 100   M    M   2        32 100
15  67  44  56   M   9   0 0.89  0.0    0 11.0 25 240   M    M  10 138    32 240
16  57  42  50   M  15   0 0.04  0.0    0 14.9 28 290   M    M   5        38 290
17  76  40  58   M   7   0 0.00  0.0    0  5.3 17 230   M    M   0        23 220
18  75  51  63   M   2   0 0.00  0.0    0  5.7 16  80   M    M   3        22 150
19  87  44  66   M   0   1 1.21  0.0    0 13.3 32 260   M    M   8 138    44 260
20  54  42  48   M  17   0 0.00  0.0    0  8.0 16 300   M    M   6        26 240
21  64  42  53   M  12   0 0.15  0.0    0 11.5 24 110   M    M   5 13     29 120
22  79  52  66   M   0   1 0.35  0.0    0  7.5 17 290   M    M   8 13     22 310
23  71  52  62   M   3   0 0.05  0.0    0  4.2 14 360   M    M   8 123    21 360
24  56  51  54   M  11   0 0.21  0.0    0  6.4 23 100   M    M   9 1      30 100
25  62  54  58   M   7   0 0.39  0.0    0  6.9 32 100   M    M   9 13     44 120
26  66  55  61   M   4   0 0.11  0.0    0  8.7 21 250   M    M   5 13     26  50
27  56  49  53   M  12   0 0.02  0.0    0  6.9 18 300   M    M   8        26 320
28  71  48  60   M   5   0 0.00  0.0    0 11.1 29 280   M    M   1        36 280
29  80  44  62   M   3   0 0.00  0.0    0  8.8 21 150   M    M   1 8      25 170
30  76  62  69   M   0   4 0.00  0.0    0 11.5 25 210   M    M   4 8      33 210
================================================================================
SM 2157 1455       179  44  4.18     0.0 262.4          M      123
================================================================================
AV 71.9 48.5                               8.7 FASTST   M    M   4    MAX(MPH)
                                 MISC ---->  # 35 220               #99999999
================================================================================
NOTES:
# LAST OF SEVERAL OCCURRENCES

COLUMN 17 PEAK WIND IN M.P.H.

PRELIMINARY LOCAL CLIMATOLOGICAL DATA (WS FORM: F-6) , PAGE 2

                                          STATION:  JEFFERSON CITY MO
                                          MONTH:    APRIL
                                          YEAR:     2011
                                          LATITUDE:   38 35 N
                                          LONGITUDE:  92 10 W

[TEMPERATURE DATA]      [PRECIPITATION DATA]       SYMBOLS USED IN COLUMN 16

AVERAGE MONTHLY: 60.2   TOTAL FOR MONTH:   4.18    1 = FOG OR MIST
DPTR FM NORMAL:     M   DPTR FM NORMAL:       M    2 = FOG REDUCING VISIBILITY
HIGHEST:    93 ON  3    GRTST 24HR  1.21 ON 19-19      TO 1/4 MILE OR LESS
LOWEST:     31 ON  5                               3 = THUNDER
                        SNOW, ICE PELLETS, HAIL    4 = ICE PELLETS
                        TOTAL MONTH:   0.0 INCH    5 = HAIL
                        GRTST 24HR     0.0         6 = FREEZING RAIN OR DRIZZLE
                        GRTST DEPTH:   0           7 = DUSTSTORM OR SANDSTORM:
                                                       VSBY 1/2 MILE OR LESS
                                                   8 = SMOKE OR HAZE
[NO. OF DAYS WITH]      [WEATHER - DAYS WITH]      9 = BLOWING SNOW
                                                   X = TORNADO
MAX 32 OR BELOW:   0    0.01 INCH OR MORE:  14
MAX 90 OR ABOVE:   2    0.10 INCH OR MORE:  10
MIN 32 OR BELOW:   1    0.50 INCH OR MORE:   2
MIN  0 OR BELOW:   0    1.00 INCH OR MORE:   1

[HDD (BASE 65) ]
TOTAL THIS MO.   179    CLEAR  (SCALE 0-3)  12
DPTR FM NORMAL     M    PTCLDY (SCALE 4-7)  14
TOTAL FM JUL 1  4572    CLOUDY (SCALE 8-10)  4
DPTR FM NORMAL     M

[CDD (BASE 65) ]
TOTAL THIS MO.    44
DPTR FM NORMAL     M    [PRESSURE DATA]
TOTAL FM JAN 1    57    HIGHEST SLP M ON M
DPTR FM NORMAL     M    LOWEST  SLP 29.25 ON  3

[REMARKS]
#FINAL-04-11#
