000
CXUS53 KLSX 230027
CF6JEF
PRELIMINARY LOCAL CLIMATOLOGICAL DATA (WS FORM: F-6)

                                          STATION:   JEFFERSON CITY MO
                                          MONTH:     NOVEMBER
                                          YEAR:      2010
                                          LATITUDE:   38 35 N
                                          LONGITUDE:  92 10 W

  TEMPERATURE IN F:       :PCPN:    SNOW:  WIND      :SUNSHINE: SKY     :PK WND
================================================================================
1   2   3   4   5  6A  6B    7    8   9   10  11  12  13   14  15   16   17  18
                                     12Z  AVG MX 2MIN
DY MAX MIN AVG DEP HDD CDD  WTR  SNW DPTH SPD SPD DIR MIN PSBL S-S WX    SPD DR
================================================================================

 1  60  49  55   M  10   0 0.00  0.0    0  9.8 17  80   M    M   7        22  80
 2  60  36  48   M  17   0 0.00  0.0    0  4.4 13 360   M    M   4        18  20
 3  67  30  49   M  16   0 0.00  0.0    0  6.8 20 330   M    M   0        28 350
 4  57  40  49   M  16   0 0.00  0.0    0 13.3 26 310   M    M   2        36 300
 5  49  30  40   M  25   0 0.00  0.0    0  7.0 18 270   M    M   0        23  30
 6  58  26  42   M  23   0 0.00  0.0    0  3.1  9 150   M    M   0        18 140
 7  73  35  54   M  11   0 0.00  0.0    0  7.3 15 220   M    M   0        20 200
 8  77  36  57   M   8   0 0.00  0.0    0  6.4 22 210   M    M   0        28 190
 9  76  43  60   M   5   0 0.00  0.0    0  7.6 16 160   M    M   0        21 150
10  76  52  64   M   1   0 0.00  0.0    0  7.8 21 180   M    M   3        33 160
11  68  47  58   M   7   0    T  0.0    0  3.8 15  30   M    M   5        18  10
12  66  44  55   M  10   0 0.11  0.0    0  5.0  M 999   M    M   6 1       M 999
13  61  31  46   M  19   0    T  0.0    0 10.0 26 260   M    M   7 1      36 250
14  55  27  41   M  24   0 0.00  0.0    0  4.4 17 230   M    M   2 12     22 220
15  61  37  49   M  16   0 0.00  0.0    0   M   8 250   M    M   3         M  M
16  60  35  48   M  17   0 0.00  0.0    0  3.4 23 290   M    M   4 1      28 280
17  53  28  41   M  24   0 0.07  0.0    0  4.2 14  10   M    M   5 128    21  30
18  42  29  36   M  29   0 0.01  0.0    0  4.5 10 340   M    M   6 18     13 310
19  61  32  47   M  18   0 0.00  0.0    0  6.8 15 200   M    M   0        20 210
20  65  31  48   M  17   0 0.00  0.0    0  7.4 17 140   M    M   0 18     23 150
21  75  51  63   M   2   0 0.00  0.0    0 12.2 25 180   M    M   8        36 210
22  74  38  56   M   9   0 0.46  0.0    0 13.6 26 200   M    M   7 13     33 200
23  48  33  41   M  24   0 0.00  0.0    0  5.5 15 100   M    M   0        20 110
24  53  37  45   M  20   0 1.23  0.0    0  9.9 23 120   M    M  10 123    30 120
25  50  26  38   M  27   0 0.01  0.0    0  9.4 18 320   M    M   6 12     24 320
26  48  22  35   M  30   0 0.00  0.0    0  5.7 22 280   M    M   0        30 270
27  54  24  39   M  26   0 0.00  0.0    0   M   M   M   M    M   0         M  M
28  60  29  45   M  20   0 0.00  0.0    0 12.2 23 150   M    M   0        30 150
29  55  37  46   M  19   0 0.14  0.0    0 12.5 22 270   M    M   8 13     29 140
30  38  25  32   M  33   0 0.00  0.0    0 14.7 25 280   M    M   9        30 290
================================================================================
SM 1800 1040       523   0  2.03     0.0 218.7          M      102
================================================================================
AV 60.0 34.7                               7.8 FASTST   M    M   3    MAX(MPH)
                                 MISC ---->  # 26 310               # 36  300
================================================================================
NOTES:
# LAST OF SEVERAL OCCURRENCES

COLUMN 17 PEAK WIND IN M.P.H.

PRELIMINARY LOCAL CLIMATOLOGICAL DATA (WS FORM: F-6) , PAGE 2

                                          STATION:  JEFFERSON CITY MO
                                          MONTH:    NOVEMBER
                                          YEAR:     2010
                                          LATITUDE:   38 35 N
                                          LONGITUDE:  92 10 W

[TEMPERATURE DATA]      [PRECIPITATION DATA]       SYMBOLS USED IN COLUMN 16

AVERAGE MONTHLY: 47.3   TOTAL FOR MONTH:   2.03    1 = FOG OR MIST
DPTR FM NORMAL:     M   DPTR FM NORMAL:       M    2 = FOG REDUCING VISIBILITY
HIGHEST:    77 ON  8    GRTST 24HR  1.23 ON 24-24      TO 1/4 MILE OR LESS
LOWEST:     22 ON 26                               3 = THUNDER
                        SNOW, ICE PELLETS, HAIL    4 = ICE PELLETS
                        TOTAL MONTH:   0.0 INCH    5 = HAIL
                        GRTST 24HR     0.0         6 = FREEZING RAIN OR DRIZZLE
                        GRTST DEPTH:   0           7 = DUSTSTORM OR SANDSTORM:
                                                       VSBY 1/2 MILE OR LESS
                                                   8 = SMOKE OR HAZE
[NO. OF DAYS WITH]      [WEATHER - DAYS WITH]      9 = BLOWING SNOW
                                                   X = TORNADO
MAX 32 OR BELOW:   0    0.01 INCH OR MORE:   7
MAX 90 OR ABOVE:   0    0.10 INCH OR MORE:   4
MIN 32 OR BELOW:  14    0.50 INCH OR MORE:   1
MIN  0 OR BELOW:   0    1.00 INCH OR MORE:   1

[HDD (BASE 65) ]
TOTAL THIS MO.   523    CLEAR  (SCALE 0-3)  16
DPTR FM NORMAL     M    PTCLDY (SCALE 4-7)  11
TOTAL FM JUL 1   722    CLOUDY (SCALE 8-10)  3
DPTR FM NORMAL     M

[CDD (BASE 65) ]
TOTAL THIS MO.     0
DPTR FM NORMAL     M    [PRESSURE DATA]
TOTAL FM JAN 1  1758    HIGHEST SLP 30.40 ON 18
DPTR FM NORMAL     M    LOWEST  SLP 29.56 ON 24

[REMARKS]
#FINAL-11-10#
