000
CXUS53 KLSX 011608 CCA
CF6JEF

PRELIMINARY LOCAL CLIMATOLOGICAL DATA (WS FORM: F-6)

                                          STATION:   JEFFERSON CITY MO
                                          MONTH:     OCTOBER
                                          YEAR:      2010
                                          LATITUDE:   38 35 N
                                          LONGITUDE:  92 10 W

  TEMPERATURE IN F:       :PCPN:    SNOW:  WIND      :SUNSHINE: SKY     :PK WND
================================================================================
1   2   3   4   5  6A  6B    7    8   9   10  11  12  13   14  15   16   17  18
                                     12Z  AVG MX 2MIN
DY MAX MIN AVG DEP HDD CDD  WTR  SNW DPTH SPD SPD DIR MIN PSBL S-S WX    SPD DR
================================================================================

 1  76  46  61   M   4   0 0.00  0.0    0  1.2 10 320   M    M   0        14 320
 2  64  48  56   M   9   0 0.00  0.0    0  6.7 18 360   M    M   5        26 350
 3  62  41  52   M  13   0 0.00  0.0    0  4.7 13  60   M    M   0        28 330
 4  65  37  51   M  14   0 0.00  0.0    0  0.9  8  60   M    M   0        17  80
 5  71  38  55   M  10   0 0.00  0.0    0  1.4  7 190   M    M   2 12     15 290
 6  78  40  59   M   6   0 0.00  0.0    0  3.0 13 230   M    M   1 12     16 220
 7  81  49  65   M   0   0 0.00  0.0    0  0.7  8 280   M    M   0        12 270
 8  85  44  65   M   0   0 0.00  0.0    0  1.5  8 200   M    M   3 128    13 120
 9  85  52  69   M   0   4 0.00  0.0    0  2.5  9 160   M    M   3 12     17  70
10  84  51  68   M   0   3 0.00  0.0    0  3.3  8 230   M    M   1 12     14 270
11  77  54  66   M   0   1 0.01  0.0    0  2.6 10  90   M    M   3 1      13 100
12  79  52  66   M   0   1 0.03  0.0    0  2.3 12  10   M    M   3 123    15  20
13  72  43  58   M   7   0 0.00  0.0    0  5.8 16 330   M    M   1 1      24 320
14  73  42  58   M   7   0 0.00  0.0    0  5.0 17 240   M    M   0        22 260
15  72  44  58   M   7   0 0.00  0.0    0  3.0 10 270   M    M   0        21 220
16  83  38  61   M   4   0 0.00  0.0    0  3.5 14 200   M    M   0 1      18 180
17  77  49  63   M   2   0 0.00  0.0    0  1.2  7 200   M    M   0 8      14 170
18  78  50  64   M   1   0 0.00  0.0    0  4.1 18  10   M    M   1 1      25 360
19  66  43  55   M  10   0 0.00  0.0    0  1.2 10  40   M    M   2        15  40
20  73  40  57   M   8   0 0.00  0.0    0  4.5 16 280   M    M   0        21 290
21  73  42  58   M   7   0 0.00  0.0    0  2.4  8 290   M    M   1 8      12 270
22  80  44  62   M   3   0    T  0.0    0  6.8 16 160   M    M   4        20 160
23  80  62  71   M   0   6 0.07  0.0    0  9.5 22 210   M    M   5 3      29 210
24  78  54  66   M   0   1 0.00  0.0    0  7.6 24 230   M    M   4 12     36 220
25  79  51  65   M   0   0 0.00  0.0    0 12.3 30 160   M    M   3 128    40 150
26  79  56  68   M   0   3 0.14  0.0    0 15.7 32 260   M    M   2 138    45 250
27  69  49  59   M   6   0 0.00  0.0    0 11.2 28 260   M    M   0        36 250
28  55  34  45   M  20   0 0.00  0.0    0  9.1 18 290   M    M   2        23 280
29  65  27  46   M  19   0 0.00  0.0    0  2.9 18 330   M    M   1 12     15 320
30  75  44  60   M   5   0 0.00  0.0    0  5.1 16 230   M    M   0        22 220
31  63  39  51   M  14   0 0.00  0.0    0  8.3 18  80   M    M   0        23  70
================================================================================
SM 2297 1403       176  19  0.25     0.0 150.0          M       47
================================================================================
AV 74.1 45.3                               4.8 FASTST   M    M   2    MAX(MPH)
                                 MISC ---->  # 32 260               # 45  250
================================================================================
NOTES:
# LAST OF SEVERAL OCCURRENCES

COLUMN 17 PEAK WIND IN M.P.H.

PRELIMINARY LOCAL CLIMATOLOGICAL DATA (WS FORM: F-6) , PAGE 2

                                          STATION:  JEFFERSON CITY MO
                                          MONTH:    OCTOBER
                                          YEAR:     2010
                                          LATITUDE:   38 35 N
                                          LONGITUDE:  92 10 W

[TEMPERATURE DATA]      [PRECIPITATION DATA]       SYMBOLS USED IN COLUMN 16

AVERAGE MONTHLY: 59.7   TOTAL FOR MONTH:   0.25    1 = FOG OR MIST
DPTR FM NORMAL:     M   DPTR FM NORMAL:       M    2 = FOG REDUCING VISIBILITY
HIGHEST:    85 ON  9, 8 GRTST 24HR  0.14 ON 26         TO 1/4 MILE OR LESS
LOWEST:     27 ON 29                               3 = THUNDER
                        SNOW, ICE PELLETS, HAIL    4 = ICE PELLETS
                        TOTAL MONTH:   0.0 INCH    5 = HAIL
                        GRTST 24HR     0.0         6 = FREEZING RAIN OR DRIZZLE
                        GRTST DEPTH:   0           7 = DUSTSTORM OR SANDSTORM:
                                                       VSBY 1/2 MILE OR LESS
                                                   8 = SMOKE OR HAZE
[NO. OF DAYS WITH]      [WEATHER - DAYS WITH]      9 = BLOWING SNOW
                                                   X = TORNADO
MAX 32 OR BELOW:   0    0.01 INCH OR MORE:   4
MAX 90 OR ABOVE:   0    0.10 INCH OR MORE:   1
MIN 32 OR BELOW:   1    0.50 INCH OR MORE:   0
MIN  0 OR BELOW:   0    1.00 INCH OR MORE:   0

[HDD (BASE 65) ]
TOTAL THIS MO.   176    CLEAR  (SCALE 0-3)  27
DPTR FM NORMAL     M    PTCLDY (SCALE 4-7)   4
TOTAL FM JUL 1   199    CLOUDY (SCALE 8-10)  0
DPTR FM NORMAL     M

[CDD (BASE 65) ]
TOTAL THIS MO.    19
DPTR FM NORMAL     M    [PRESSURE DATA]
TOTAL FM JAN 1  1758    HIGHEST SLP 30.43 ON 29
DPTR FM NORMAL     M    LOWEST  SLP 28.98 ON 26

[REMARKS]
#FINAL-10-10#
