000
CXUS53 KLSX 011600
CF6JEF
PRELIMINARY LOCAL CLIMATOLOGICAL DATA (WS FORM: F-6)

                                          STATION:   JEFFERSON CITY MO
                                          MONTH:     DECEMBER
                                          YEAR:      2010
                                          LATITUDE:   38 35 N
                                          LONGITUDE:  92 10 W

  TEMPERATURE IN F:       :PCPN:    SNOW:  WIND      :SUNSHINE: SKY     :PK WND
================================================================================
1   2   3   4   5  6A  6B    7    8   9   10  11  12  13   14  15   16   17  18
                                     12Z  AVG MX 2MIN
DY MAX MIN AVG DEP HDD CDD  WTR  SNW DPTH SPD SPD DIR MIN PSBL S-S WX    SPD DR
================================================================================

 1  37  24  31   M  34   0 0.00  0.0    0  7.8 18 270   M    M   2        24 290
 2  54  27  41   M  24   0 0.00  0.0    0  3.2 10 200   M    M   4        13 180
 3  44  26  35   M  30   0 0.00  0.0    0  6.7 14 110   M    M   0 18     18 100
 4  41  28  35   M  30   0 0.00  0.0    0   M   M   M   M    M   6 8       M  M
 5  31  21  26   M  39   0 0.00  0.0    0  7.7 15 290   M    M   6        22 330
 6  33  18  26   M  39   0 0.00  0.0    0  6.3 16 310   M    M   1 18     21 310
 7  32  16  24   M  41   0 0.00  0.0    0  2.1  8 360   M    M   0 18     13 340
 8  37  13  25   M  40   0 0.00  0.0    0  2.3  9 330   M    M   0 18     12 310
 9  49  21  35   M  30   0 0.00  0.0    0  7.4 17 170   M    M   1        23 150
10  59  25  42   M  23   0 0.00  0.0    0  3.0 10 120   M    M   1 128    23 150
11  49  19  34   M  31   0 0.07    M    0 14.6 33 270   M    M   9 138    43 270
12  21  14  18   M  47   0    T    M    0 21.6 27 290   M    M   6 18     38 290
13  20   4  12   M  53   0 0.00  0.0    0  6.5 13 310   M    M   0        18 330
14  26   8  17   M  48   0 0.00  0.0    0  6.2 13 110   M    M  10        15 110
15  32  24  28   M  37   0 0.00  0.0    M  9.8 17 120   M    M   7 18     21 110
16  32  22  27   M  38   0 0.00  0.0    M  7.3 17 280   M    M   9 18     21 290
17  32  14  23   M  42   0 0.00  0.0    M  2.2 12 280   M    M   6 18     15 270
18  35  20  28   M  37   0 0.00  0.0    M  2.0  8 230   M    M   7 18     14 260
19  45  29  37   M  28   0 0.00  0.0    M  4.0 10 100   M    M   5        14 100
20  49  32  41   M  24   0 0.00  0.0    0 10.5 23 130   M    M   4        28 150
21  49  32  41   M  24   0 0.00  0.0    0  4.5 13 360   M    M   8 1      17  10
22  32  22  27   M  38   0 0.00  0.0    0  6.4 13 300   M    M   7        17 300
23  40  30  35   M  30   0 0.00  0.0    0  6.7 16 100   M    M   7        20 120
24  35  32  34   M  31   0 0.25    M    0  5.3 14 110   M    M  10 1      16 100
25  34  24  29   M  36   0    T    M    M 10.4 18 350   M    M  10 18     25 340
26  26  10  18   M  47   0    T    T    M  7.1 14 310   M    M   6 18     18 310
27  28  10  19   M  46   0    T    T    M  4.4 10 130   M    M   5 128    12 120
28  40  17  29   M  36   0 0.00  0.0    M  2.4  7 120   M    M   1 1       9 300
29  50  25  38   M  27   0 0.11  0.0    M  9.0 17 160   M    M   8 1      22 160
30  64  49  57   M   8   0 0.00  0.0    0 14.3 26 170   M    M   8        35 180
31  65  29  47   M  18   0 0.86    M    0 11.5 25 220   M    M   3 13     33 210
================================================================================
SM 1221  685      1056   0  1.29    T    213.2          M      157
================================================================================
AV 39.4 22.1                               7.1 FASTST   M    M   5    MAX(MPH)
                                 MISC ---->  # 33 270               # 43  270
================================================================================
NOTES:
# LAST OF SEVERAL OCCURRENCES

COLUMN 17 PEAK WIND IN M.P.H.

PRELIMINARY LOCAL CLIMATOLOGICAL DATA (WS FORM: F-6) , PAGE 2

                                          STATION:  JEFFERSON CITY MO
                                          MONTH:    DECEMBER
                                          YEAR:     2010
                                          LATITUDE:   38 35 N
                                          LONGITUDE:  92 10 W

[TEMPERATURE DATA]      [PRECIPITATION DATA]       SYMBOLS USED IN COLUMN 16

AVERAGE MONTHLY: 30.7   TOTAL FOR MONTH:   1.29    1 = FOG OR MIST
DPTR FM NORMAL:     M   DPTR FM NORMAL:       M    2 = FOG REDUCING VISIBILITY
HIGHEST:    65 ON 31    GRTST 24HR  0.86 ON 31-31      TO 1/4 MILE OR LESS
LOWEST:      4 ON 13                               3 = THUNDER
                        SNOW, ICE PELLETS, HAIL    4 = ICE PELLETS
                        TOTAL MONTH:    T          5 = HAIL
                        GRTST 24HR    T  ON 27-27  6 = FREEZING RAIN OR DRIZZLE
                        GRTST DEPTH:   0           7 = DUSTSTORM OR SANDSTORM:
                                                       VSBY 1/2 MILE OR LESS
                                                   8 = SMOKE OR HAZE
[NO. OF DAYS WITH]      [WEATHER - DAYS WITH]      9 = BLOWING SNOW
                                                   X = TORNADO
MAX 32 OR BELOW:  11    0.01 INCH OR MORE:   4
MAX 90 OR ABOVE:   0    0.10 INCH OR MORE:   3
MIN 32 OR BELOW:  30    0.50 INCH OR MORE:   1
MIN  0 OR BELOW:   0    1.00 INCH OR MORE:   0

[HDD (BASE 65) ]
TOTAL THIS MO.  1056    CLEAR  (SCALE 0-3)  10
DPTR FM NORMAL     M    PTCLDY (SCALE 4-7)  15
TOTAL FM JUL 1  1778    CLOUDY (SCALE 8-10)  6
DPTR FM NORMAL     M

[CDD (BASE 65) ]
TOTAL THIS MO.     0
DPTR FM NORMAL     M    [PRESSURE DATA]
TOTAL FM JAN 1  1758    HIGHEST SLP 30.52 ON  5
DPTR FM NORMAL     M    LOWEST  SLP 29.48 ON 30

[REMARKS]
#FINAL-12-10#
