000
CXUS53 KLSX 011600
CF6JEF
PRELIMINARY LOCAL CLIMATOLOGICAL DATA (WS FORM: F-6)

                                          STATION:   JEFFERSON CITY MO
                                          MONTH:     JULY
                                          YEAR:      2010
                                          LATITUDE:   38 35 N
                                          LONGITUDE:  92 10 W

  TEMPERATURE IN F:       :PCPN:    SNOW:  WIND      :SUNSHINE: SKY     :PK WND
================================================================================
1   2   3   4   5  6A  6B    7    8   9   10  11  12  13   14  15   16   17  18
                                     12Z  AVG MX 2MIN
DY MAX MIN AVG DEP HDD CDD  WTR  SNW DPTH SPD SPD DIR MIN PSBL S-S WX    SPD DR
================================================================================

 1  83  63  73   M   0   8 0.00  0.0    0  6.8 14  90   M    M   0        18 120
 2  86  61  74   M   0   9 0.00  0.0    0  6.6 15 110   M    M   0        31 190
 3  90  64  77   M   0  12 0.00  0.0    0  8.0 18 230   M    M   2        25 250
 4  86  73  80   M   0  15 0.01  0.0    0  6.4 16 160   M    M   4        23 160
 5  93  73  83   M   0  18 0.74  0.0    0  8.1 28 260   M    M   4 13     36 240
 6  86  73  80   M   0  15 0.11  0.0    0  4.0 15 180   M    M   5 13     18 170
 7  87  74  81   M   0  16 0.09  0.0    0  3.6 18 100   M    M   6 138    22 110
 8  86  74  80   M   0  15 0.87  0.0    0  2.7 10 340   M    M   8 13     20 320
 9  85  69  77   M   0  12 0.05  0.0    0  3.8 12 330   M    M   2 1      16  30
10  87  65  76   M   0  11 0.00  0.0    0  1.6  7 130   M    M   2 12     15  10
11  81  68  75   M   0  10 0.11  0.0    0  2.7 17 110   M    M   1 138    20 110
12  88  68  78   M   0  13 0.03  0.0    0  4.1 18  70   M    M   3 3      24  80
13  91  69  80   M   0  15 0.01  0.0    0  4.0 12 130   M    M   2 12     26 150
14  96  76  86   M   0  21 0.00  0.0    0  5.1 13 190   M    M   2        23 180
15  92  79  86   M   0  21 0.00  0.0    0  4.0 12 350   M    M   1        24 230
16  92  75  84   M   0  19 0.00  0.0    0  3.1 10 170   M    M   2 3      16 180
17  94  73  84   M   0  19    T  0.0    0  3.5 10 170   M    M   2 3      16 180
18  92  71  82   M   0  17 1.28  0.0    0  2.9 26 330   M    M   3 1238   44 310
19  92  78  85   M   0  20 0.00  0.0    0  6.1 24  40   M    M   1 1      29  40
20  91  70  81   M   0  16 0.51  0.0    0  7.4 36 340   M    M   1 138    46 340
21  92  73  83   M   0  18 0.23  0.0    0  4.3 22 170   M    M   3 138    28 170
22  93  75  84   M   0  19 0.00  0.0    0  7.3 17 210   M    M   1        22 200
23  95  79  87   M   0  22 0.00  0.0    0  6.3 18 210   M    M   2        24 210
24  96  74  85   M   0  20 0.39  0.0    0  6.8 25 320   M    M   3 13     37 310
25  85  73  79   M   0  14    T  0.0    0  1.5  9 300   M    M   6        13 290
26  84  73  79   M   0  14 0.15  0.0    0  2.5 16 120   M    M   2 13     21 130
27  92  73  83   M   0  18 0.02  0.0    0  2.7 13 170   M    M   2 1      16 170
28  92  77  85   M   0  20 0.00  0.0    0  4.6 16 280   M    M   2 8      20 280
29  91  75  83   M   0  18 0.00  0.0    0  2.8 16  20   M    M   3        21  10
30  85  72  79   M   0  14 0.88  0.0    0  5.1 30 340   M    M   2 138    41 330
31  87  72  80   M   0  15 0.00  0.0    0  3.3 12 360   M    M   5        15 360
================================================================================
SM 2770 2232         0 494  5.48     0.0 141.7          M       82
================================================================================
AV 89.4 72.0                               4.6 FASTST   M    M   3    MAX(MPH)
                                 MISC ---->  # 36 340               # 46  340
================================================================================
NOTES:
# LAST OF SEVERAL OCCURRENCES

COLUMN 17 PEAK WIND IN M.P.H.

PRELIMINARY LOCAL CLIMATOLOGICAL DATA (WS FORM: F-6) , PAGE 2

                                          STATION:  JEFFERSON CITY MO
                                          MONTH:    JULY
                                          YEAR:     2010
                                          LATITUDE:   38 35 N
                                          LONGITUDE:  92 10 W

[TEMPERATURE DATA]      [PRECIPITATION DATA]       SYMBOLS USED IN COLUMN 16

AVERAGE MONTHLY: 80.7   TOTAL FOR MONTH:   5.48    1 = FOG OR MIST
DPTR FM NORMAL:     M   DPTR FM NORMAL:       M    2 = FOG REDUCING VISIBILITY
HIGHEST:    96 ON 24,14 GRTST 24HR  1.28 ON 18-18      TO 1/4 MILE OR LESS
LOWEST:     61 ON  2                               3 = THUNDER
                        SNOW, ICE PELLETS, HAIL    4 = ICE PELLETS
                        TOTAL MONTH:   0.0 INCH    5 = HAIL
                        GRTST 24HR     0.0         6 = FREEZING RAIN OR DRIZZLE
                        GRTST DEPTH:   0           7 = DUSTSTORM OR SANDSTORM:
                                                       VSBY 1/2 MILE OR LESS
                                                   8 = SMOKE OR HAZE
[NO. OF DAYS WITH]      [WEATHER - DAYS WITH]      9 = BLOWING SNOW
                                                   X = TORNADO
MAX 32 OR BELOW:   0    0.01 INCH OR MORE:  16
MAX 90 OR ABOVE:  17    0.10 INCH OR MORE:  10
MIN 32 OR BELOW:   0    0.50 INCH OR MORE:   5
MIN  0 OR BELOW:   0    1.00 INCH OR MORE:   1

[HDD (BASE 65) ]
TOTAL THIS MO.     0    CLEAR  (SCALE 0-3)  24
DPTR FM NORMAL     M    PTCLDY (SCALE 4-7)   7
TOTAL FM JUL 1     0    CLOUDY (SCALE 8-10)  0
DPTR FM NORMAL     M

[CDD (BASE 65) ]
TOTAL THIS MO.   494
DPTR FM NORMAL     M    [PRESSURE DATA]
TOTAL FM JAN 1  1108    HIGHEST SLP 30.26 ON  1
DPTR FM NORMAL     M    LOWEST  SLP 29.64 ON 11

[REMARKS]
#FINAL-07-10#
