000
CXUS53 KLSX 011600
CF6JEF
PRELIMINARY LOCAL CLIMATOLOGICAL DATA (WS FORM: F-6)

                                          STATION:   JEFFERSON CITY MO
                                          MONTH:     SEPTEMBER
                                          YEAR:      2010
                                          LATITUDE:   38 35 N
                                          LONGITUDE:  92 10 W

  TEMPERATURE IN F:       :PCPN:    SNOW:  WIND      :SUNSHINE: SKY     :PK WND
================================================================================
1   2   3   4   5  6A  6B    7    8   9   10  11  12  13   14  15   16   17  18
                                     12Z  AVG MX 2MIN
DY MAX MIN AVG DEP HDD CDD  WTR  SNW DPTH SPD SPD DIR MIN PSBL S-S WX    SPD DR
================================================================================

 1  82  70  76   M   0  11 1.03  0.0    0  4.5 21 340   M    M   8 13     35 280
 2  90  66  78   M   0  13 0.24  0.0    0  5.8 17 310   M    M   7 38     23 300
 3  75  56  66   M   0   1 0.00  0.0    0  7.9 21 320   M    M   1        29 290
 4  75  51  63   M   2   0 0.00  0.0    0  3.6 12 280   M    M   0        16 300
 5  83  52  68   M   0   3 0.00  0.0    0  8.0 20 180   M    M   0        25 160
 6  88  64  76   M   0  11 0.00  0.0    0 10.4 24 180   M    M   0 8      33 190
 7  79  60  70   M   0   5 0.02  0.0    0  3.2 14 290   M    M   5 3      18 290
 8  78  57  68   M   0   3 0.00  0.0    0  2.7 10 130   M    M   4        16 120
 9  71  65  68   M   0   3 0.26  0.0    0 10.2 17 110   M    M   8 1      28  70
10  78  66  72   M   0   7 0.62  0.0    0  8.3 23 340   M    M   8 13     38 340
11  79  58  69   M   0   4 0.40  0.0    0  4.9 16 290   M    M   5 13     22 300
12  83  52  68   M   0   3 0.00  0.0    0  2.4 10 180   M    M   1 12     13 190
13  85  55  70   M   0   5 0.00  0.0    0  2.6  9 150   M    M   1 1      21 150
14  83  65  74   M   0   9 0.01  0.0    0  2.3 14 150   M    M   1 12     16 150
15  75  61  68   M   0   3 0.56  0.0    0  5.7 23 170   M    M   6 123    30 170
16  72  60  66   M   0   1 0.00  0.0    0  4.4 16 290   M    M   7 1      20 290
17  81  52  67   M   0   2 0.01  0.0    0  2.9 10 160   M    M   1 12     17 160
18  89  62  76   M   0  11 0.52  0.0    0  4.0 15  70   M    M   2 138    21  60
19  80  68  74   M   0   9 1.37  0.0    0  5.2 17  80   M    M   4 13     24  30
20  89  65  77   M   0  12 0.00  0.0    0  5.5 13 160   M    M   2 12     17 150
21  88  65  77   M   0  12 0.00  0.0    0  4.7 16 210   M    M   2 1      22 200
22  81  67  74   M   0   9 0.85  0.0    0  4.7 22 340   M    M   6 13     32 340
23  88  68  78   M   0  13 0.00  0.0    0  9.6 24 190   M    M   0 8      32 190
24  81  56  69   M   0   4 0.60  0.0    0  7.0 28 220   M    M   3 1      37 220
25  75  52  64   M   1   0 0.18  0.0    0  3.8 18  10   M    M   4 12     25 360
26  61  49  55   M  10   0    T    M    0  5.4 12  10   M    M   9 1      17  60
27  70  45  58   M   7   0 0.00  0.0    0  2.4 10 270   M    M   1 12     15 280
28  74  50  62   M   3   0 0.00  0.0    0  3.1 12 300   M    M   2 1      16 310
29  78  53  66   M   0   1 0.00  0.0    0  0.6  7 260   M    M   4 128    13 240
30  78  53  66   M   0   1 0.00  0.0    0  6.7 17  10   M    M   0 1      25  10
================================================================================
SM 2389 1763        23 156  6.67     0.0 152.5          M      102
================================================================================
AV 79.6 58.8                               5.1 FASTST   M    M   3    MAX(MPH)
                                 MISC ---->  # 28 220               # 38  340
================================================================================
NOTES:
# LAST OF SEVERAL OCCURRENCES

COLUMN 17 PEAK WIND IN M.P.H.

PRELIMINARY LOCAL CLIMATOLOGICAL DATA (WS FORM: F-6) , PAGE 2

                                          STATION:  JEFFERSON CITY MO
                                          MONTH:    SEPTEMBER
                                          YEAR:     2010
                                          LATITUDE:   38 35 N
                                          LONGITUDE:  92 10 W

[TEMPERATURE DATA]      [PRECIPITATION DATA]       SYMBOLS USED IN COLUMN 16

AVERAGE MONTHLY: 69.2   TOTAL FOR MONTH:   6.67    1 = FOG OR MIST
DPTR FM NORMAL:     M   DPTR FM NORMAL:       M    2 = FOG REDUCING VISIBILITY
HIGHEST:    90 ON  2    GRTST 24HR  1.89 ON 18-19      TO 1/4 MILE OR LESS
LOWEST:     45 ON 27                               3 = THUNDER
                        SNOW, ICE PELLETS, HAIL    4 = ICE PELLETS
                        TOTAL MONTH:   0.0 INCH    5 = HAIL
                        GRTST 24HR     0.0         6 = FREEZING RAIN OR DRIZZLE
                        GRTST DEPTH:   0           7 = DUSTSTORM OR SANDSTORM:
                                                       VSBY 1/2 MILE OR LESS
                                                   8 = SMOKE OR HAZE
[NO. OF DAYS WITH]      [WEATHER - DAYS WITH]      9 = BLOWING SNOW
                                                   X = TORNADO
MAX 32 OR BELOW:   0    0.01 INCH OR MORE:  14
MAX 90 OR ABOVE:   1    0.10 INCH OR MORE:  11
MIN 32 OR BELOW:   0    0.50 INCH OR MORE:   7
MIN  0 OR BELOW:   0    1.00 INCH OR MORE:   2

[HDD (BASE 65) ]
TOTAL THIS MO.    23    CLEAR  (SCALE 0-3)  16
DPTR FM NORMAL     M    PTCLDY (SCALE 4-7)  11
TOTAL FM JUL 1    23    CLOUDY (SCALE 8-10)  3
DPTR FM NORMAL     M

[CDD (BASE 65) ]
TOTAL THIS MO.   156
DPTR FM NORMAL     M    [PRESSURE DATA]
TOTAL FM JAN 1  1739    HIGHEST SLP M ON M
DPTR FM NORMAL     M    LOWEST  SLP 29.70 ON 10

[REMARKS]
#FINAL-09-10#
