000
CXUS53 KLSX 011600
CF6JEF
PRELIMINARY LOCAL CLIMATOLOGICAL DATA (WS FORM: F-6)

                                          STATION:   JEFFERSON CITY MO
                                          MONTH:     AUGUST
                                          YEAR:      2010
                                          LATITUDE:   38 35 N
                                          LONGITUDE:  92 10 W

  TEMPERATURE IN F:       :PCPN:    SNOW:  WIND      :SUNSHINE: SKY     :PK WND
================================================================================
1   2   3   4   5  6A  6B    7    8   9   10  11  12  13   14  15   16   17  18
                                     12Z  AVG MX 2MIN
DY MAX MIN AVG DEP HDD CDD  WTR  SNW DPTH SPD SPD DIR MIN PSBL S-S WX    SPD DR
================================================================================

 1  88  68  78   M   0  13 0.00  0.0    0  3.4 10 130   M    M   2 12     14 120
 2  94  71  83   M   0  18 0.00  0.0    0  5.5 12 120   M    M   1 1      15 120
 3 100  79  90   M   0  25 0.00  0.0    0  4.3 15 190   M    M   2        20 200
 4  99  76  88   M   0  23 0.00  0.0    0  5.5 17 260   M    M   1 3      23 210
 5  89  73  81   M   0  16 0.09  0.0    0  4.0 10  40   M    M   4 13     15 330
 6  88  71  80   M   0  15 0.00  0.0    0  4.1 12  40   M    M   0        20  70
 7  90  69  80   M   0  15 0.00  0.0    0  4.5 10 150   M    M   1        14 140
 8  94  73  84   M   0  19 0.00  0.0    0  5.5 12 170   M    M   1        16 170
 9  94  77  86   M   0  21 0.00  0.0    0  2.9  8 110   M    M   1 1      15  90
10  98  78  88   M   0  23 0.00  0.0    0  3.9 12 180   M    M   1 1      24 200
11  99  75  87   M   0  22 0.02  0.0    0  5.7 18 300   M    M   1 3      25 320
12 100  74  87   M   0  22 0.00  0.0    0  4.5 25 320   M    M   1 3      33 320
13  99  74  87   M   0  22 0.47  0.0    0  6.0 26 300   M    M   2 13     33 290
14  96  72  84   M   0  19 0.15  0.0    0  4.6 14 240   M    M   4 1      20 230
15  88  71  80   M   0  15 0.00  0.0    0  5.9 14 340   M    M   2 1      17 350
16  87  66  77   M   0  12 0.00  0.0    0  2.4  9  10   M    M   0        13  30
17  79  65  72   M   0   7    T  0.0    0  4.2 14  70   M    M   2 8      18  50
18  89  71  80   M   0  15 0.00  0.0    0  3.1  8 140   M    M   6 1      25 140
19  95  69  82   M   0  17 0.00  0.0    0  4.4 14 170   M    M   1 18     18 190
20  93  71  82   M   0  17 2.38  0.0    0  7.2 22  90   M    M   2 138    33  90
21  86  71  79   M   0  14 0.64  0.0    0  4.0 17 200   M    M   4 13     22 210
22  89  71  80   M   0  15 0.00  0.0    0  3.5 10  50   M    M   2 18     14 100
23  87  68  78   M   0  13 0.00  0.0    0  4.4 12 110   M    M   0 18     15  80
24  85  62  74   M   0   9 0.00  0.0    0  5.1 14 350   M    M   2 1      21 350
25  79  60  70   M   0   5 0.00  0.0    0  5.2 16 330   M    M   1        20 330
26  83  57  70   M   0   5 0.00  0.0    0  1.8  8 360   M    M   1 128    22  70
27  83  57  70   M   0   5 0.00  0.0    0  3.2 10 110   M    M   0        16 140
28  89  56  73   M   0   8 0.00  0.0    0  4.7 13 140   M    M   0        20 140
29  90  70  80   M   0  15 0.00  0.0    0  8.2 18 140   M    M   1        23 120
30  86  69  78   M   0  13    T  0.0    0  7.9 15 130   M    M   4        28 140
31  88  76  82   M   0  17    T  0.0    0  7.8 16 150   M    M   4        21 150
================================================================================
SM 2804 2160         0 475  3.75     0.0 147.4          M       54
================================================================================
AV 90.5 69.7                               4.8 FASTST   M    M   2    MAX(MPH)
                                 MISC ---->  # 26 300               # 33  320
================================================================================
NOTES:
# LAST OF SEVERAL OCCURRENCES

COLUMN 17 PEAK WIND IN M.P.H.

PRELIMINARY LOCAL CLIMATOLOGICAL DATA (WS FORM: F-6) , PAGE 2

                                          STATION:  JEFFERSON CITY MO
                                          MONTH:    AUGUST
                                          YEAR:     2010
                                          LATITUDE:   38 35 N
                                          LONGITUDE:  92 10 W

[TEMPERATURE DATA]      [PRECIPITATION DATA]       SYMBOLS USED IN COLUMN 16

AVERAGE MONTHLY: 80.1   TOTAL FOR MONTH:   3.75    1 = FOG OR MIST
DPTR FM NORMAL:     M   DPTR FM NORMAL:       M    2 = FOG REDUCING VISIBILITY
HIGHEST:   100 ON 12, 3 GRTST 24HR  3.02 ON 20-21      TO 1/4 MILE OR LESS
LOWEST:     56 ON 28                               3 = THUNDER
                        SNOW, ICE PELLETS, HAIL    4 = ICE PELLETS
                        TOTAL MONTH:   0.0 INCH    5 = HAIL
                        GRTST 24HR     0.0         6 = FREEZING RAIN OR DRIZZLE
                        GRTST DEPTH:   0           7 = DUSTSTORM OR SANDSTORM:
                                                       VSBY 1/2 MILE OR LESS
                                                   8 = SMOKE OR HAZE
[NO. OF DAYS WITH]      [WEATHER - DAYS WITH]      9 = BLOWING SNOW
                                                   X = TORNADO
MAX 32 OR BELOW:   0    0.01 INCH OR MORE:   6
MAX 90 OR ABOVE:  14    0.10 INCH OR MORE:   4
MIN 32 OR BELOW:   0    0.50 INCH OR MORE:   2
MIN  0 OR BELOW:   0    1.00 INCH OR MORE:   1

[HDD (BASE 65) ]
TOTAL THIS MO.     0    CLEAR  (SCALE 0-3)  25
DPTR FM NORMAL     M    PTCLDY (SCALE 4-7)   6
TOTAL FM JUL 1     0    CLOUDY (SCALE 8-10)  0
DPTR FM NORMAL     M

[CDD (BASE 65) ]
TOTAL THIS MO.   475
DPTR FM NORMAL     M    [PRESSURE DATA]
TOTAL FM JAN 1  1583    HIGHEST SLP M ON M
DPTR FM NORMAL     M    LOWEST  SLP 29.61 ON 13

[REMARKS]
#FINAL-08-10#
