000
CXUS53 KLSX 011600
CF6JEF
PRELIMINARY LOCAL CLIMATOLOGICAL DATA (WS FORM: F-6)

                                          STATION:   JEFFERSON CITY
                                          MONTH:     JANUARY
                                          YEAR:      2016
                                          LATITUDE:   38 35 N
                                          LONGITUDE:  92 10 W

  TEMPERATURE IN F:       :PCPN:    SNOW:  WIND      :SUNSHINE: SKY     :PK WND
================================================================================
1   2   3   4   5  6A  6B    7    8   9   10  11  12  13   14  15   16   17  18
                                     12Z  AVG MX 2MIN
DY MAX MIN AVG DEP HDD CDD  WTR  SNW DPTH SPD SPD DIR MIN PSBL S-S WX    SPD DR
================================================================================

 1  41  24  33   1  32   0 0.00  0.0    0  7.7 16 280   M    M   0        20 280
 2  47  27  37   5  28   0 0.00  0.0    0  5.1 14 280   M    M   0        19 290
 3  40  26  33   1  32   0 0.00  0.0    0  7.8 16  20   M    M   2        21  20
 4  36  22  29  -3  36   0 0.00  0.0    0  6.2 14 360   M    M   6        19 350
 5  41  21  31  -1  34   0 0.00  0.0    0  7.8 16 170   M    M   0        22 170
 6  44  25  35   3  30   0    T  0.0    0  6.9 10 110   M    M   5        13 110
 7  46  41  44  12  21   0 0.27    M    0  9.9 15 130   M    M  10 1      19 140
 8  52  39  46  14  19   0 0.02  0.0    0  9.9 21 220   M    M  10 1      25 230
 9  39  13  26  -6  39   0    M    M    0 10.8 22 310   M    M   9 128    30 310
10  17   4  11 -21  54   0    T    M    M  9.2 23 300   M    M   3        31 310
11  39  15  27  -5  38   0 0.00  0.0    M  8.2 24 270   M    M   6        32 270
12  39  15  27  -5  38   0 0.00  0.0    M  9.0 24 330   M    M   3        32 320
13  48  13  31  -1  34   0 0.00  0.0    M  3.5 13 200   M    M   0        16 190
14  63  27  45  13  20   0 0.00  0.0    0  6.7 22 230   M    M   0        28 220
15  52  27  40   8  25   0 0.03    M    0 11.7 23 290   M    M   6 18     28 290
16  33  20  27  -5  38   0 0.00  0.0    0  6.3 14 300   M    M   1        19 310
17  23   5  14 -18  51   0    T    M    M 10.4 20 350   M    M   4 18     25 340
18  19   2  11 -21  54   0 0.00  0.0    M  6.3 15 280   M    M   0        19 290
19  23  15  19 -13  46   0    M    M    M  8.6 18 110   M    M   9 18     23 100
20  28  16  22 -10  43   0 0.00  0.0    M  3.7 13 100   M    M   5        17 100
21  30  21  26  -6  39   0    T    M    M  8.4 14 100   M    M   8 18     19  20
22  29  22  26  -6  39   0 0.00  0.0    M  8.5 17 360   M    M   7 8      21 360
23  35  18  27  -5  38   0 0.00  0.0    M  3.7 10 320   M    M   3 1      14 330
24  54  22  38   6  27   0 0.00  0.0    0  8.4 20 160   M    M   0        24 160
25  56  34  45  13  20   0 0.00  0.0    0 14.4 30 260   M    M   6 8      38 260
26  35  23  29  -4  36   0 0.00  0.0    0 10.5 25 290   M    M   8        30 280
27  46  19  33   0  32   0 0.00  0.0    0  3.5 12 180   M    M   2 18     17 240
28  54  30  42   9  23   0 0.00  0.0    0  7.6 22 310   M    M   1        28 310
29  59  23  41   8  24   0 0.00  0.0    0  7.5 16 130   M    M   0        19 130
30  64  33  49  16  16   0 0.00  0.0    0  3.5 10 130   M    M   0 8      11 110
31  63  36  50  17  15   0 0.00  0.0    0  6.5 24 300   M    M   1 8      31 300
================================================================================
SM 1295  678      1021   0  0.32     0.0 238.2          M      115
================================================================================
AV 41.8 21.9                               7.7 FASTST   M    M   4    MAX(MPH)
                                 MISC ---->  # 30 260               # 38  260
================================================================================
NOTES:
# LAST OF SEVERAL OCCURRENCES

COLUMN 17 PEAK WIND IN M.P.H.

PRELIMINARY LOCAL CLIMATOLOGICAL DATA (WS FORM: F-6) , PAGE 2

                                          STATION:  JEFFERSON CITY
                                          MONTH:    JANUARY
                                          YEAR:     2016
                                          LATITUDE:   38 35 N
                                          LONGITUDE:  92 10 W

[TEMPERATURE DATA]      [PRECIPITATION DATA]       SYMBOLS USED IN COLUMN 16

AVERAGE MONTHLY: 31.8   TOTAL FOR MONTH:   0.32    1 = FOG OR MIST
DPTR FM NORMAL:  -0.2   DPTR FM NORMAL:   -1.71    2 = FOG REDUCING VISIBILITY
HIGHEST:    64 ON 30    GRTST 24HR  0.29 ON  7- 8      TO 1/4 MILE OR LESS
LOWEST:      2 ON 18                               3 = THUNDER
                        SNOW, ICE PELLETS, HAIL    4 = ICE PELLETS
                        TOTAL MONTH:   0.0 INCH    5 = HAIL
                        GRTST 24HR     0.0         6 = FREEZING RAIN OR DRIZZLE
                        GRTST DEPTH:   0           7 = DUSTSTORM OR SANDSTORM:
                                                       VSBY 1/2 MILE OR LESS
                                                   8 = SMOKE OR HAZE
[NO. OF DAYS WITH]      [WEATHER - DAYS WITH]      9 = BLOWING SNOW
                                                   X = TORNADO
MAX 32 OR BELOW:   7    0.01 INCH OR MORE:   3
MAX 90 OR ABOVE:   0    0.10 INCH OR MORE:   1
MIN 32 OR BELOW:  26    0.50 INCH OR MORE:   0
MIN  0 OR BELOW:   0    1.00 INCH OR MORE:   0

[HDD (BASE 65) ]
TOTAL THIS MO.  1021    CLEAR  (SCALE 0-3)  16
DPTR FM NORMAL    -2    PTCLDY (SCALE 4-7)   9
TOTAL FM JUL 1  2415    CLOUDY (SCALE 8-10)  6
DPTR FM NORMAL  -452

[CDD (BASE 65) ]
TOTAL THIS MO.     0
DPTR FM NORMAL     0    [PRESSURE DATA]
TOTAL FM JAN 1     0    HIGHEST SLP 30.54 ON  4
DPTR FM NORMAL     0    LOWEST  SLP 29.44 ON 15

[REMARKS]
#FINAL-01-16#
