000
CXUS53 KLSX 011600
CF6JEF
PRELIMINARY LOCAL CLIMATOLOGICAL DATA (WS FORM: F-6)

                                          STATION:   JEFFERSON CITY
                                          MONTH:     OCTOBER
                                          YEAR:      2016
                                          LATITUDE:   38 35 N
                                          LONGITUDE:  92 10 W

  TEMPERATURE IN F:       :PCPN:    SNOW:  WIND      :SUNSHINE: SKY     :PK WND
================================================================================
1   2   3   4   5  6A  6B    7    8   9   10  11  12  13   14  15   16   17  18
                                     12Z  AVG MX 2MIN
DY MAX MIN AVG DEP HDD CDD  WTR  SNW DPTH SPD SPD DIR MIN PSBL S-S WX    SPD DR
================================================================================

 1  69  57  63   1   2   0 0.00  0.0    0  3.6  9 280   M    M  10        13 280
 2  70  57  64   2   1   0 0.00  0.0    0  0.8  7 280   M    M  10 12      9 270
 3  76  53  65   3   0   0 0.00  0.0    0  4.0 12 110   M    M   6 12     16 120
 4  83  57  70   9   0   5 0.00  0.0    0  8.6 20 140   M    M   0        25 160
 5  82  62  72  11   0   7 0.16  0.0    0  6.0 15 110   M    M   4 1      19 110
 6  80  67  74  13   0   9 0.01  0.0    0  6.5 21 290   M    M   5 3      27 280
 7  69  46  58  -2   7   0 0.00  0.0    0  6.3 24 300   M    M   5        31 290
 8  72  40  56  -4   9   0 0.00  0.0    0  1.9  7 230   M    M   3 12      9 190
 9  75  42  59  -1   6   0 0.00  0.0    0  1.5  8 210   M    M   1        11 190
10  74  46  60   0   5   0 0.00  0.0    0  5.4 14 140   M    M   0        19 150
11  82  50  66   7   0   1 0.00  0.0    0  7.0 18 170   M    M   2        24 160
12  71  50  61   2   4   0 0.02  0.0    0  7.3 15 330   M    M   7 13     21 320
13  61  41  51  -7  14   0 0.00  0.0    0  5.1 10 360   M    M   3        14 100
14  72  50  61   3   4   0 0.00  0.0    0  6.5 13 160   M    M   5        18 160
15  82  62  72  14   0   7 0.00  0.0    0  9.3 18 170   M    M   4        24 180
16  88  67  78  20   0  13 0.00  0.0    0  8.6 20 160   M    M   2        26 170
17  90  70  80  23   0  15 0.00  0.0    0 13.2 28 190   M    M   0        36 170
18  84  61  73  16   0   8 0.00  0.0    0  6.3 14 260   M    M   3        18 270
19  66  58  62   5   3   0 0.36  0.0    0  4.9 14  60   M    M   9 13     20  50
20  60  42  51  -5  14   0 0.06  0.0    0  6.6 16 330   M    M   8 1      23 330
21  61  38  50  -6  15   0 0.00  0.0    0  3.1 10 300   M    M   0        16 310
22  73  36  55  -1  10   0 0.00  0.0    0  4.6 10 180   M    M   1 12     14 180
23  80  47  64   9   1   0 0.00  0.0    0  4.8 15 260   M    M   0        21 220
24  68  44  56   1   9   0 0.00  0.0    0  4.3 10  80   M    M   0        14  80
25  72  49  61   6   4   0 0.00  0.0    0  6.7 13 150   M    M   3        17 100
26  70  55  63   9   2   0    T  0.0    0  5.8 16 230   M    M   7        21 220
27  68  51  60   6   5   0 0.00  0.0    0  4.3  9  10   M    M   4        12 340
28  83  48  66  12   0   1 0.00  0.0    0  7.6 20 230   M    M   1 1      26 220
29  84  62  73  20   0   8 0.00  0.0    0  6.6 21 220   M    M   0        26 230
30  68  50  59   6   6   0 0.00  0.0    0  4.6 14  20   M    M   5        18  20
31  80  46  63  11   2   0 0.00  0.0    0  5.8 12 160   M    M   3 1      17 150
================================================================================
SM 2313 1604       123  74  0.61     0.0 177.6          M      111
================================================================================
AV 74.6 51.7                               5.7 FASTST   M    M   4    MAX(MPH)
                                 MISC ---->  # 28 190               # 36  170
================================================================================
NOTES:
# LAST OF SEVERAL OCCURRENCES

COLUMN 17 PEAK WIND IN M.P.H.

PRELIMINARY LOCAL CLIMATOLOGICAL DATA (WS FORM: F-6) , PAGE 2

                                          STATION:  JEFFERSON CITY
                                          MONTH:    OCTOBER
                                          YEAR:     2016
                                          LATITUDE:   38 35 N
                                          LONGITUDE:  92 10 W

[TEMPERATURE DATA]      [PRECIPITATION DATA]       SYMBOLS USED IN COLUMN 16

AVERAGE MONTHLY: 63.2   TOTAL FOR MONTH:   0.61    1 = FOG OR MIST
DPTR FM NORMAL:   5.7   DPTR FM NORMAL:   -2.93    2 = FOG REDUCING VISIBILITY
HIGHEST:    90 ON 17    GRTST 24HR  0.36 ON 19-19      TO 1/4 MILE OR LESS
LOWEST:     36 ON 22                               3 = THUNDER
                        SNOW, ICE PELLETS, HAIL    4 = ICE PELLETS
                        TOTAL MONTH:   0.0 INCH    5 = HAIL
                        GRTST 24HR     0.0         6 = FREEZING RAIN OR DRIZZLE
                        GRTST DEPTH:   0           7 = DUSTSTORM OR SANDSTORM:
                                                       VSBY 1/2 MILE OR LESS
                                                   8 = SMOKE OR HAZE
[NO. OF DAYS WITH]      [WEATHER - DAYS WITH]      9 = BLOWING SNOW
                                                   X = TORNADO
MAX 32 OR BELOW:   0    0.01 INCH OR MORE:   5
MAX 90 OR ABOVE:   1    0.10 INCH OR MORE:   2
MIN 32 OR BELOW:   0    0.50 INCH OR MORE:   0
MIN  0 OR BELOW:   0    1.00 INCH OR MORE:   0

[HDD (BASE 65) ]
TOTAL THIS MO.   123    CLEAR  (SCALE 0-3)  16
DPTR FM NORMAL  -140    PTCLDY (SCALE 4-7)  12
TOTAL FM JUL 1   131    CLOUDY (SCALE 8-10)  3
DPTR FM NORMAL  -182

[CDD (BASE 65) ]
TOTAL THIS MO.    74
DPTR FM NORMAL    44    [PRESSURE DATA]
TOTAL FM JAN 1  1655    HIGHEST SLP 30.36 ON  9
DPTR FM NORMAL   301    LOWEST  SLP 29.48 ON 17

[REMARKS]
#FINAL-10-16#
