000
CXUS53 KLSX 011600
CF6JEF
PRELIMINARY LOCAL CLIMATOLOGICAL DATA (WS FORM: F-6)

                                          STATION:   JEFFERSON CITY
                                          MONTH:     MAY
                                          YEAR:      2016
                                          LATITUDE:   38 35 N
                                          LONGITUDE:  92 10 W

  TEMPERATURE IN F:       :PCPN:    SNOW:  WIND      :SUNSHINE: SKY     :PK WND
================================================================================
1   2   3   4   5  6A  6B    7    8   9   10  11  12  13   14  15   16   17  18
                                     12Z  AVG MX 2MIN
DY MAX MIN AVG DEP HDD CDD  WTR  SNW DPTH SPD SPD DIR MIN PSBL S-S WX    SPD DR
================================================================================

 1  67  50  59  -2   6   0 0.00  0.0    0  7.9 21 280   M    M   5        26 280
 2  56  46  51 -10  14   0    T  0.0    0  3.9 12 330   M    M   9 18     16 330
 3  68  45  57  -5   8   0 0.00  0.0    0  3.8 16 300   M    M   5 12     21 300
 4  70  47  59  -3   6   0 0.00  0.0    0 10.1 22  20   M    M   2        30  20
 5  70  43  57  -5   8   0 0.00  0.0    0  5.8 16 350   M    M   0        23 330
 6  81  41  61  -1   4   0 0.00  0.0    0  3.0 14 270   M    M   0 8      17 250
 7  86  49  68   5   0   3 0.00  0.0    0  7.4 20 260   M    M   0        27 260
 8  79  56  68   5   0   3 0.05  0.0    0  4.2 12  50   M    M   5 12      M  M
 9  71  62  67   4   0   2 0.06  0.0    0  9.2 20 130   M    M   6 13     24 130
10  82  59  71   7   0   6 0.05  0.0    0  5.1 13 170   M    M   4        17 190
11  88  58  73   9   0   8    T  0.0    0  6.9 20 270   M    M   4 13     25 260
12  72  50  61  -3   4   0 0.00  0.0    0  9.5 24 280   M    M   2        31 300
13  80  43  62  -2   3   0 0.02  0.0    0  8.4 25 230   M    M   2 1      33 240
14  60  44  52 -13  13   0 0.00  0.0    0 10.6 22 350   M    M   3        30 350
15  68  38  53 -12  12   0    T  0.0    0  5.0 15 350   M    M   2        22 350
16  58  47  53 -12  12   0 0.67  0.0    0  9.9 18  80   M    M  10 1      23  70
17  55  46  51 -15  14   0 0.74  0.0    0  8.1 16 100   M    M   8 1      22  70
18  68  43  56 -10   9   0 0.00  0.0    0  4.6 14  10   M    M   2 12     19 360
19  69  42  56 -10   9   0 0.00  0.0    0  3.5 12 100   M    M   3 12     16 140
20  68  54  61  -5   4   0 0.12  0.0    0  5.0 10  40   M    M  10        14  20
21  76  50  63  -4   2   0 0.00  0.0    0  4.5 13  30   M    M   1        17 340
22  81  47  64  -3   1   0 0.00  0.0    0  3.7 13 130   M    M   0        17 150
23  81  51  66  -1   0   1 0.00  0.0    0  7.4 17 160   M    M   1        22 160
24  73  60  67  -1   0   2 0.22  0.0    0  5.8 23 120   M    M   3 13     28 120
25  84  61  73   5   0   8    T  0.0    0  6.9 16 130   M    M   1        22 120
26  88  65  77   9   0  12 1.64  0.0    0  8.3 31 290   M    M   4 13     36 290
27  80  65  73   5   0   8 0.66  0.0    0 10.1 20 160   M    M   7 13     26 150
28  83  66  75   6   0  10 0.00  0.0    0  8.5 21 220   M    M   1        26 180
29  87  62  75   6   0  10 0.00  0.0    0  2.0 10 290   M    M   0        14 290
30  86  62  74   5   0   9    T  0.0    0  4.2 24 260   M    M   1        34 250
31  82  64  73   3   0   8 0.06  0.0    0  5.0 16 140   M    M   4        20 150
================================================================================
SM 2317 1616       129  90  4.29     0.0 198.3          M      105
================================================================================
AV 74.7 52.1                               6.4 FASTST   M    M   3    MAX(MPH)
                                 MISC ---->  # 31 290               # 36  290
================================================================================
NOTES:
# LAST OF SEVERAL OCCURRENCES

COLUMN 17 PEAK WIND IN M.P.H.

PRELIMINARY LOCAL CLIMATOLOGICAL DATA (WS FORM: F-6) , PAGE 2

                                          STATION:  JEFFERSON CITY
                                          MONTH:    MAY
                                          YEAR:     2016
                                          LATITUDE:   38 35 N
                                          LONGITUDE:  92 10 W

[TEMPERATURE DATA]      [PRECIPITATION DATA]       SYMBOLS USED IN COLUMN 16

AVERAGE MONTHLY: 63.4   TOTAL FOR MONTH:   4.29    1 = FOG OR MIST
DPTR FM NORMAL:  -1.8   DPTR FM NORMAL:   -0.69    2 = FOG REDUCING VISIBILITY
HIGHEST:    88 ON 26,11 GRTST 24HR  2.15 ON 26-27      TO 1/4 MILE OR LESS
LOWEST:     38 ON 15                               3 = THUNDER
                        SNOW, ICE PELLETS, HAIL    4 = ICE PELLETS
                        TOTAL MONTH:   0.0 INCH    5 = HAIL
                        GRTST 24HR     0.0         6 = FREEZING RAIN OR DRIZZLE
                        GRTST DEPTH:   0           7 = DUSTSTORM OR SANDSTORM:
                                                       VSBY 1/2 MILE OR LESS
                                                   8 = SMOKE OR HAZE
[NO. OF DAYS WITH]      [WEATHER - DAYS WITH]      9 = BLOWING SNOW
                                                   X = TORNADO
MAX 32 OR BELOW:   0    0.01 INCH OR MORE:  11
MAX 90 OR ABOVE:   0    0.10 INCH OR MORE:   6
MIN 32 OR BELOW:   0    0.50 INCH OR MORE:   4
MIN  0 OR BELOW:   0    1.00 INCH OR MORE:   1

[HDD (BASE 65) ]
TOTAL THIS MO.   129    CLEAR  (SCALE 0-3)  17
DPTR FM NORMAL    39    PTCLDY (SCALE 4-7)  10
TOTAL FM JUL 1  3915    CLOUDY (SCALE 8-10)  4
DPTR FM NORMAL  -726

[CDD (BASE 65) ]
TOTAL THIS MO.    90
DPTR FM NORMAL    -8    [PRESSURE DATA]
TOTAL FM JAN 1   123    HIGHEST SLP 30.24 ON 18
DPTR FM NORMAL    -5    LOWEST  SLP 29.65 ON  9

[REMARKS]
#FINAL-05-16#
