000
CXUS53 KLSX 011741 CCA
CF6JEF

PRELIMINARY LOCAL CLIMATOLOGICAL DATA (WS FORM: F-6)

                                          STATION:   JEFFERSON CITY MO
                                          MONTH:     JUNE
                                          YEAR:      2010
                                          LATITUDE:   38 35 N
                                          LONGITUDE:  92 10 W

  TEMPERATURE IN F:       :PCPN:    SNOW:  WIND      :SUNSHINE: SKY     :PK WND
================================================================================
1   2   3   4   5  6A  6B    7    8   9   10  11  12  13   14  15   16   17  18
                                     12Z  AVG MX 2MIN
DY MAX MIN AVG DEP HDD CDD  WTR  SNW DPTH SPD SPD DIR MIN PSBL S-S WX    SPD DR
================================================================================

 1  90  67  79   M   0  14 0.00  0.0    0  5.8 16 150   M    M   1        20 170
 2  86  66  76   M   0  11 1.19  0.0    0  8.9 29  10   M    M   5 13     37  10
 3  86  68  77   M   0  12 0.00  0.0    0  2.3 17 130   M    M   3 3      21 140
 4  91  66  79   M   0  14 0.00  0.0    0  5.5 15 190   M    M   1 1      20 240
 5  91  74  83   M   0  18 0.00  0.0    0  6.7 17 180   M    M   1        25 170
 6  84  65  75   M   0  10 0.00  0.0    0  6.9 20 320   M    M   2        26 320
 7  81  64  73   M   0   8 0.00  0.0    0  3.9 13 130   M    M   3 3      15 130
 8  81  68  75   M   0  10 1.84  0.0    0  7.3 32 150   M    M   2 13     40 140
 9  83  67  75   M   0  10 0.01  0.0    0  2.3 15  30   M    M   2        31 340
10  89  64  77   M   0  12 0.00  0.0    0  6.4 20 200   M    M   3 1      25 170
11  82  74  78   M   0  13 0.14  0.0    0  6.6 15 200   M    M   5 13     23 190
12  90  70  80   M   0  15 0.69  0.0    0  6.8 22 290   M    M   4 13     28 320
13  92  70  81   M   0  16 0.02  0.0    0  5.1 23 300   M    M   3 3      29 290
14  81  72  77   M   0  12 0.04  0.0    0  5.5 18 290   M    M   2 1      24 300
15  83  70  77   M   0  12 0.10  0.0    0  5.0 18 270   M    M   4 18     24 290
16  89  68  79   M   0  14    T  0.0    0  3.1 10 290   M    M   2 12     14 310
17  93  72  83   M   0  18 0.01  0.0    0  6.2 15 120   M    M   2 3      18 110
18  94  76  85   M   0  20 0.00  0.0    0  6.3 20 190   M    M   2        22 190
19  89  68  79   M   0  14 0.69  0.0    0  5.6 41 350   M    M   1 13     56 350
20  93  69  81   M   0  16 0.00  0.0    0  2.0  9 330   M    M   1        15 120
21  92  77  85   M   0  20 0.05  0.0    0  3.6 24 240   M    M   1 38     33 230
22  95  79  87   M   0  22 0.00  0.0    0  5.2 14 170   M    M   1        24 150
23  95  77  86   M   0  21 0.44  0.0    0  7.5 16 180   M    M   1 13     21 170
24  86  69  78   M   0  13 0.00  0.0    0  2.9 10  70   M    M   2 3      14  60
25  91  66  79   M   0  14 0.00  0.0    0  4.3 10 170   M    M   2        15 110
26  93  77  85   M   0  20 0.00  0.0    0  7.5 15 190   M    M   2        20 210
27  93  76  85   M   0  20 0.45  0.0    0  7.1 24 260   M    M   4 3      30 320
28  88  71  80   M   0  15 0.00  0.0    0  5.0 13 280   M    M   1        16 300
29  82  65  74   M   0   9 0.00  0.0    0  4.7 12  50   M    M   0        21  10
30  82  62  72   M   0   7 0.00  0.0    0  4.0 14  70   M    M   0        23 110
================================================================================
SM 2645 2097         0 430  5.67     0.0 160.0          M       63
================================================================================
AV 88.2 69.9                               5.3 FASTST   M    M   2    MAX(MPH)
                                 MISC ---->  # 41 350               # 56  350
================================================================================
NOTES:
# LAST OF SEVERAL OCCURRENCES

COLUMN 17 PEAK WIND IN M.P.H.

PRELIMINARY LOCAL CLIMATOLOGICAL DATA (WS FORM: F-6) , PAGE 2

                                          STATION:  JEFFERSON CITY MO
                                          MONTH:    JUNE
                                          YEAR:     2010
                                          LATITUDE:   38 35 N
                                          LONGITUDE:  92 10 W

[TEMPERATURE DATA]      [PRECIPITATION DATA]       SYMBOLS USED IN COLUMN 16

AVERAGE MONTHLY: 79.1   TOTAL FOR MONTH:   5.67    1 = FOG OR MIST
DPTR FM NORMAL:     M   DPTR FM NORMAL:       M    2 = FOG REDUCING VISIBILITY
HIGHEST:    95 ON 23,22 GRTST 24HR  1.85 ON  8- 9      TO 1/4 MILE OR LESS
LOWEST:     62 ON 30                               3 = THUNDER
                        SNOW, ICE PELLETS, HAIL    4 = ICE PELLETS
                        TOTAL MONTH:   0.0 INCH    5 = HAIL
                        GRTST 24HR     0.0         6 = FREEZING RAIN OR DRIZZLE
                        GRTST DEPTH:   0           7 = DUSTSTORM OR SANDSTORM:
                                                       VSBY 1/2 MILE OR LESS
                                                   8 = SMOKE OR HAZE
[NO. OF DAYS WITH]      [WEATHER - DAYS WITH]      9 = BLOWING SNOW
                                                   X = TORNADO
MAX 32 OR BELOW:   0    0.01 INCH OR MORE:  13
MAX 90 OR ABOVE:  14    0.10 INCH OR MORE:   8
MIN 32 OR BELOW:   0    0.50 INCH OR MORE:   4
MIN  0 OR BELOW:   0    1.00 INCH OR MORE:   2

[HDD (BASE 65) ]
TOTAL THIS MO.     0    CLEAR  (SCALE 0-3)  25
DPTR FM NORMAL     M    PTCLDY (SCALE 4-7)   5
TOTAL FM JUL 1  4745    CLOUDY (SCALE 8-10)  0
DPTR FM NORMAL     M

[CDD (BASE 65) ]
TOTAL THIS MO.   430
DPTR FM NORMAL     M    [PRESSURE DATA]
TOTAL FM JAN 1   614    HIGHEST SLP M ON M
DPTR FM NORMAL     M    LOWEST  SLP 29.57 ON 27

[REMARKS]
#FINAL-06-10#
